074
CXUS54 KEWX 170910
CF6ECU
PRELIMINARY LOCAL CLIMATOLOGICAL DATA (WS FORM: F-6)

                                          STATION:   Edwards County Airport
                                          MONTH:     APRIL
                                          YEAR:      2014
                                          LATITUDE:   29 57 N
                                          LONGITUDE: 100 10 W

  TEMPERATURE IN F:       :PCPN:    SNOW:  WIND      :SUNSHINE: SKY     :PK WND
================================================================================
1   2   3   4   5  6A  6B    7    8   9   10  11  12  13   14  15   16   17  18
                                     12Z  AVG MX 2MIN
DY MAX MIN AVG DEP HDD CDD  WTR  SNW DPTH SPD SPD DIR MIN PSBL S-S WX    SPD DR
================================================================================

 1  81  63  72   M   0   7    M    M    M 12.3 18 150   M    M   4 12     23 150
 2  82  66  74   M   0   9    M    M    M 12.2 18 150   M    M   5 1      27 140
 3  88  66  77   M   0  12    M    M    M  8.7 15 300   M    M   3 138    21 300
 4  70  48  59   M   6   0    M    M    M  9.8 15  10   M    M   1        25  10
 5  64  54  59   M   6   0    M    M    M  9.4 14 120   M    M   7        20 120
 6  72  48  60   M   5   0    M    M    M  6.1 12  20   M    M   6 18     22  20
 7  73  45  59   M   6   0    M    M    M  8.4 27 320   M    M   1 1      38 320
 8  75  46  61   M   4   0    M    M    M  7.6 17 310   M    M   0        24 310
 9  84  52  68   M   0   3    M    M    M 10.0 17 150   M    M   0        22 160
10  88  59  74   M   0   9    M    M    M 13.8 18 150   M    M   0        23 160
11  88  57  73   M   0   8    M    M    M 11.0 16 140   M    M   1        21 140
12  82  61  72   M   0   7    M    M    M 14.4 18 140   M    M   4 1      25 140
13  75  64  70   M   0   5    M    M    M  9.9 18 150   M    M   6 1      25 150
14  68  45  57   M   8   0    M    M    M 13.9 22 340   M    M   3 1      36 340
15  66  32  49   M  16   0    M    M    M  5.2  9 150   M    M   0         M  M
16  70  43  57   M   8   0    M    M    M 15.5 22 140   M    M   0        30 140
================================================================================
SM 1226  849        59  60    M     M    168.2          M       41
================================================================================
AV 76.6 53.1                              10.5 FASTST   M    M   3    MAX(MPH)
                                 MISC ---->  # 27 320               # 38  320
================================================================================
NOTES:
# LAST OF SEVERAL OCCURRENCES

COLUMN 17 PEAK WIND IN M.P.H.

PRELIMINARY LOCAL CLIMATOLOGICAL DATA (WS FORM: F-6) , PAGE 2

                                          STATION:  Edwards County Airport
                                          MONTH:    APRIL
                                          YEAR:     2014
                                          LATITUDE:   29 57 N
                                          LONGITUDE: 100 10 W

[TEMPERATURE DATA]      [PRECIPITATION DATA]       SYMBOLS USED IN COLUMN 16

AVERAGE MONTHLY: 64.8   TOTAL FOR MONTH:      M    1 = FOG OR MIST
DPTR FM NORMAL:     M   DPTR FM NORMAL:       M    2 = FOG REDUCING VISIBILITY
HIGHEST:    88 ON 11,10 GRTST 24HR    M  ON   M        TO 1/4 MILE OR LESS
LOWEST:     32 ON 15                               3 = THUNDER
                        SNOW, ICE PELLETS, HAIL    4 = ICE PELLETS
                        TOTAL MONTH:    M          5 = HAIL
                        GRTST 24HR    M  ON   M    6 = FREEZING RAIN OR DRIZZLE
                        GRTST DEPTH:  M  ON   M    7 = DUSTSTORM OR SANDSTORM:
                                                       VSBY 1/2 MILE OR LESS
                                                   8 = SMOKE OR HAZE
[NO. OF DAYS WITH]      [WEATHER - DAYS WITH]      9 = BLOWING SNOW
                                                   X = TORNADO
MAX 32 OR BELOW:   0    0.01 INCH OR MORE:   0
MAX 90 OR ABOVE:   0    0.10 INCH OR MORE:   0
MIN 32 OR BELOW:   1    0.50 INCH OR MORE:   0
MIN  0 OR BELOW:   0    1.00 INCH OR MORE:   0

[HDD (BASE 65) ]
TOTAL THIS MO.    59    CLEAR  (SCALE 0-3)  10
DPTR FM NORMAL     M    PTCLDY (SCALE 4-7)   6
TOTAL FM JUL 1  2120    CLOUDY (SCALE 8-10)  0
DPTR FM NORMAL     M

[CDD (BASE 65) ]
TOTAL THIS MO.    60
DPTR FM NORMAL     M    [PRESSURE DATA]
TOTAL FM JAN 1   108    HIGHEST SLP M ON M
DPTR FM NORMAL     M    LOWEST  SLP M ON M

[REMARKS]




U.S. Dept. of Commerce
NOAA National Weather Service
1325 East West Highway
Silver Spring, MD 20910
E-mail: w-nws.webmaster@noaa.gov
Page last modified: May 16, 2007
NATIONAL WEATHER SERVICE: for Safety, for Work, for Fun - FOR LIFE