884
CXUS52 KTAE 240800
CF6ECP
PRELIMINARY LOCAL CLIMATOLOGICAL DATA (WS FORM: F-6)

                                          STATION:   PANAMA CITY NW
                                          MONTH:     JULY
                                          YEAR:      2014
                                          LATITUDE:   30 21 N
                                          LONGITUDE:  85 48 W

  TEMPERATURE IN F:       :PCPN:    SNOW:  WIND      :SUNSHINE: SKY     :PK WND
================================================================================
1   2   3   4   5  6A  6B    7    8   9   10  11  12  13   14  15   16   17  18
                                     12Z  AVG MX 2MIN
DY MAX MIN AVG DEP HDD CDD  WTR  SNW DPTH SPD SPD DIR MIN PSBL S-S WX    SPD DR
================================================================================

 1  97  77  87   M   0  22    T  0.0    0  6.3 17 330   M    M   1        25  10
 2  95  77  86   M   0  21    T  0.0    0  5.9 14 170   M    M   2 8      29 100
 3  95  73  84   M   0  19 0.00  0.0    0  5.5 15 200   M    M   1         M 320
 4  92  69  81   M   0  16 0.00  0.0    0  5.5 15 290   M    M   0         M  M
 5  91  65  78   M   0  13 0.00  0.0    0  4.0 21 290   M    M   1        30 150
 6  89  67  78   M   0  13 0.00  0.0    0  5.2 14 150   M    M   0         M  M
 7  92  68  80   M   0  15 0.00  0.0    0  5.0 18 200   M    M   1        30 170
 8  92  72  82   M   0  17 0.00  0.0    0  5.7 25 320   M    M   2        26 320
 9  93  72  83   M   0  18 0.15  0.0    0  4.6 20 260   M    M   3 38     24 260
10  89  73  81   M   0  16 0.90  0.0    0  3.0 35 180   M    M   4 13      M 100
11  92  71  82   M   0  17 0.00  0.0    0  2.9 28 100   M    M   2        31 100
12  88  74  81   M   0  16 0.77  0.0    0  4.7 33 210   M    M   4 13      M  M
13  88  73  81   M   0  16 0.01  0.0    0  3.0 29 180   M    M   2 1      35 210
14  90  74  82   M   0  17 0.14  0.0    0  4.3 21 230   M    M   2        30 240
15  84  74  79   M   0  14 1.76  0.0    0  4.4 30 250   M    M   4 13      M  M
16  87  73  80   M   0  15 0.69  0.0    0  2.2 22 300   M    M   3 1      28 300
17  90  68  79   M   0  14 0.00  0.0    0  4.4  M   M   M    M   1         0   0
18  86  69  78   M   0  13 0.04  0.0    0  3.9 16 120   M    M   3 1       M 330
19  81  74  78   M   0  13 0.05  0.0    0  3.5 33 270   M    M   7 1       M 150
20  84  74  79   M   0  14    M  0.0    0  6.2 28 210   M    M   5 18     35 210
21  82  75  79   M   0  14 0.03  0.0    0  7.1 24 310   M    M   7 138     M 320
22  87  72  80   M   0  15 0.01  0.0    0  5.8 15 180   M    M   2        32 100
23  88  74  81   M   0  16 0.02  0.0    0  5.7  M   M   M    M   1         M  M
================================================================================
SM 2052 1658         0 364  4.57     0.0 108.8          M       58
================================================================================
AV 89.2 72.1                               4.7 FASTST   M    M   3    MAX(MPH)
                                 MISC ---->  # 35 180               # 35  210
================================================================================
NOTES:
# LAST OF SEVERAL OCCURRENCES

COLUMN 17 PEAK WIND IN M.P.H.

PRELIMINARY LOCAL CLIMATOLOGICAL DATA (WS FORM: F-6) , PAGE 2

                                          STATION:  PANAMA CITY NW
                                          MONTH:    JULY
                                          YEAR:     2014
                                          LATITUDE:   30 21 N
                                          LONGITUDE:  85 48 W

[TEMPERATURE DATA]      [PRECIPITATION DATA]       SYMBOLS USED IN COLUMN 16

AVERAGE MONTHLY: 80.7   TOTAL FOR MONTH:   4.57    1 = FOG OR MIST
DPTR FM NORMAL:     M   DPTR FM NORMAL:       M    2 = FOG REDUCING VISIBILITY
HIGHEST:    97 ON  1    GRTST 24HR  1.76 ON 15-15      TO 1/4 MILE OR LESS
LOWEST:     65 ON  5                               3 = THUNDER
                        SNOW, ICE PELLETS, HAIL    4 = ICE PELLETS
                        TOTAL MONTH:   0.0 INCH    5 = HAIL
                        GRTST 24HR     0.0         6 = FREEZING RAIN OR DRIZZLE
                        GRTST DEPTH:   0           7 = DUSTSTORM OR SANDSTORM:
                                                       VSBY 1/2 MILE OR LESS
                                                   8 = SMOKE OR HAZE
[NO. OF DAYS WITH]      [WEATHER - DAYS WITH]      9 = BLOWING SNOW
                                                   X = TORNADO
MAX 32 OR BELOW:   0    0.01 INCH OR MORE:  12
MAX 90 OR ABOVE:  11    0.10 INCH OR MORE:   6
MIN 32 OR BELOW:   0    0.50 INCH OR MORE:   4
MIN  0 OR BELOW:   0    1.00 INCH OR MORE:   1

[HDD (BASE 65) ]
TOTAL THIS MO.     0    CLEAR  (SCALE 0-3)  16
DPTR FM NORMAL     M    PTCLDY (SCALE 4-7)   7
TOTAL FM JUL 1     0    CLOUDY (SCALE 8-10)  0
DPTR FM NORMAL     M

[CDD (BASE 65) ]
TOTAL THIS MO.   364
DPTR FM NORMAL     M    [PRESSURE DATA]
TOTAL FM JAN 1  1242    HIGHEST SLP M ON M
DPTR FM NORMAL     M    LOWEST  SLP 29.89 ON M

[REMARKS]




U.S. Dept. of Commerce
NOAA National Weather Service
1325 East West Highway
Silver Spring, MD 20910
E-mail: w-nws.webmaster@noaa.gov
Page last modified: May 16, 2007
NATIONAL WEATHER SERVICE: for Safety, for Work, for Fun - FOR LIFE