584
CXUS52 KTAE 210800
CF6ECP
PRELIMINARY LOCAL CLIMATOLOGICAL DATA (WS FORM: F-6)

                                          STATION:   PANAMA CITY NW
                                          MONTH:     AUGUST
                                          YEAR:      2014
                                          LATITUDE:   30 21 N
                                          LONGITUDE:  85 48 W

  TEMPERATURE IN F:       :PCPN:    SNOW:  WIND      :SUNSHINE: SKY     :PK WND
================================================================================
1   2   3   4   5  6A  6B    7    8   9   10  11  12  13   14  15   16   17  18
                                     12Z  AVG MX 2MIN
DY MAX MIN AVG DEP HDD CDD  WTR  SNW DPTH SPD SPD DIR MIN PSBL S-S WX    SPD DR
================================================================================

 1  90  68  79   M   0  14 0.00  0.0    0  2.8 14 160   M    M   0        18 270
 2  94  73  84   M   0  19 0.00  0.0    0  5.3 10  10   M    M   1 18     17 350
 3  89  75  82   M   0  17    T  0.0    0  6.0 17 310   M    M   3        21 310
 4  92  73  83   M   0  18    T  0.0    0  3.9 15 260   M    M   1        20  10
 5  95  72  84   M   0  19    T  0.0    0  3.2 13 200   M    M   1 13     16 320
 6  94  73  84   M   0  19 0.00  0.0    0  4.3 12 160   M    M   1         M  M
 7  93  74  84   M   0  19 0.00  0.0    0  3.3 22 310   M    M   2 138    29 330
 8  93  75  84   M   0  19 0.00  0.0    0  4.2 17 200   M    M   2        24 150
 9  91  75  83   M   0  18    T  0.0    0  4.0 24 170   M    M   3 1      31 100
10  89  75  82   M   0  17    M  0.0    0  2.4 24 120   M    M   3 13     29 120
11  90  76  83   M   0  18    M  0.0    0  3.5 16 340   M    M   3 1      21 350
12  90  75  83   M   0  18 0.00  0.0    0  5.2 16 200   M    M   1        20 210
13  91  75  83   M   0  18 0.00  0.0    0  3.6 14 180   M    M   2        17 160
14  92  75  84   M   0  19    T  0.0    0  4.1 16 210   M    M   2        21 210
15  93  73  83   M   0  18    T  0.0    0  3.7 14 160   M    M   2 1      16 210
16  92  72  82   M   0  17 0.00  0.0    0  4.6 16 210   M    M   1 1      21 190
17  90  75  83   M   0  18 0.54  0.0    0  3.9 23 220   M    M   3 138    35 220
18  89  75  82   M   0  17 0.26  0.0    0  3.6 13 210   M    M   2        21 230
19  92  77  85   M   0  20 0.01  0.0    0  7.3 18 210   M    M   2        25 220
20  93  73  83   M   0  18 0.02  0.0    0  2.9 14 350   M    M   1        20 350
================================================================================
SM 1832 1479         0 360  0.83     0.0  81.8          M       36
================================================================================
AV 91.6 73.9                               4.1 FASTST   M    M   2    MAX(MPH)
                                 MISC ---->  # 24 170               # 35  220
================================================================================
NOTES:
# LAST OF SEVERAL OCCURRENCES

COLUMN 17 PEAK WIND IN M.P.H.

PRELIMINARY LOCAL CLIMATOLOGICAL DATA (WS FORM: F-6) , PAGE 2

                                          STATION:  PANAMA CITY NW
                                          MONTH:    AUGUST
                                          YEAR:     2014
                                          LATITUDE:   30 21 N
                                          LONGITUDE:  85 48 W

[TEMPERATURE DATA]      [PRECIPITATION DATA]       SYMBOLS USED IN COLUMN 16

AVERAGE MONTHLY: 82.8   TOTAL FOR MONTH:   0.83    1 = FOG OR MIST
DPTR FM NORMAL:     M   DPTR FM NORMAL:       M    2 = FOG REDUCING VISIBILITY
HIGHEST:    95 ON  5    GRTST 24HR  0.72 ON 17-18      TO 1/4 MILE OR LESS
LOWEST:     68 ON  1                               3 = THUNDER
                        SNOW, ICE PELLETS, HAIL    4 = ICE PELLETS
                        TOTAL MONTH:   0.0 INCH    5 = HAIL
                        GRTST 24HR     0.0         6 = FREEZING RAIN OR DRIZZLE
                        GRTST DEPTH:   0           7 = DUSTSTORM OR SANDSTORM:
                                                       VSBY 1/2 MILE OR LESS
                                                   8 = SMOKE OR HAZE
[NO. OF DAYS WITH]      [WEATHER - DAYS WITH]      9 = BLOWING SNOW
                                                   X = TORNADO
MAX 32 OR BELOW:   0    0.01 INCH OR MORE:   4
MAX 90 OR ABOVE:  17    0.10 INCH OR MORE:   2
MIN 32 OR BELOW:   0    0.50 INCH OR MORE:   1
MIN  0 OR BELOW:   0    1.00 INCH OR MORE:   0

[HDD (BASE 65) ]
TOTAL THIS MO.     0    CLEAR  (SCALE 0-3)  18
DPTR FM NORMAL     M    PTCLDY (SCALE 4-7)   2
TOTAL FM JUL 1     0    CLOUDY (SCALE 8-10)  0
DPTR FM NORMAL     M

[CDD (BASE 65) ]
TOTAL THIS MO.   360
DPTR FM NORMAL     M    [PRESSURE DATA]
TOTAL FM JAN 1  1734    HIGHEST SLP M ON M
DPTR FM NORMAL     M    LOWEST  SLP 29.90 ON 12

[REMARKS]




U.S. Dept. of Commerce
NOAA National Weather Service
1325 East West Highway
Silver Spring, MD 20910
E-mail: w-nws.webmaster@noaa.gov
Page last modified: May 16, 2007
NATIONAL WEATHER SERVICE: for Safety, for Work, for Fun - FOR LIFE