991
CXUS52 KTAE 260800
CF6ECP
PRELIMINARY LOCAL CLIMATOLOGICAL DATA (WS FORM: F-6)

                                          STATION:   PANAMA CITY NW
                                          MONTH:     NOVEMBER
                                          YEAR:      2014
                                          LATITUDE:   30 21 N
                                          LONGITUDE:  85 48 W

  TEMPERATURE IN F:       :PCPN:    SNOW:  WIND      :SUNSHINE: SKY     :PK WND
================================================================================
1   2   3   4   5  6A  6B    7    8   9   10  11  12  13   14  15   16   17  18
                                     12Z  AVG MX 2MIN
DY MAX MIN AVG DEP HDD CDD  WTR  SNW DPTH SPD SPD DIR MIN PSBL S-S WX    SPD DR
================================================================================

 1  61  40  51   M  14   0 0.00  0.0    0 12.8 25 310   M    M   0        31 320
 2  68  35  52   M  13   0 0.00  0.0    0  5.6 20 320   M    M   0         M 320
 3  72  34  53   M  12   0 0.00  0.0    0  2.8 13  80   M    M   0 8      21 270
 4  75  39  57   M   8   0 0.00  0.0    0  4.6  M   M   M    M   0         M  M
 5  81  54  68   M   0   3 0.00  0.0    0  3.4 13 160   M    M   1        20  10
 6  79  58  69   M   0   4 0.00  0.0    0  5.7 16 250   M    M   3 18     39 290
 7  68  45  57   M   8   0 0.00  0.0    0  6.0 15  10   M    M   0        30 330
 8  63  43  53   M  12   0 0.00  0.0    0  3.2  7 340   M    M   0         M  M
 9  69  42  56   M   9   0 0.00  0.0    0  2.8 14  20   M    M   0        28 300
10  75  41  58   M   7   0 0.00  0.0    0  2.8 12 160   M    M   0        18 210
11  76  42  59   M   6   0 0.00  0.0    0  2.3 14 290   M    M   0 1      29 220
12  79  51  65   M   0   0 0.00  0.0    0  4.6 14 330   M    M   2 1      17 330
13  60  40  50   M  15   0 0.00    M    0 10.8 18 330   M    M   5 8      24 330
14  56  35  46   M  19   0 0.00  0.0    0  8.9 16 330   M    M   1        24 320
15  87  34  61   M   4   0 0.00  0.0    0  3.8 24 320   M    M   0        28 320
16  91  43  67   M   0   2 0.00  0.0    0  6.4 16 130   M    M   1 18     21 140
17  89  39  64   M   1   0 0.13    M    0 12.2 33 200   M    M   6 138    46 220
18  51  27  39   M  26   0 0.00  0.0    0 10.6 23 330   M    M   0        31 340
19  52  24  38   M  27   0 0.03    M    0  2.4 12 360   M    M   0        17  10
20   M  29   M   M   M   M 0.00    M    0  2.1 10 210   M    M   0        26 320
21   M  37   M   M   M   M 0.00    M    0  5.8 18  30   M    M   0        25  20
22  66  47  57   M   8   0    M  0.0    0  8.8 16  50   M    M   7 1       M 330
23  74  63  69   M   0   4    M  0.0    0 10.8 30 210   M    M  10 13     41 210
24  76  61  69   M   0   4    M  0.0    0  6.5 22 310   M    M   8 13     28 320
25  63  48  56   M   9   0    M    M    0  7.8 14 350   M    M   8 13     24  20
================================================================================
SM 1631 1051       198  17  0.16     0.0 153.5          M       52
================================================================================
AV 70.9 42.0                               6.1 FASTST   M    M   2    MAX(MPH)
                                 MISC ---->  # 33 200               # 46  220
================================================================================
NOTES:
# LAST OF SEVERAL OCCURRENCES

COLUMN 17 PEAK WIND IN M.P.H.

PRELIMINARY LOCAL CLIMATOLOGICAL DATA (WS FORM: F-6) , PAGE 2

                                          STATION:  PANAMA CITY NW
                                          MONTH:    NOVEMBER
                                          YEAR:     2014
                                          LATITUDE:   30 21 N
                                          LONGITUDE:  85 48 W

[TEMPERATURE DATA]      [PRECIPITATION DATA]       SYMBOLS USED IN COLUMN 16

AVERAGE MONTHLY: 56.5   TOTAL FOR MONTH:   0.16    1 = FOG OR MIST
DPTR FM NORMAL:     M   DPTR FM NORMAL:       M    2 = FOG REDUCING VISIBILITY
HIGHEST:    91 ON 16    GRTST 24HR  0.13 ON 17-17      TO 1/4 MILE OR LESS
LOWEST:     24 ON 19                               3 = THUNDER
                        SNOW, ICE PELLETS, HAIL    4 = ICE PELLETS
                        TOTAL MONTH:   0.0 INCH    5 = HAIL
                        GRTST 24HR     0.0         6 = FREEZING RAIN OR DRIZZLE
                        GRTST DEPTH:   0           7 = DUSTSTORM OR SANDSTORM:
                                                       VSBY 1/2 MILE OR LESS
                                                   8 = SMOKE OR HAZE
[NO. OF DAYS WITH]      [WEATHER - DAYS WITH]      9 = BLOWING SNOW
                                                   X = TORNADO
MAX 32 OR BELOW:   0    0.01 INCH OR MORE:   2
MAX 90 OR ABOVE:   1    0.10 INCH OR MORE:   1
MIN 32 OR BELOW:   3    0.50 INCH OR MORE:   0
MIN  0 OR BELOW:   0    1.00 INCH OR MORE:   0

[HDD (BASE 65) ]
TOTAL THIS MO.   198    CLEAR  (SCALE 0-3)  19
DPTR FM NORMAL     M    PTCLDY (SCALE 4-7)   5
TOTAL FM JUL 1   217    CLOUDY (SCALE 8-10)  1
DPTR FM NORMAL     M

[CDD (BASE 65) ]
TOTAL THIS MO.    17
DPTR FM NORMAL     M    [PRESSURE DATA]
TOTAL FM JAN 1  2578    HIGHEST SLP M ON M
DPTR FM NORMAL     M    LOWEST  SLP 29.69 ON 23

[REMARKS]




U.S. Dept. of Commerce
NOAA National Weather Service
1325 East West Highway
Silver Spring, MD 20910
E-mail: w-nws.webmaster@noaa.gov
Page last modified: May 16, 2007
NATIONAL WEATHER SERVICE: for Safety, for Work, for Fun - FOR LIFE