123
CXUS51 KAKQ 181010
CF6ECG
PRELIMINARY LOCAL CLIMATOLOGICAL DATA (WS FORM: F-6)

                                          STATION:   ELIZABETH CITY NC
                                          MONTH:     APRIL
                                          YEAR:      2014
                                          LATITUDE:   36 16 N
                                          LONGITUDE:  76 11 W

  TEMPERATURE IN F:       :PCPN:    SNOW:  WIND      :SUNSHINE: SKY     :PK WND
================================================================================
1   2   3   4   5  6A  6B    7    8   9   10  11  12  13   14  15   16   17  18
                                     12Z  AVG MX 2MIN
DY MAX MIN AVG DEP HDD CDD  WTR  SNW DPTH SPD SPD DIR MIN PSBL S-S WX    SPD DR
================================================================================

 1  67  36  52  -3  13   0 0.00  0.0    0  4.7 18 160   M    M   0 1      31 340
 2  86  47  67  12   0   2 0.00  0.0    0  7.4 21  50   M    M   0        30  90
 3  70  49  60   5   5   0 0.00  0.0    0  5.4 13 180   M    M   5 12     21  40
 4  86  52  69  13   0   4 0.00  0.0    0 11.9 22 220   M    M   0        29 230
 5  73  50  62   6   3   0 0.00  0.0    0 10.3 17  20   M    M   1        24 320
 6  54  46  50  -6  15   0 0.00  0.0    0 12.1 21  50   M    M   1        32  40
 7  73  50  62   6   3   0 0.48  0.0    0 12.2 23 190   M    M   6 1      36 180
 8  70  58  64   7   1   0 0.11  0.0    0 11.3 22 190   M    M   6 1      33 180
 9  69  51  60   3   5   0 0.00  0.0    0  8.6 18 320   M    M   4        22 340
10  73  42  58   1   7   0 0.00  0.0    0  7.2 17 210   M    M   0        22 210
11  79  55  67   9   0   2 0.00  0.0    0 14.4 24 210   M    M   0        32 210
12  77  58  68  10   0   3 0.00  0.0    0  8.6 16 200   M    M   0        25 200
13  81  57  69  11   0   4 0.00  0.0    0  9.3 17 170   M    M   0        25 170
14  80  63  72  14   0   7    T  0.0    0 11.2 20 200   M    M   2 1      26 190
15  77  42  60   1   5   0 1.62  0.0    0 16.2 39 360   M    M   9 1      47 350
16  50  37  44 -15  21   0 0.03  0.0    0 17.5 35 340   M    M   2 1      44 340
17  55  42  49 -10  16   0 0.00  0.0    0 17.2 24  40   M    M   3        30  40
================================================================================
SM 1220  835        94  22  2.24     0.0 185.5          M       39
================================================================================
AV 71.8 49.1                              10.9 FASTST   M    M   2    MAX(MPH)
                                 MISC ---->  # 39 360               # 47  350
================================================================================
NOTES:
# LAST OF SEVERAL OCCURRENCES

COLUMN 17 PEAK WIND IN M.P.H.

PRELIMINARY LOCAL CLIMATOLOGICAL DATA (WS FORM: F-6) , PAGE 2

                                          STATION:  ELIZABETH CITY NC
                                          MONTH:    APRIL
                                          YEAR:     2014
                                          LATITUDE:   36 16 N
                                          LONGITUDE:  76 11 W

[TEMPERATURE DATA]      [PRECIPITATION DATA]       SYMBOLS USED IN COLUMN 16

AVERAGE MONTHLY: 60.4   TOTAL FOR MONTH:   2.24    1 = FOG OR MIST
DPTR FM NORMAL:   3.4   DPTR FM NORMAL:    0.38    2 = FOG REDUCING VISIBILITY
HIGHEST:    86 ON  4, 2 GRTST 24HR  1.62 ON 15-15      TO 1/4 MILE OR LESS
LOWEST:     36 ON  1                               3 = THUNDER
                        SNOW, ICE PELLETS, HAIL    4 = ICE PELLETS
                        TOTAL MONTH:   0.0 INCH    5 = HAIL
                        GRTST 24HR     0.0         6 = FREEZING RAIN OR DRIZZLE
                        GRTST DEPTH:   0           7 = DUSTSTORM OR SANDSTORM:
                                                       VSBY 1/2 MILE OR LESS
                                                   8 = SMOKE OR HAZE
[NO. OF DAYS WITH]      [WEATHER - DAYS WITH]      9 = BLOWING SNOW
                                                   X = TORNADO
MAX 32 OR BELOW:   0    0.01 INCH OR MORE:   4
MAX 90 OR ABOVE:   0    0.10 INCH OR MORE:   3
MIN 32 OR BELOW:   0    0.50 INCH OR MORE:   1
MIN  0 OR BELOW:   0    1.00 INCH OR MORE:   1

[HDD (BASE 65) ]
TOTAL THIS MO.    94    CLEAR  (SCALE 0-3)  12
DPTR FM NORMAL   -56    PTCLDY (SCALE 4-7)   4
TOTAL FM JUL 1  3215    CLOUDY (SCALE 8-10)  1
DPTR FM NORMAL   128

[CDD (BASE 65) ]
TOTAL THIS MO.    22
DPTR FM NORMAL     5    [PRESSURE DATA]
TOTAL FM JAN 1    22    HIGHEST SLP M ON M
DPTR FM NORMAL    -2    LOWEST  SLP 29.54 ON  8

[REMARKS]




U.S. Dept. of Commerce
NOAA National Weather Service
1325 East West Highway
Silver Spring, MD 20910
E-mail: w-nws.webmaster@noaa.gov
Page last modified: May 16, 2007
NATIONAL WEATHER SERVICE: for Safety, for Work, for Fun - FOR LIFE