736
CXUS51 KAKQ 281010
CF6ECG
PRELIMINARY LOCAL CLIMATOLOGICAL DATA (WS FORM: F-6)

                                          STATION:   ELIZABETH CITY NC
                                          MONTH:     JANUARY
                                          YEAR:      2015
                                          LATITUDE:   36 16 N
                                          LONGITUDE:  76 11 W

  TEMPERATURE IN F:       :PCPN:    SNOW:  WIND      :SUNSHINE: SKY     :PK WND
================================================================================
1   2   3   4   5  6A  6B    7    8   9   10  11  12  13   14  15   16   17  18
                                     12Z  AVG MX 2MIN
DY MAX MIN AVG DEP HDD CDD  WTR  SNW DPTH SPD SPD DIR MIN PSBL S-S WX    SPD DR
================================================================================

 1  53  31  42   1  23   0 0.00  0.0    0  8.9 18 210   M    M   0        23 220
 2  59  47  53  12  12   0 0.00  0.0    0  6.2 14 220   M    M   4        18 220
 3  60  46  53  12  12   0 0.05  0.0    0  4.9 10  50   M    M   9 128    14  70
 4  74  60  67  26   0   2 0.64  0.0    0 14.1 24 210   M    M   7 128    32 180
 5  70  41  56  15   9   0 0.00  0.0    0 12.4 26 290   M    M   0        33 290
 6  59  32  46   5  19   0 0.00  0.0    0  7.1 17 210   M    M   0        22 350
 7  43  23  33  -8  32   0 0.00  0.0    0 14.5 32 320   M    M   3        38 330
 8  30  18  24 -17  41   0 0.00  0.0    0 11.5 25 330   M    M   0        33 330
 9  53  27  40  -1  25   0 0.00  0.0    0  9.3 18 230   M    M   3        24 230
10  43  25  34  -7  31   0 0.00  0.0    0  5.5 16  10   M    M   0        20  10
11  54  21  38  -3  27   0 0.00  0.0    0  1.6  9  80   M    M   1        10 100
12   M   M   M   M   M   M 1.22  0.0    0  6.5 24 200   M    M  10 18     33 200
13   M   M   M   M   M   M 0.04  0.0    0 18.0 25  10   M    M   9 18     33  10
14  39  34  37  -4  28   0 0.43    M    0 15.3 22 340   M    M  10 1      28  10
15  43  32  38  -3  27   0 0.00  0.0    0  7.1 14 330   M    M   9 1      17 320
16  53  35  44   3  21   0 0.00  0.0    0  7.4 16 300   M    M   3 1      20 310
17  46  33  40  -1  25   0 0.00  0.0    0  7.2 13  70   M    M   1        16  50
18  59  42  51  10  14   0 0.53    M    0 10.2 22 260   M    M   6 1      37 260
19  55  36  46   5  19   0 0.00  0.0    0  8.6 22 280   M    M   0        26 270
20  63  38  51  10  14   0 0.00  0.0    0  5.8 13 200   M    M   0        16  90
21  58  37  48   6  17   0 0.00  0.0    0  9.3 20 340   M    M   4        24 360
22  55  33  44   2  21   0 0.00  0.0    0  3.8 17  50   M    M   5 12     20  40
23  55  31  43   1  22   0 0.14  0.0    0  7.1 17 130   M    M   8 1      21 130
24  62  39  51   9  14   0 0.89  0.0    0 12.2 24 280   M    M   8 1      32 270
25  50  34  42   0  23   0 0.00  0.0    0  7.4 15 270   M    M   0        20 260
26  52  35  44   2  21   0 0.00  0.0    0  8.7 22 320   M    M   5        26 330
27  38  31  35  -7  30   0    T    T    0 12.4 22 340   M    M  10 1      26 340
================================================================================
SM 1326  861       527   2  3.94    T    243.0          M      115
================================================================================
AV 53.0 34.4                               9.0 FASTST   M    M   4    MAX(MPH)
                                 MISC ---->  # 32 320               # 38  330
================================================================================
NOTES:
# LAST OF SEVERAL OCCURRENCES

COLUMN 17 PEAK WIND IN M.P.H.

PRELIMINARY LOCAL CLIMATOLOGICAL DATA (WS FORM: F-6) , PAGE 2

                                          STATION:  ELIZABETH CITY NC
                                          MONTH:    JANUARY
                                          YEAR:     2015
                                          LATITUDE:   36 16 N
                                          LONGITUDE:  76 11 W

[TEMPERATURE DATA]      [PRECIPITATION DATA]       SYMBOLS USED IN COLUMN 16

AVERAGE MONTHLY: 43.7   TOTAL FOR MONTH:   3.94    1 = FOG OR MIST
DPTR FM NORMAL:   2.5   DPTR FM NORMAL:    1.16    2 = FOG REDUCING VISIBILITY
HIGHEST:    74 ON  4    GRTST 24HR  1.24 ON 12-13      TO 1/4 MILE OR LESS
LOWEST:     18 ON  8                               3 = THUNDER
                        SNOW, ICE PELLETS, HAIL    4 = ICE PELLETS
                        TOTAL MONTH:    T          5 = HAIL
                        GRTST 24HR    T  ON 27-27  6 = FREEZING RAIN OR DRIZZLE
                        GRTST DEPTH:   0           7 = DUSTSTORM OR SANDSTORM:
                                                       VSBY 1/2 MILE OR LESS
                                                   8 = SMOKE OR HAZE
[NO. OF DAYS WITH]      [WEATHER - DAYS WITH]      9 = BLOWING SNOW
                                                   X = TORNADO
MAX 32 OR BELOW:   1    0.01 INCH OR MORE:   8
MAX 90 OR ABOVE:   0    0.10 INCH OR MORE:   6
MIN 32 OR BELOW:  10    0.50 INCH OR MORE:   4
MIN  0 OR BELOW:   0    1.00 INCH OR MORE:   1

[HDD (BASE 65) ]
TOTAL THIS MO.   527    CLEAR  (SCALE 0-3)  13
DPTR FM NORMAL  -115    PTCLDY (SCALE 4-7)   8
TOTAL FM JUL 1  1509    CLOUDY (SCALE 8-10)  6
DPTR FM NORMAL  -288

[CDD (BASE 65) ]
TOTAL THIS MO.     2
DPTR FM NORMAL     2    [PRESSURE DATA]
TOTAL FM JAN 1     2    HIGHEST SLP M ON M
DPTR FM NORMAL     2    LOWEST  SLP 29.39 ON 24

[REMARKS]




U.S. Dept. of Commerce
NOAA National Weather Service
1325 East West Highway
Silver Spring, MD 20910
E-mail: w-nws.webmaster@noaa.gov
Page last modified: May 16, 2007
NATIONAL WEATHER SERVICE: for Safety, for Work, for Fun - FOR LIFE