815
CXUS53 KMPX 301000
CF6EAU
PRELIMINARY LOCAL CLIMATOLOGICAL DATA (WS FORM: F-6)

                                          STATION:   EAU CLAIRE WI
                                          MONTH:     JULY
                                          YEAR:      2014
                                          LATITUDE:   44 52 N
                                          LONGITUDE:  91 29 W

  TEMPERATURE IN F:       :PCPN:    SNOW:  WIND      :SUNSHINE: SKY     :PK WND
================================================================================
1   2   3   4   5  6A  6B    7    8   9   10  11  12  13   14  15   16   17  18
                                     12Z  AVG MX 2MIN
DY MAX MIN AVG DEP HDD CDD  WTR  SNW DPTH SPD SPD DIR MIN PSBL S-S WX    SPD DR
================================================================================

 1  76  59  68  -3   0   3 0.06  0.0    0 12.5 24 250   M    M   7 1      34 240
 2  73  51  62  -9   3   0 0.00  0.0    0  7.4 16 320   M    M   5        22  10
 3  77  47  62  -9   3   0 0.00  0.0    0  3.9 14 310   M    M   4 1      20 360
 4  80  50  65  -6   0   0 0.00  0.0    0  6.3 17 170   M    M   2 1      22 180
 5  83  64  74   3   0   9 0.00  0.0    0 11.7 21 200   M    M   3        28 190
 6  86  67  77   5   0  12 0.14  0.0    0  8.6 20 190   M    M   7 13     23 190
 7  85  61  73   1   0   8 0.80  0.0    0  7.7 23 250   M    M   4 13     31 250
 8  76  62  69  -3   0   4    T  0.0    0  9.9 22 320   M    M   6        30 300
 9  77  56  67  -5   0   2 0.00  0.0    0  4.7 13 300   M    M   3        16 310
10  83  53  68  -4   0   3 0.00  0.0    0  7.0 18 190   M    M   1        21 190
11  79  66  73   1   0   8 0.03  0.0    0 10.3 23 180   M    M   7        32 180
12  75  63  69  -3   0   4 0.81  0.0    0  4.8 32 320   M    M   6 13     50 280
13  76  57  67  -5   0   2 0.00  0.0    0  7.4 18 260   M    M   3 1      23 260
14  67  54  61 -11   4   0 0.03  0.0    0  9.6 23 310   M    M   8 1      29 320
15  72  52  62 -10   3   0    T  0.0    0  8.0 17 330   M    M   7        22 340
16  75  45  60 -12   5   0 0.00  0.0    0  2.3 12 210   M    M   3 12     16 150
17  78  51  65  -7   0   0 0.00  0.0    0  5.3 14 250   M    M   1        17 240
18  81  57  69  -3   0   4 0.00  0.0    0  9.0 20 190   M    M   5        26 180
19  81  65  73   1   0   8 0.00  0.0    0 11.7 21 200   M    M   7        27 190
20  86  68  77   5   0  12 0.00  0.0    0 11.5 21 190   M    M   6        26 190
21  90  73  82  10   0  17    T  0.0    0 10.3 18 160   M    M   6        24 190
22  86  64  75   3   0  10 0.00  0.0    0 10.4 23 300   M    M   4        29 290
23  82  55  69  -3   0   4 0.00  0.0    0  4.0 13  10   M    M   1 12     16  30
24  81  54  68  -4   0   3 0.00  0.0    0  5.4 16 150   M    M   3 1      20 160
25  76  63  70  -2   0   5 0.11  0.0    0  9.1 22 180   M    M   8 1      27 170
26  85  65  75   4   0  10 0.11  0.0    0  6.7 21 240   M    M   4 3      27 220
27  77  55  66  -5   0   1 0.07  0.0    0 10.5 21  10   M    M   4 1      27  30
28  77  56  67  -4   0   2 0.00  0.0    0  5.0 15 330   M    M   6        20 320
29  80  54  67  -4   0   2 0.02  0.0    0  6.0 26  40   M    M   3        35  50
================================================================================
SM 2300 1687        18 133  2.18     0.0 227.0          M      134
================================================================================
AV 79.3 58.2                               7.8 FASTST   M    M   5    MAX(MPH)
                                 MISC ---->  # 32 320               # 50  280
================================================================================
NOTES:
# LAST OF SEVERAL OCCURRENCES

COLUMN 17 PEAK WIND IN M.P.H.

PRELIMINARY LOCAL CLIMATOLOGICAL DATA (WS FORM: F-6) , PAGE 2

                                          STATION:  EAU CLAIRE WI
                                          MONTH:    JULY
                                          YEAR:     2014
                                          LATITUDE:   44 52 N
                                          LONGITUDE:  91 29 W

[TEMPERATURE DATA]      [PRECIPITATION DATA]       SYMBOLS USED IN COLUMN 16

AVERAGE MONTHLY: 68.7   TOTAL FOR MONTH:   2.18    1 = FOG OR MIST
DPTR FM NORMAL:  -2.9   DPTR FM NORMAL:   -1.43    2 = FOG REDUCING VISIBILITY
HIGHEST:    90 ON 21    GRTST 24HR  0.81 ON 12-12      TO 1/4 MILE OR LESS
LOWEST:     45 ON 16                               3 = THUNDER
                        SNOW, ICE PELLETS, HAIL    4 = ICE PELLETS
                        TOTAL MONTH:   0.0 INCH    5 = HAIL
                        GRTST 24HR     0.0         6 = FREEZING RAIN OR DRIZZLE
                        GRTST DEPTH:   0           7 = DUSTSTORM OR SANDSTORM:
                                                       VSBY 1/2 MILE OR LESS
                                                   8 = SMOKE OR HAZE
[NO. OF DAYS WITH]      [WEATHER - DAYS WITH]      9 = BLOWING SNOW
                                                   X = TORNADO
MAX 32 OR BELOW:   0    0.01 INCH OR MORE:  10
MAX 90 OR ABOVE:   1    0.10 INCH OR MORE:   5
MIN 32 OR BELOW:   0    0.50 INCH OR MORE:   2
MIN  0 OR BELOW:   0    1.00 INCH OR MORE:   0

[HDD (BASE 65) ]
TOTAL THIS MO.    18    CLEAR  (SCALE 0-3)   8
DPTR FM NORMAL    16    PTCLDY (SCALE 4-7)  20
TOTAL FM JUL 1    18    CLOUDY (SCALE 8-10)  1
DPTR FM NORMAL    16

[CDD (BASE 65) ]
TOTAL THIS MO.   133
DPTR FM NORMAL   -69    [PRESSURE DATA]
TOTAL FM JAN 1   302    HIGHEST SLP M ON M
DPTR FM NORMAL   -52    LOWEST  SLP 29.56 ON  1

[REMARKS]




U.S. Dept. of Commerce
NOAA National Weather Service
1325 East West Highway
Silver Spring, MD 20910
E-mail: w-nws.webmaster@noaa.gov
Page last modified: May 16, 2007
NATIONAL WEATHER SERVICE: for Safety, for Work, for Fun - FOR LIFE