831
CXUS53 KMPX 011000
CF6EAU
PRELIMINARY LOCAL CLIMATOLOGICAL DATA (WS FORM: F-6)

                                          STATION:   EAU CLAIRE WI
                                          MONTH:     SEPTEMBER
                                          YEAR:      2014
                                          LATITUDE:   44 52 N
                                          LONGITUDE:  91 29 W

  TEMPERATURE IN F:       :PCPN:    SNOW:  WIND      :SUNSHINE: SKY     :PK WND
================================================================================
1   2   3   4   5  6A  6B    7    8   9   10  11  12  13   14  15   16   17  18
                                     12Z  AVG MX 2MIN
DY MAX MIN AVG DEP HDD CDD  WTR  SNW DPTH SPD SPD DIR MIN PSBL S-S WX    SPD DR
================================================================================

 1  77  59  68   2   0   3 1.22  0.0    0  7.6 22 250   M    M   5 13     26 280
 2  78  58  68   2   0   3 0.00  0.0    0  6.2 15 250   M    M   1        19 260
 3  78  54  66   1   0   1 1.02  0.0    0  6.0 23 360   M    M   4 13     30 360
 4  77  64  71   6   0   6 0.69  0.0    0  7.8 28 150   M    M   8 13     30 140
 5  72  52  62  -3   3   0 0.00  0.0    0  7.8 17 300   M    M   5        24 290
 6  74  47  61  -3   4   0 0.00  0.0    0  5.8 13 280   M    M   0 1      18 270
 7  77  52  65   1   0   0 0.00  0.0    0  6.9 20 220   M    M   0 1      24 210
 8  71  55  63  -1   2   0    T  0.0    0  8.8 18 180   M    M   3 3       M  M
 9  79  59  69   6   0   4 0.64  0.0    0  5.4 23 190   M    M   7 13     30 200
10  66  46  56  -7   9   0 1.43  0.0    0 12.3 24 360   M    M   9 1      36  10
11  57  38  48 -14  17   0 0.00  0.0    0  6.4 16  10   M    M   6        22  10
12  50  35  43 -19  22   0 0.16  0.0    0  1.7 12 100   M    M   7 12     13 210
13  58  35  47 -14  18   0 0.00  0.0    0  6.8 15 210   M    M   4 1      21 190
14  66  48  57  -4   8   0 0.00  0.0    0  9.4 20 270   M    M   4        25 230
15  63  40  52  -8  13   0    T  0.0    0  4.2 16 330   M    M   5        23 330
16  67  37  52  -8  13   0 0.00  0.0    0  4.6 14 210   M    M   0 12     23 230
17  72  41  57  -3   8   0 0.00  0.0    0  2.7  9  40   M    M   3 1      13  20
18  65  46  56  -3   9   0 0.00  0.0    0  7.6 13 110   M    M   5 1      17 140
19  77  53  65   6   0   0    T  0.0    0 13.9 31 190   M    M   4 1      40 200
20  77  55  66   8   0   1 0.17  0.0    0 10.3 30 310   M    M   4 13     38 310
21  65  45  55  -3  10   0    T  0.0    0  9.8 24 300   M    M   5 1      34 310
22  70  42  56  -1   9   0 0.00  0.0    0  4.3 14 310   M    M   1 1      19 290
23  74  42  58   1   7   0 0.00  0.0    0  5.1 17 160   M    M   3 12     23 190
24  65  55  60   4   5   0 0.13  0.0    0  8.1 15 160   M    M   7        20 170
25  76  54  65   9   0   0 0.00  0.0    0  4.7 14 190   M    M   6        18 150
26  79  49  64   8   1   0 0.00  0.0    0  5.9 16 170   M    M   0 1      20 150
27  82  54  68  13   0   3 0.00  0.0    0  4.4 15 170   M    M   0        19 170
28  80  51  66  11   0   1 0.00  0.0    0  2.2 10 210   M    M   1 12     13 230
29  61  42  52  -2  13   0    T  0.0    0  9.3 15  30   M    M   5 1      21  10
30  57  40  49  -5  16   0 0.00  0.0    0  8.4 14 150   M    M   6        19 160
================================================================================
SM 2110 1448       187  22  5.46     0.0 204.4          M      118
================================================================================
AV 70.3 48.3                               6.8 FASTST   M    M   4    MAX(MPH)
                                 MISC ---->  # 31 190               # 40  200
================================================================================
NOTES:
# LAST OF SEVERAL OCCURRENCES

COLUMN 17 PEAK WIND IN M.P.H.

PRELIMINARY LOCAL CLIMATOLOGICAL DATA (WS FORM: F-6) , PAGE 2

                                          STATION:  EAU CLAIRE WI
                                          MONTH:    SEPTEMBER
                                          YEAR:     2014
                                          LATITUDE:   44 52 N
                                          LONGITUDE:  91 29 W

[TEMPERATURE DATA]      [PRECIPITATION DATA]       SYMBOLS USED IN COLUMN 16

AVERAGE MONTHLY: 59.3   TOTAL FOR MONTH:   5.46    1 = FOG OR MIST
DPTR FM NORMAL:  -0.9   DPTR FM NORMAL:    1.78    2 = FOG REDUCING VISIBILITY
HIGHEST:    82 ON 27    GRTST 24HR  2.07 ON  9-10      TO 1/4 MILE OR LESS
LOWEST:     35 ON 13,12                            3 = THUNDER
                        SNOW, ICE PELLETS, HAIL    4 = ICE PELLETS
                        TOTAL MONTH:   0.0 INCH    5 = HAIL
                        GRTST 24HR     0.0         6 = FREEZING RAIN OR DRIZZLE
                        GRTST DEPTH:   0           7 = DUSTSTORM OR SANDSTORM:
                                                       VSBY 1/2 MILE OR LESS
                                                   8 = SMOKE OR HAZE
[NO. OF DAYS WITH]      [WEATHER - DAYS WITH]      9 = BLOWING SNOW
                                                   X = TORNADO
MAX 32 OR BELOW:   0    0.01 INCH OR MORE:   8
MAX 90 OR ABOVE:   0    0.10 INCH OR MORE:   8
MIN 32 OR BELOW:   0    0.50 INCH OR MORE:   5
MIN  0 OR BELOW:   0    1.00 INCH OR MORE:   3

[HDD (BASE 65) ]
TOTAL THIS MO.   187    CLEAR  (SCALE 0-3)   9
DPTR FM NORMAL    -7    PTCLDY (SCALE 4-7)  20
TOTAL FM JUL 1   210    CLOUDY (SCALE 8-10)  1
DPTR FM NORMAL   -23

[CDD (BASE 65) ]
TOTAL THIS MO.    22
DPTR FM NORMAL   -26    [PRESSURE DATA]
TOTAL FM JAN 1   500    HIGHEST SLP 30.45 ON 12
DPTR FM NORMAL   -75    LOWEST  SLP 29.59 ON 10

[REMARKS]
#FINAL-09-14#




U.S. Dept. of Commerce
NOAA National Weather Service
1325 East West Highway
Silver Spring, MD 20910
E-mail: w-nws.webmaster@noaa.gov
Page last modified: May 16, 2007
NATIONAL WEATHER SERVICE: for Safety, for Work, for Fun - FOR LIFE