911
CXUS53 KMPX 011000
CF6EAU
PRELIMINARY LOCAL CLIMATOLOGICAL DATA (WS FORM: F-6)

                                          STATION:   EAU CLAIRE WI
                                          MONTH:     AUGUST
                                          YEAR:      2014
                                          LATITUDE:   44 52 N
                                          LONGITUDE:  91 29 W

  TEMPERATURE IN F:       :PCPN:    SNOW:  WIND      :SUNSHINE: SKY     :PK WND
================================================================================
1   2   3   4   5  6A  6B    7    8   9   10  11  12  13   14  15   16   17  18
                                     12Z  AVG MX 2MIN
DY MAX MIN AVG DEP HDD CDD  WTR  SNW DPTH SPD SPD DIR MIN PSBL S-S WX    SPD DR
================================================================================

 1  84  61  73   2   0   8    T  0.0    0  3.3 10 360   M    M   1 38     17 340
 2  87  57  72   1   0   7    T  0.0    0  3.8 15 160   M    M   2 123    17 160
 3  87  65  76   5   0  11 0.00  0.0    0  3.9 17 330   M    M   2 3      22 340
 4  83  61  72   1   0   7 1.61  0.0    0  4.7 17 160   M    M   5 123    23  70
 5  80  60  70  -1   0   5 0.00  0.0    0  3.9  9  30   M    M   6 1      12 350
 6  83  54  69  -2   0   4 0.00  0.0    0  2.9 10 350   M    M   1 12     13 350
 7  82  56  69  -2   0   4 0.00  0.0    0  5.1 14 160   M    M   1 12     18 170
 8  81  57  69  -1   0   4 0.00  0.0    0  3.9 14 130   M    M   0        17 130
 9  82  59  71   1   0   6 0.00  0.0    0  4.7 15 160   M    M   1        20 130
10  83  57  70   0   0   5 0.00  0.0    0  3.3 10 190   M    M   0        14 170
11  76  59  68  -2   0   3 1.40  0.0    0  8.8 20  40   M    M   7 13     27  40
12  77  55  66  -4   0   1 0.00  0.0    0  7.9 18 340   M    M   2        26 340
13  79  56  68  -2   0   3    T  0.0    0  5.1 14 340   M    M   3        19 330
14  76  47  62  -8   3   0 0.00  0.0    0  3.4 10  60   M    M   0        13 130
15  84  52  68  -2   0   3 0.00  0.0    0  5.0 14 210   M    M   2        19 190
16  85  62  74   4   0   9    T  0.0    0  6.5 14  40   M    M   5 1      18  60
17  76  66  71   1   0   6 0.06  0.0    0  8.6 15 140   M    M   8        19 150
18  82  65  74   5   0   9 0.57  0.0    0  5.8 21 230   M    M   7 13     25 220
19  78  63  71   2   0   6 0.04  0.0    0  5.0 17 330   M    M   9 1      24 310
20  79  58  69   0   0   4 0.00  0.0    0  3.9  9  30   M    M   4 1      12 110
21  80  65  73   4   0   8 0.20  0.0    0  8.5 17 150   M    M   8 13     22 130
22  86  69  78   9   0  13 0.00  0.0    0  4.6 12 310   M    M   5 1      16 340
23  79  68  74   6   0   9 0.00  0.0    0  8.1 15 140   M    M  10 1      19 110
24  87  71  79  11   0  14 0.27  0.0    0 11.4 28 210   M    M   6 13     42 220
25  86  63  75   7   0  10    T  0.0    0  7.3 17 250   M    M   2 123    23 260
26  73  56  65  -3   0   0 0.00  0.0    0  4.4 13 330   M    M   0        16 330
27  75  55  65  -3   0   0 0.03  0.0    0  3.1 12  10   M    M   3        21  10
28  73  52  63  -4   2   0 0.11  0.0    0  7.5 14 130   M    M   5 1      20 130
29  82  59  71   4   0   6 1.28  0.0    0  6.5 15 170   M    M   8 13     19 170
30  74  57  66  -1   0   1 0.17  0.0    0  3.5 14 330   M    M   8 12     16 320
31  84  55  70   4   0   5 0.55  0.0    0  9.1 21 170   M    M   5 123    31 180
================================================================================
SM 2503 1840         5 171  6.29     0.0 173.5          M      126
================================================================================
AV 80.7 59.4                               5.6 FASTST   M    M   4    MAX(MPH)
                                 MISC ---->  # 28 210               # 42  220
================================================================================
NOTES:
# LAST OF SEVERAL OCCURRENCES

COLUMN 17 PEAK WIND IN M.P.H.

PRELIMINARY LOCAL CLIMATOLOGICAL DATA (WS FORM: F-6) , PAGE 2

                                          STATION:  EAU CLAIRE WI
                                          MONTH:    AUGUST
                                          YEAR:     2014
                                          LATITUDE:   44 52 N
                                          LONGITUDE:  91 29 W

[TEMPERATURE DATA]      [PRECIPITATION DATA]       SYMBOLS USED IN COLUMN 16

AVERAGE MONTHLY: 70.0   TOTAL FOR MONTH:   6.29    1 = FOG OR MIST
DPTR FM NORMAL:   0.7   DPTR FM NORMAL:    1.82    2 = FOG REDUCING VISIBILITY
HIGHEST:    87 ON 24, 3 GRTST 24HR  1.61 ON  4- 4      TO 1/4 MILE OR LESS
LOWEST:     47 ON 14                               3 = THUNDER
                        SNOW, ICE PELLETS, HAIL    4 = ICE PELLETS
                        TOTAL MONTH:   0.0 INCH    5 = HAIL
                        GRTST 24HR     0.0         6 = FREEZING RAIN OR DRIZZLE
                        GRTST DEPTH:   0           7 = DUSTSTORM OR SANDSTORM:
                                                       VSBY 1/2 MILE OR LESS
                                                   8 = SMOKE OR HAZE
[NO. OF DAYS WITH]      [WEATHER - DAYS WITH]      9 = BLOWING SNOW
                                                   X = TORNADO
MAX 32 OR BELOW:   0    0.01 INCH OR MORE:  12
MAX 90 OR ABOVE:   0    0.10 INCH OR MORE:   9
MIN 32 OR BELOW:   0    0.50 INCH OR MORE:   5
MIN  0 OR BELOW:   0    1.00 INCH OR MORE:   3

[HDD (BASE 65) ]
TOTAL THIS MO.     5    CLEAR  (SCALE 0-3)  15
DPTR FM NORMAL   -23    PTCLDY (SCALE 4-7)  12
TOTAL FM JUL 1    23    CLOUDY (SCALE 8-10)  4
DPTR FM NORMAL   -16

[CDD (BASE 65) ]
TOTAL THIS MO.   171
DPTR FM NORMAL    10    [PRESSURE DATA]
TOTAL FM JAN 1   478    HIGHEST SLP 30.23 ON 27
DPTR FM NORMAL   -49    LOWEST  SLP 29.62 ON 19

[REMARKS]
#FINAL-08-14#




U.S. Dept. of Commerce
NOAA National Weather Service
1325 East West Highway
Silver Spring, MD 20910
E-mail: w-nws.webmaster@noaa.gov
Page last modified: May 16, 2007
NATIONAL WEATHER SERVICE: for Safety, for Work, for Fun - FOR LIFE