402
CXUS53 KMPX 021646
CF6EAU

PRELIMINARY LOCAL CLIMATOLOGICAL DATA (WS FORM: F-6)

                                          STATION:   EAU CLAIRE WI
                                          MONTH:     NOVEMBER
                                          YEAR:      2014
                                          LATITUDE:   44 52 N
                                          LONGITUDE:  91 29 W

  TEMPERATURE IN F:       :PCPN:    SNOW:  WIND      :SUNSHINE: SKY     :PK WND
================================================================================
1   2   3   4   5  6A  6B    7    8   9   10  11  12  13   14  15   16   17  18
                                     12Z  AVG MX 2MIN
DY MAX MIN AVG DEP HDD CDD  WTR  SNW DPTH SPD SPD DIR MIN PSBL S-S WX    SPD DR
================================================================================

 1  43  15  29 -12  36   0 0.00  0.0    0  5.6 15 140   M    M   1 1      17 150
 2  57  30  44   4  21   0 0.00  0.0    0 10.4 22 160   M    M   1        29 150
 3  51  40  46   6  19   0 0.21  0.0    0  6.9 15 180   M    M   5 1      17 180
 4  52  38  45   6  20   0 0.01  0.0    0 13.2 26 280   M    M   9 1      37 300
 5  40  29  35  -4  30   0 0.24  0.0    0  6.9 13  60   M    M   8 1      16  50
 6  40  27  34  -4  31   0 0.04    T    0  7.5 16 340   M    M   9        23 320
 7  42  24  33  -5  32   0 0.01  0.0    0  8.3 24 160   M    M   7        32 160
 8  42  33  38   1  27   0    T    T    0 13.6 29 320   M    M   6        37 320
 9  39  27  33  -4  32   0 0.02    T    0  4.3 13 300   M    M   6 1      17 290
10  33  28  31  -5  34   0 0.22  1.4    T 12.0 20  40   M    M  10 16     29  30
11  31  14  23 -13  42   0 0.27  4.0    4 11.3 21 330   M    M   8 168    27 330
12  24  10  17 -18  48   0    T  0.1    4  8.0 15 250   M    M   8        19 250
13  25  15  20 -14  45   0    T  0.1    4  8.1 16 290   M    M   9 8      20 300
14  22   9  16 -18  49   0 0.00  0.0    4  5.9 12 230   M    M   4        14 260
15  19   3  11 -22  54   0 0.09  1.0    4  4.2  8 180   M    M   7 18     10 170
16  22   9  16 -17  49   0 0.03  0.4    5 11.1 22 220   M    M   7 18     27 210
17  14   5  10 -22  55   0    T    T    5 12.0 20 280   M    M   9 8      26 280
18  16   7  12 -20  53   0    T    T    5 10.3 18 300   M    M   9 8      23 300
19  23  15  19 -12  46   0 0.06  2.4    7 11.5 23 300   M    M   8 1      30 310
20  19   0  10 -20  55   0    T    T    6  9.1 18 300   M    M   0        25 290
21  32  -4  14 -16  51   0 0.00  0.0    5  7.9 17 210   M    M   2        23 210
22  37  32  35   6  30   0 0.00  0.0    4  8.5 17 200   M    M  10 12     22 200
23  50  37  44  15  21   0 0.07  0.0    2  7.3 15 170   M    M  10 12     19 180
24  38  20  29   1  36   0 0.39  2.6    T 13.7 23 300   M    M  10 1      29 290
25  23  15  19  -9  46   0    T    T    3  6.6 16 330   M    M   9        21 330
26  26  17  22  -5  43   0 0.02  0.6    3  5.8 13 350   M    M  10 1      17 340
27  17  -2   8 -18  57   0    T    T    3  5.3 15 320   M    M   2        19 320
28  24   8  16 -10  49   0 0.06  1.0    4  6.9 12 130   M    M   9 1      15 130
29  38  19  29   4  36   0 0.00  0.0    4  5.5 13 150   M    M   6 128    15 150
30  27   5  16  -9  49   0 0.00  0.0    3 11.0 20 320   M    M   3 1      25 320
================================================================================
SM  966  525      1196   0  1.74    13.6 258.7          M      202
================================================================================
AV 32.2 17.5                               8.6 FASTST   M    M   7    MAX(MPH)
                                 MISC ---->  # 29 320               # 37  300
================================================================================
NOTES:
# LAST OF SEVERAL OCCURRENCES

COLUMN 17 PEAK WIND IN M.P.H.

PRELIMINARY LOCAL CLIMATOLOGICAL DATA (WS FORM: F-6) , PAGE 2

                                          STATION:  EAU CLAIRE WI
                                          MONTH:    NOVEMBER
                                          YEAR:     2014
                                          LATITUDE:   44 52 N
                                          LONGITUDE:  91 29 W

[TEMPERATURE DATA]      [PRECIPITATION DATA]       SYMBOLS USED IN COLUMN 16

AVERAGE MONTHLY: 24.9   TOTAL FOR MONTH:   1.74    1 = FOG OR MIST
DPTR FM NORMAL:  -8.1   DPTR FM NORMAL:   -0.10    2 = FOG REDUCING VISIBILITY
HIGHEST:    57 ON  2    GRTST 24HR  0.39 ON 24-24      TO 1/4 MILE OR LESS
LOWEST:     -4 ON 21                               3 = THUNDER
                        SNOW, ICE PELLETS, HAIL    4 = ICE PELLETS
                        TOTAL MONTH:  13.6 INCHES  5 = HAIL
                        GRTST 24HR   4.0 ON 11-11  6 = FREEZING RAIN OR DRIZZLE
                        GRTST DEPTH:   7 ON 19     7 = DUSTSTORM OR SANDSTORM:
                                                       VSBY 1/2 MILE OR LESS
                                                   8 = SMOKE OR HAZE
[NO. OF DAYS WITH]      [WEATHER - DAYS WITH]      9 = BLOWING SNOW
                                                   X = TORNADO
MAX 32 OR BELOW:  16    0.01 INCH OR MORE:  15
MAX 90 OR ABOVE:   0    0.10 INCH OR MORE:   5
MIN 32 OR BELOW:  26    0.50 INCH OR MORE:   0
MIN  0 OR BELOW:   3    1.00 INCH OR MORE:   0

[HDD (BASE 65) ]
TOTAL THIS MO.  1196    CLEAR  (SCALE 0-3)   6
DPTR FM NORMAL   234    PTCLDY (SCALE 4-7)  10
TOTAL FM JUL 1  1972    CLOUDY (SCALE 8-10) 14
DPTR FM NORMAL   226

[CDD (BASE 65) ]
TOTAL THIS MO.     0
DPTR FM NORMAL     0    [PRESSURE DATA]
TOTAL FM JAN 1   500    HIGHEST SLP 30.54 ON 27
DPTR FM NORMAL   -79    LOWEST  SLP 29.19 ON 24

[REMARKS]
THE PRECIPITATION VALUE ON NOVEMBER 10TH...11TH...15TH...16TH...
19TH...24TH...26TH AND 28TH IS FROM THE 8 INCH RAIN GAUGE AT THE
SNOW OBSERVING SITE.

#FINAL-11-14#








U.S. Dept. of Commerce
NOAA National Weather Service
1325 East West Highway
Silver Spring, MD 20910
E-mail: w-nws.webmaster@noaa.gov
Page last modified: May 16, 2007
NATIONAL WEATHER SERVICE: for Safety, for Work, for Fun - FOR LIFE