755
CXUS53 KMPX 210700
CF6EAU
PRELIMINARY LOCAL CLIMATOLOGICAL DATA (WS FORM: F-6)

                                          STATION:   EAU CLAIRE WI
                                          MONTH:     APRIL
                                          YEAR:      2014
                                          LATITUDE:   44 52 N
                                          LONGITUDE:  91 29 W

  TEMPERATURE IN F:       :PCPN:    SNOW:  WIND      :SUNSHINE: SKY     :PK WND
================================================================================
1   2   3   4   5  6A  6B    7    8   9   10  11  12  13   14  15   16   17  18
                                     12Z  AVG MX 2MIN
DY MAX MIN AVG DEP HDD CDD  WTR  SNW DPTH SPD SPD DIR MIN PSBL S-S WX    SPD DR
================================================================================

 1  36  22  29 -10  36   0 0.01    T    T 14.1 28 270   M    M   6 1      37 280
 2  44  18  31  -8  34   0    T    T    T  6.3 15  80   M    M   2        17  40
 3  39  31  35  -5  30   0 0.94  0.2    T 12.7 23  70   M    M  10 16     30  80
 4  37  25  31  -9  34   0 0.60  7.4    3 10.0 21 320   M    M   8 12     30 330
 5  44  19  32  -9  33   0 0.00  0.0    6  5.7 14 210   M    M   2 12     19 220
 6  62  32  47   6  18   0 0.00  0.0    2  8.1 18 220   M    M   4        25 210
 7  59  32  46   4  19   0 0.43  0.0    0  3.7 16 330   M    M   5 12     22 320
 8  53  29  41  -1  24   0 0.00  0.0    0  6.8 18 330   M    M   1        26 340
 9  66  26  46   3  19   0 0.00  0.0    0 11.1 26 220   M    M   2        35 220
10  62  38  50   7  15   0    T  0.0    0 11.9 31 300   M    M   2        39 320
11  63  33  48   4  17   0 0.02  0.0    0  3.8 14 290   M    M   4        20 290
12  50  42  46   2  19   0 0.27  0.0    0  9.9 20 100   M    M  10 1      26  80
13  47  31  39  -6  26   0 0.13  1.3    0  9.8 21 360   M    M  10 1      27 360
14  36  23  30 -15  35   0 0.01  0.2    1 11.7 21 320   M    M   8 1      30 360
15  37  21  29 -17  36   0    T    T    T  5.9 15 230   M    M   4        20 240
16  49  28  39  -7  26   0 0.16    T    0 13.1 22 110   M    M  10 1      28 100
17  42  25  34 -13  31   0 0.07  0.0    0  6.5 15 300   M    M   8 1      19  80
18  53  20  37 -10  28   0 0.00  0.0    0  5.8 14 120   M    M   3 1      22  60
19  65  36  51   3  14   0    T  0.0    0 13.5 23 160   M    M   5        33 170
20  69  51  60  12   5   0 0.03  0.0    0  4.9 14 180   M    M   8        17 190
================================================================================
SM 1013  582       499   0  2.67     9.1 175.3          M      112
================================================================================
AV 50.7 29.1                               8.8 FASTST   M    M   6    MAX(MPH)
                                 MISC ---->  # 31 300               # 39  320
================================================================================
NOTES:
# LAST OF SEVERAL OCCURRENCES

COLUMN 17 PEAK WIND IN M.P.H.

PRELIMINARY LOCAL CLIMATOLOGICAL DATA (WS FORM: F-6) , PAGE 2

                                          STATION:  EAU CLAIRE WI
                                          MONTH:    APRIL
                                          YEAR:     2014
                                          LATITUDE:   44 52 N
                                          LONGITUDE:  91 29 W

[TEMPERATURE DATA]      [PRECIPITATION DATA]       SYMBOLS USED IN COLUMN 16

AVERAGE MONTHLY: 39.9   TOTAL FOR MONTH:   2.67    1 = FOG OR MIST
DPTR FM NORMAL:  -3.6   DPTR FM NORMAL:    0.96    2 = FOG REDUCING VISIBILITY
HIGHEST:    69 ON 20    GRTST 24HR  0.96 ON  3- 4      TO 1/4 MILE OR LESS
LOWEST:     18 ON  2                               3 = THUNDER
                        SNOW, ICE PELLETS, HAIL    4 = ICE PELLETS
                        TOTAL MONTH:   9.1 INCHES  5 = HAIL
                        GRTST 24HR   7.4 ON   M    6 = FREEZING RAIN OR DRIZZLE
                        GRTST DEPTH:   6 ON  5     7 = DUSTSTORM OR SANDSTORM:
                                                       VSBY 1/2 MILE OR LESS
                                                   8 = SMOKE OR HAZE
[NO. OF DAYS WITH]      [WEATHER - DAYS WITH]      9 = BLOWING SNOW
                                                   X = TORNADO
MAX 32 OR BELOW:   0    0.01 INCH OR MORE:  11
MAX 90 OR ABOVE:   0    0.10 INCH OR MORE:   6
MIN 32 OR BELOW:  15    0.50 INCH OR MORE:   2
MIN  0 OR BELOW:   0    1.00 INCH OR MORE:   0

[HDD (BASE 65) ]
TOTAL THIS MO.   499    CLEAR  (SCALE 0-3)   6
DPTR FM NORMAL    69    PTCLDY (SCALE 4-7)   9
TOTAL FM JUL 1  8675    CLOUDY (SCALE 8-10)  5
DPTR FM NORMAL  1180

[CDD (BASE 65) ]
TOTAL THIS MO.     0
DPTR FM NORMAL     0    [PRESSURE DATA]
TOTAL FM JAN 1     0    HIGHEST SLP M ON M
DPTR FM NORMAL     0    LOWEST  SLP 29.49 ON  9

[REMARKS]




U.S. Dept. of Commerce
NOAA National Weather Service
1325 East West Highway
Silver Spring, MD 20910
E-mail: w-nws.webmaster@noaa.gov
Page last modified: May 16, 2007
NATIONAL WEATHER SERVICE: for Safety, for Work, for Fun - FOR LIFE