662
CXUS56 KOTX 011500
CF6EAT
PRELIMINARY LOCAL CLIMATOLOGICAL DATA (WS FORM: F-6)

                                          STATION:   WENATCHEE WA PANGBORN FIELD
                                          MONTH:     NOVEMBER
                                          YEAR:      2014
                                          LATITUDE:   47 23 N
                                          LONGITUDE: 120 12 W

  TEMPERATURE IN F:       :PCPN:    SNOW:  WIND      :SUNSHINE: SKY     :PK WND
================================================================================
1   2   3   4   5  6A  6B    7    8   9   10  11  12  13   14  15   16   17  18
                                     12Z  AVG MX 2MIN
DY MAX MIN AVG DEP HDD CDD  WTR  SNW DPTH SPD SPD DIR MIN PSBL S-S WX    SPD DR
================================================================================

 1  58  44  51   7  14   0 0.00    M    M 13.8 25 300   M    M   3        30 290
 2  60  43  52   9  13   0    T    M    M  8.1 20 300   M    M   2        25 320
 3  53  42  48   5  17   0 0.01    M    M  2.7 10 100   M    M   6 1      15 110
 4  66  48  57  15   8   0 0.07    M    M  4.6 23 270   M    M   3 1      30 270
 5  56  48  52  10  13   0 0.01    M    M  4.0 12 270   M    M   6        15 300
 6  63  46  55  13  10   0    T    M    M  6.0 31 270   M    M   6        44 270
 7  60  42  51  10  14   0 0.00    M    M  7.7 24 270   M    M   0        26 270
 8  52  35  44   3  21   0 0.00    M    M  2.4  9 290   M    M   0        11 290
 9  60  35  48   8  17   0 0.01    M    M 11.1 32 300   M    M   1 1      40 310
10  52  36  44   4  21   0 0.00    M    M  6.4 21  40   M    M   4        29  30
11  43  26  35  -4  30   0 0.00    M    M  9.1 22 130   M    M   5        27  60
12  34  19  27 -12  38   0 0.00    M    M  2.5 10  50   M    M   0        13  70
13  32  16  24 -15  41   0 0.00    M    M  2.7  8 310   M    M   4        10 300
14  38  18  28 -10  37   0 0.00    M    M  5.6 13 310   M    M   1        14 280
15  38  17  28 -10  37   0 0.00    M    M  2.4  7 260   M    M   0         9 330
16  33  17  25 -12  40   0 0.00    M    M  4.6 10 130   M    M   0        13 130
17  36  17  27 -10  38   0 0.00    M    M  1.2  7 130   M    M   0 8       9 130
18  36  18  27 -10  38   0 0.00    M    M  2.7  7 270   M    M   0 18      8 270
19  36  23  30  -6  35   0 0.00    M    M  1.9  7  80   M    M   2 18      7  80
20  35  30  33  -3  32   0 0.00    M    M  5.7 15 120   M    M   6 8      20 120
21  34  26  30  -5  35   0 0.36    M    M  3.6 10 140   M    M   8 1268   13 110
22  45  23  34  -1  31   0    T    M    M 12.4 28 310   M    M   2 12     31 310
23  48  34  41   7  24   0 0.07    M    M 10.2 28 290   M    M   2        33 290
24  44  34  39   5  26   0    T    M    M  4.8 21 300   M    M   4        23 310
25  41  34  38   4  27   0 0.38    M    M  2.0  7 270   M    M   8 12      8 330
26  41  37  39   6  26   0    T    M    M  1.1  7  90   M    M  10 12     11 260
27  57  35  46  13  19   0 0.00    M    M  3.9 15  90   M    M   3 12     18  80
28  60  41  51  19  14   0    T    M    M  9.2 26 260   M    M   3        34 250
29  44  16  30  -2  35   0    T    M    M  4.8 25 270   M    M   6        31 270
30  25  11  18 -14  47   0 0.00    M    M  1.7  6 330   M    M   0         7 290
================================================================================
SM 1380  911       798   0  0.91    M    158.9          M       95
================================================================================
AV 46.0 30.4                               5.3 FASTST   M    M   3    MAX(MPH)
                                 MISC ---->  # 32 300               # 44  270
================================================================================
NOTES:
# LAST OF SEVERAL OCCURRENCES

COLUMN 17 PEAK WIND IN M.P.H.

PRELIMINARY LOCAL CLIMATOLOGICAL DATA (WS FORM: F-6) , PAGE 2

                                          STATION:  WENATCHEE WA PANGBORN FIELD
                                          MONTH:    NOVEMBER
                                          YEAR:     2014
                                          LATITUDE:   47 23 N
                                          LONGITUDE: 120 12 W

[TEMPERATURE DATA]      [PRECIPITATION DATA]       SYMBOLS USED IN COLUMN 16

AVERAGE MONTHLY: 38.2   TOTAL FOR MONTH:   0.91    1 = FOG OR MIST
DPTR FM NORMAL:   0.6   DPTR FM NORMAL:   -0.20    2 = FOG REDUCING VISIBILITY
HIGHEST:    66 ON  4    GRTST 24HR  0.38 ON 24-25      TO 1/4 MILE OR LESS
LOWEST:     11 ON 30                               3 = THUNDER
                        SNOW, ICE PELLETS, HAIL    4 = ICE PELLETS
                        TOTAL MONTH:    M          5 = HAIL
                        GRTST 24HR    M  ON   M    6 = FREEZING RAIN OR DRIZZLE
                        GRTST DEPTH:  M  ON   M    7 = DUSTSTORM OR SANDSTORM:
                                                       VSBY 1/2 MILE OR LESS
                                                   8 = SMOKE OR HAZE
[NO. OF DAYS WITH]      [WEATHER - DAYS WITH]      9 = BLOWING SNOW
                                                   X = TORNADO
MAX 32 OR BELOW:   2    0.01 INCH OR MORE:   7
MAX 90 OR ABOVE:   0    0.10 INCH OR MORE:   2
MIN 32 OR BELOW:  14    0.50 INCH OR MORE:   0
MIN  0 OR BELOW:   0    1.00 INCH OR MORE:   0

[HDD (BASE 65) ]
TOTAL THIS MO.   798    CLEAR  (SCALE 0-3)  17
DPTR FM NORMAL   -24    PTCLDY (SCALE 4-7)  11
TOTAL FM JUL 1  1106    CLOUDY (SCALE 8-10)  2
DPTR FM NORMAL  -266

[CDD (BASE 65) ]
TOTAL THIS MO.     0
DPTR FM NORMAL     0    [PRESSURE DATA]
TOTAL FM JAN 1  1218    HIGHEST SLP 30.73 ON 16
DPTR FM NORMAL   428    LOWEST  SLP 29.23 ON 28

[REMARKS]
#FINAL-11-14#




U.S. Dept. of Commerce
NOAA National Weather Service
1325 East West Highway
Silver Spring, MD 20910
E-mail: w-nws.webmaster@noaa.gov
Page last modified: May 16, 2007
NATIONAL WEATHER SERVICE: for Safety, for Work, for Fun - FOR LIFE