407
CXUS56 KOTX 011500
CF6EAT
PRELIMINARY LOCAL CLIMATOLOGICAL DATA (WS FORM: F-6)

                                          STATION:   WENATCHEE WA PANGBORN FIELD
                                          MONTH:     JULY
                                          YEAR:      2014
                                          LATITUDE:   47 23 N
                                          LONGITUDE: 120 12 W

  TEMPERATURE IN F:       :PCPN:    SNOW:  WIND      :SUNSHINE: SKY     :PK WND
================================================================================
1   2   3   4   5  6A  6B    7    8   9   10  11  12  13   14  15   16   17  18
                                     12Z  AVG MX 2MIN
DY MAX MIN AVG DEP HDD CDD  WTR  SNW DPTH SPD SPD DIR MIN PSBL S-S WX    SPD DR
================================================================================

 1  95  60  78   8   0  13 0.00    M    M  5.6 13 140   M    M   0        20 170
 2  94  65  80   9   0  15 0.00    M    M  9.5 23 310   M    M   0        29 300
 3  90  68  79   8   0  14 0.00    M    M 18.5 26 310   M    M   0        32 300
 4  86  62  74   3   0   9 0.00    M    M 11.7 23 300   M    M   0        27 300
 5  91  69  80   8   0  15 0.00    M    M 12.6 21 300   M    M   1        25 300
 6  96  70  83  11   0  18 0.00    M    M 12.4 25 310   M    M   0        30 320
 7  96  66  81   9   0  16 0.00    M    M  6.5 14 290   M    M   0        16 300
 8 100  70  85  12   0  20 0.00    M    M  9.0 21 300   M    M   0        25 300
 9 100  73  87  14   0  22 0.00    M    M 13.0 24 300   0    0   0        32 310
10 100  67  84  11   0  19 0.00    M    M 10.2 28 300   M    M   1        32 310
11 100  68  84  11   0  19 0.00    M    M  7.4 14 340   M    M   0 8      17 310
12 102  69  86  12   0  21 0.00    M    M  6.0 13 280   M    M   0 8      16 310
13 100  72  86  12   0  21 0.00    M    M   M   M   M   M    M   0         M  M
14 100  79  90  16   0  25 0.00    M    M  9.2 25  10   M    M   0 8      35  10
15 105  70  88  14   0  23 0.00    M    M  7.5 18 300   M    M   0        22 300
16 106  76  91  16   0  26 0.00    M    M 10.9 24 290   M    M   2 8      29 290
17  97  76  87  12   0  22 0.00    M    M 21.5 38 290   M    M   4 8      46 290
18  93  71  82   7   0  17 0.00    M    M 18.3 32 310   M    M   1 8      38 310
19  93  70  82   7   0  17 0.00    M    M 12.6 29 270   M    M   2 8      39 260
20  83  64  74  -2   0   9 0.00    M    M 14.2 25 300   M    M   1 8      32 300
21  83  60  72  -4   0   7 0.00    M    M 10.2 20 290   M    M   0        24 280
22  76  64  70  -6   0   5 0.05    M    M  5.1 14 250   M    M   6        22 270
23  77  57  67  -9   0   2 0.33    M    M  9.3 24 310   M    M   3 38     27 310
24  76  53  65 -11   0   0 0.00    M    M  9.7 21 300   M    M   1        25 310
25  83  56  70  -6   0   5 0.00    M    M  7.0 21 300   M    M   0        26 300
26  89  60  75  -1   0  10 0.00    M    M  6.3 12 340   M    M   0        14 330
27  94  64  79   3   0  14 0.00    M    M  6.1 13 280   M    M   0        16 320
28 103  67  85   9   0  20 0.00    M    M  6.1 16 280   M    M   0        18 280
29 105  71  88  12   0  23 0.00    M    M  8.7 18 300   M    M   0        21 300
30 103  73  88  12   0  23 0.00    M    M 10.5 23 300   M    M   0        28 290
31 102  70  86  10   0  21 0.00    M    M  8.3 17 330   M    M   0        21 330
================================================================================
SM 2918 2080         0 491  0.38    M    303.9            0     22
================================================================================
AV 94.1 67.1                              10.1 FASTST    0   0   1    MAX(MPH)
                                 MISC ---->  # 38 290               # 46  290
================================================================================
NOTES:
# LAST OF SEVERAL OCCURRENCES

COLUMN 17 PEAK WIND IN M.P.H.

PRELIMINARY LOCAL CLIMATOLOGICAL DATA (WS FORM: F-6) , PAGE 2

                                          STATION:  WENATCHEE WA PANGBORN FIELD
                                          MONTH:    JULY
                                          YEAR:     2014
                                          LATITUDE:   47 23 N
                                          LONGITUDE: 120 12 W

[TEMPERATURE DATA]      [PRECIPITATION DATA]       SYMBOLS USED IN COLUMN 16

AVERAGE MONTHLY: 80.6   TOTAL FOR MONTH:   0.38    1 = FOG OR MIST
DPTR FM NORMAL:   6.4   DPTR FM NORMAL:    0.11    2 = FOG REDUCING VISIBILITY
HIGHEST:   106 ON 16    GRTST 24HR  0.33 ON 23-23      TO 1/4 MILE OR LESS
LOWEST:     53 ON 24                               3 = THUNDER
                        SNOW, ICE PELLETS, HAIL    4 = ICE PELLETS
                        TOTAL MONTH:    M          5 = HAIL
                        GRTST 24HR    M  ON   M    6 = FREEZING RAIN OR DRIZZLE
                        GRTST DEPTH:  M  ON   M    7 = DUSTSTORM OR SANDSTORM:
                                                       VSBY 1/2 MILE OR LESS
                                                   8 = SMOKE OR HAZE
[NO. OF DAYS WITH]      [WEATHER - DAYS WITH]      9 = BLOWING SNOW
                                                   X = TORNADO
MAX 32 OR BELOW:   0    0.01 INCH OR MORE:   2
MAX 90 OR ABOVE:  23    0.10 INCH OR MORE:   1
MIN 32 OR BELOW:   0    0.50 INCH OR MORE:   0
MIN  0 OR BELOW:   0    1.00 INCH OR MORE:   0

[HDD (BASE 65) ]
TOTAL THIS MO.     0    CLEAR  (SCALE 0-3)  29
DPTR FM NORMAL    -7    PTCLDY (SCALE 4-7)   2
TOTAL FM JUL 1     0    CLOUDY (SCALE 8-10)  0
DPTR FM NORMAL    -7

[CDD (BASE 65) ]
TOTAL THIS MO.   491
DPTR FM NORMAL   222    [PRESSURE DATA]
TOTAL FM JAN 1   705    HIGHEST SLP 30.13 ON 27
DPTR FM NORMAL    -3    LOWEST  SLP 29.68 ON  9

[REMARKS]
#FINAL-07-14#




U.S. Dept. of Commerce
NOAA National Weather Service
1325 East West Highway
Silver Spring, MD 20910
E-mail: w-nws.webmaster@noaa.gov
Page last modified: May 16, 2007
NATIONAL WEATHER SERVICE: for Safety, for Work, for Fun - FOR LIFE