338
CXUS56 KOTX 311500
CF6EAT
PRELIMINARY LOCAL CLIMATOLOGICAL DATA (WS FORM: F-6)

                                          STATION:   WENATCHEE WA PANGBORN FIELD
                                          MONTH:     AUGUST
                                          YEAR:      2014
                                          LATITUDE:   47 23 N
                                          LONGITUDE: 120 12 W

  TEMPERATURE IN F:       :PCPN:    SNOW:  WIND      :SUNSHINE: SKY     :PK WND
================================================================================
1   2   3   4   5  6A  6B    7    8   9   10  11  12  13   14  15   16   17  18
                                     12Z  AVG MX 2MIN
DY MAX MIN AVG DEP HDD CDD  WTR  SNW DPTH SPD SPD DIR MIN PSBL S-S WX    SPD DR
================================================================================

 1  97  72  85   9   0  20    T    M    M  9.1 21 310   M    M   0 8      23 310
 2  96  68  82   6   0  17 0.02    M    M  9.8 29 300   M    M   0 38     44 310
 3  96  66  81   5   0  16 0.00    M    M  4.9 15 320   M    M   1        18 320
 4 102  69  86  10   0  21 0.00    M    M  7.9 18 300   M    M   0 8      23 310
 5 100  71  86  10   0  21 0.00    M    M 10.9 23 300   M    M   0 8      27 300
 6  96  72  84   8   0  19 0.00    M    M 17.6 25 310   M    M   0        29 310
 7  94  67  81   5   0  16 0.00    M    M 11.2 25 290   M    M   0        30 290
 8  92  70  81   6   0  16 0.00    M    M 15.6 26 300   M    M   0        30 300
 9  90  64  77   2   0  12 0.00    M    M  7.9 15 310   M    M   0        19 320
10  97  64  81   6   0  16 0.00    M    M  5.9 15 340   M    M   0 8      19 330
11 101  65  83   8   0  18 0.00    M    M  5.3 16 290   M    M   1 8      18 290
12  94  68  81   6   0  16 0.27    M    M  9.8 24 310   M    M   3 13     30 330
13  84  67  76   2   0  11 0.02    M    M  6.6 20 160   M    M   4 138    23 230
14  72  63  68  -6   0   3 0.51    M    M  5.7 17 300   M    M   5 13     20 310
15  77  63  70  -4   0   5 0.01    M    M  6.7 16 300   M    M   5        19 300
16  87  63  75   1   0  10 0.00    M    M  8.1 17 300   M    M   0        22 320
17  90  65  78   4   0  13 0.00    M    M  7.0 14 340   M    M   0        18 350
18  95  67  81   8   0  16 0.00    M    M  7.7 13 320   M    M   0        15 320
19  93  72  83  10   0  18 0.00    M    M 14.1 28 310   M    M   0        36 320
20  87  68  78   5   0  13 0.00    M    M 12.6 25 300   M    M   0 8      31 300
21  85  64  75   3   0  10    T    M    M  8.5 20 300   M    M   1 3      26  10
22  83  57  70  -2   0   5    T    M    M  9.4 26 310   M    M   5 3      31 300
23  84  57  71  -1   0   6 0.00    M    M  7.2 15 310   M    M   1        17 310
24  78  61  70  -2   0   5    T    M    M  9.4 21  20   M    M   2 3      28  20
25  86  57  72   1   0   7 0.00    M    M  6.2 14 310   M    M   0        16 280
26  90  62  76   5   0  11 0.00    M    M  7.3 13 100   M    M   0        19 100
27  95  66  81  10   0  16 0.00    M    M  8.4 18 310   M    M   0        31 310
28  89  69  79   9   0  14 0.00    M    M 13.0 24 310   M    M   0        29 310
29  85  63  74   4   0   9 0.00    M    M 10.8 25 260   M    M   0        31 260
30  76  57  67  -3   0   2    T    M    M  8.5 18 290   M    M   2        21 310
================================================================================
SM 2691 1957         0 382  0.83    M    273.1          M       30
================================================================================
AV 89.7 65.2                               9.1 FASTST   M    M   1    MAX(MPH)
                                 MISC ---->  # 29 300               # 44  310
================================================================================
NOTES:
# LAST OF SEVERAL OCCURRENCES

COLUMN 17 PEAK WIND IN M.P.H.

PRELIMINARY LOCAL CLIMATOLOGICAL DATA (WS FORM: F-6) , PAGE 2

                                          STATION:  WENATCHEE WA PANGBORN FIELD
                                          MONTH:    AUGUST
                                          YEAR:     2014
                                          LATITUDE:   47 23 N
                                          LONGITUDE: 120 12 W

[TEMPERATURE DATA]      [PRECIPITATION DATA]       SYMBOLS USED IN COLUMN 16

AVERAGE MONTHLY: 77.5   TOTAL FOR MONTH:   0.83    1 = FOG OR MIST
DPTR FM NORMAL:   3.9   DPTR FM NORMAL:    0.64    2 = FOG REDUCING VISIBILITY
HIGHEST:   102 ON  4    GRTST 24HR  0.52 ON 13-14      TO 1/4 MILE OR LESS
LOWEST:     57 ON 30,25                            3 = THUNDER
                        SNOW, ICE PELLETS, HAIL    4 = ICE PELLETS
                        TOTAL MONTH:    M          5 = HAIL
                        GRTST 24HR    M  ON   M    6 = FREEZING RAIN OR DRIZZLE
                        GRTST DEPTH:  M  ON   M    7 = DUSTSTORM OR SANDSTORM:
                                                       VSBY 1/2 MILE OR LESS
                                                   8 = SMOKE OR HAZE
[NO. OF DAYS WITH]      [WEATHER - DAYS WITH]      9 = BLOWING SNOW
                                                   X = TORNADO
MAX 32 OR BELOW:   0    0.01 INCH OR MORE:   5
MAX 90 OR ABOVE:  17    0.10 INCH OR MORE:   2
MIN 32 OR BELOW:   0    0.50 INCH OR MORE:   1
MIN  0 OR BELOW:   0    1.00 INCH OR MORE:   0

[HDD (BASE 65) ]
TOTAL THIS MO.     0    CLEAR  (SCALE 0-3)  26
DPTR FM NORMAL    -2    PTCLDY (SCALE 4-7)   4
TOTAL FM JUL 1     0    CLOUDY (SCALE 8-10)  0
DPTR FM NORMAL    -9

[CDD (BASE 65) ]
TOTAL THIS MO.   382
DPTR FM NORMAL   119    [PRESSURE DATA]
TOTAL FM JAN 1  1087    HIGHEST SLP M ON M
DPTR FM NORMAL   116    LOWEST  SLP  0.00 ON M

[REMARKS]




U.S. Dept. of Commerce
NOAA National Weather Service
1325 East West Highway
Silver Spring, MD 20910
E-mail: w-nws.webmaster@noaa.gov
Page last modified: May 16, 2007
NATIONAL WEATHER SERVICE: for Safety, for Work, for Fun - FOR LIFE