486
CXUS56 KOTX 300900
CF6EAT
PRELIMINARY LOCAL CLIMATOLOGICAL DATA (WS FORM: F-6)

                                          STATION:   WENATCHEE WA PANGBORN FIELD
                                          MONTH:     SEPTEMBER
                                          YEAR:      2014
                                          LATITUDE:   47 23 N
                                          LONGITUDE: 120 12 W

  TEMPERATURE IN F:       :PCPN:    SNOW:  WIND      :SUNSHINE: SKY     :PK WND
================================================================================
1   2   3   4   5  6A  6B    7    8   9   10  11  12  13   14  15   16   17  18
                                     12Z  AVG MX 2MIN
DY MAX MIN AVG DEP HDD CDD  WTR  SNW DPTH SPD SPD DIR MIN PSBL S-S WX    SPD DR
================================================================================

 1  81  56  69   0   0   4 0.00    M    M  8.6 21 290   M    M   0        25 300
 2  82  57  70   1   0   5    T    M    M 13.2 32 310   M    M   1        38 320
 3  77  55  66  -3   0   1    T    M    M 12.2 29 290   M    M   3        33 300
 4  79  51  65  -3   0   0 0.00    M    M  5.5 13 340   M    M   0        17 340
 5  84  53  69   1   0   4 0.00    M    M  7.3 15 300   M    M   0        17 290
 6  88  54  71   3   0   6 0.00    M    M  5.4 14 280   M    M   0        15 280
 7  90  56  73   5   0   8 0.00    M    M  8.0 17 300   M    M   0        20 300
 8  86  62  74   7   0   9 0.00    M    M 14.0 25 310   M    M   0        32 290
 9  82  57  70   3   0   5 0.00    M    M  9.4 23 300   M    M   1        27 290
10  71  56  64  -2   1   0 0.00    M    M 10.1 32  40   M    M   6        40  40
11  70  46  58  -8   7   0 0.00    M    M  4.5 12  80   M    M   1        16 130
12  74  43  59  -7   6   0 0.00    M    M  5.2 12 280   M    M   0        14 290
13  78  47  63  -3   2   0 0.00    M    M  4.7 14 290   M    M   0        15 290
14  83  49  66   1   0   1 0.00    M    M  6.1 15 320   M    M   0        17 310
15  86  52  69   4   0   4 0.00    M    M  5.8 15 280   M    M   0        18 290
16  88  59  74  10   0   9 0.00    M    M  5.9 15 290   M    M   0        17 290
17  83  64  74  10   0   9 0.00    M    M  6.1 15 310   M    M   0        19 320
18  81  69  75  11   0  10 0.00    M    M 13.1 24 320   M    M   3        29 320
19  83  65  74  11   0   9 0.00    M    M 10.1 24 300   M    M   0        27 300
20  86  56  71   8   0   6 0.00    M    M  5.5 13 310   M    M   0        15 320
21  89  56  73  11   0   8 0.00    M    M  4.4 14 290   M    M   0        15 290
22  83  62  73  11   0   8    T    M    M  5.1 15 300   M    M   0        17 300
23  70  62  66   4   0   1 0.02    M    M  3.5 12 240   M    M   6        14 310
24  67  59  63   2   2   0 0.09    M    M  9.0 17 130   M    M   9 18     22 120
25  64  54  59  -2   6   0 0.05    M    M  7.2 24 140   M    M   7        29 140
26  69  49  59  -1   6   0    T    M    M  4.8 12 320   M    M   1        15 230
27  77  50  64   4   1   0 0.00    M    M  8.1 16 310   M    M   0        18 280
28  79  54  67   7   0   2 0.00    M    M  6.2 15 310   M    M   0        17 310
29  80  52  66   7   0   1    T    M    M 11.0 24 300   M    M   1 8      29 290
================================================================================
SM 2310 1605        31 110  0.16    M    220.0          M       39
================================================================================
AV 79.7 55.3                               7.6 FASTST   M    M   1    MAX(MPH)
                                 MISC ---->  # 32 310               # 40   40
================================================================================
NOTES:
# LAST OF SEVERAL OCCURRENCES

COLUMN 17 PEAK WIND IN M.P.H.

PRELIMINARY LOCAL CLIMATOLOGICAL DATA (WS FORM: F-6) , PAGE 2

                                          STATION:  WENATCHEE WA PANGBORN FIELD
                                          MONTH:    SEPTEMBER
                                          YEAR:     2014
                                          LATITUDE:   47 23 N
                                          LONGITUDE: 120 12 W

[TEMPERATURE DATA]      [PRECIPITATION DATA]       SYMBOLS USED IN COLUMN 16

AVERAGE MONTHLY: 67.5   TOTAL FOR MONTH:   0.16    1 = FOG OR MIST
DPTR FM NORMAL:   2.9   DPTR FM NORMAL:   -0.17    2 = FOG REDUCING VISIBILITY
HIGHEST:    90 ON  7    GRTST 24HR  0.14 ON 24-25      TO 1/4 MILE OR LESS
LOWEST:     43 ON 12                               3 = THUNDER
                        SNOW, ICE PELLETS, HAIL    4 = ICE PELLETS
                        TOTAL MONTH:    M          5 = HAIL
                        GRTST 24HR    M  ON   M    6 = FREEZING RAIN OR DRIZZLE
                        GRTST DEPTH:  M  ON   M    7 = DUSTSTORM OR SANDSTORM:
                                                       VSBY 1/2 MILE OR LESS
                                                   8 = SMOKE OR HAZE
[NO. OF DAYS WITH]      [WEATHER - DAYS WITH]      9 = BLOWING SNOW
                                                   X = TORNADO
MAX 32 OR BELOW:   0    0.01 INCH OR MORE:   3
MAX 90 OR ABOVE:   1    0.10 INCH OR MORE:   0
MIN 32 OR BELOW:   0    0.50 INCH OR MORE:   0
MIN  0 OR BELOW:   0    1.00 INCH OR MORE:   0

[HDD (BASE 65) ]
TOTAL THIS MO.    31    CLEAR  (SCALE 0-3)  25
DPTR FM NORMAL   -61    PTCLDY (SCALE 4-7)   3
TOTAL FM JUL 1    31    CLOUDY (SCALE 8-10)  1
DPTR FM NORMAL   -75

[CDD (BASE 65) ]
TOTAL THIS MO.   110
DPTR FM NORMAL    29    [PRESSURE DATA]
TOTAL FM JAN 1  1201    HIGHEST SLP M ON M
DPTR FM NORMAL   332    LOWEST  SLP  0.00 ON M

[REMARKS]




U.S. Dept. of Commerce
NOAA National Weather Service
1325 East West Highway
Silver Spring, MD 20910
E-mail: w-nws.webmaster@noaa.gov
Page last modified: May 16, 2007
NATIONAL WEATHER SERVICE: for Safety, for Work, for Fun - FOR LIFE