696
CXUS53 KGID 280730
CF6EAR
PRELIMINARY LOCAL CLIMATOLOGICAL DATA (WS FORM: F-6)

                                          STATION:   KEARNEY
                                          MONTH:     JULY
                                          YEAR:      2014
                                          LATITUDE:   40 43 N
                                          LONGITUDE:  99  0 W

  TEMPERATURE IN F:       :PCPN:    SNOW:  WIND      :SUNSHINE: SKY     :PK WND
================================================================================
1   2   3   4   5  6A  6B    7    8   9   10  11  12  13   14  15   16   17  18
                                     12Z  AVG MX 2MIN
DY MAX MIN AVG DEP HDD CDD  WTR  SNW DPTH SPD SPD DIR MIN PSBL S-S WX    SPD DR
================================================================================

 1  81  57  69  -5   0   4 0.00    M    M 11.4 23 320   M    M   0        30 330
 2  73  52  63 -11   2   0 0.00    M    M  9.5 16 350   M    M   0        21 350
 3  82  52  67  -7   0   2 0.00    M    M 11.2 18 160   M    M   2        22 160
 4  84  63  74   0   0   9 0.00    M    M 16.0 25 170   M    M   3        31 170
 5  88  68  78   4   0  13 0.00    M    M  8.6 21 180   M    M   0        27 180
 6  93  66  80   6   0  15 0.00    M    M  6.0 16  30   M    M   0         M  M
 7  84  64  74   0   0   9 0.02    M    M  7.4 18  40   M    M   2         M  M
 8  82  57  70  -5   0   5 0.00    M    M  9.4 15 340   M    M   1        23 340
 9  86  55  71  -4   0   6 0.06    M    M  9.0 33  50   M    M   2 3      39  50
10  86  63  75   0   0  10 0.05    M    M 12.2 25 160   M    M   1        33 160
11  91  70  81   6   0  16 0.00    M    M  9.3 13 190   M    M   2         M  M
12  81  68  75   0   0  10 0.00    M    M  9.2 16  10   M    M   2        22 190
13  90  64  77   2   0  12 0.00    M    M  6.2 10 340   M    M   1         M  M
14  77  54  66  -9   0   1 0.00    M    M 11.5 22 360   M    M   2        30 350
15  73  48  61 -14   4   0 0.00    M    M  5.9  9  80   M    M   2        17 320
16  72  57  65 -10   0   0 0.00    M    M  6.7 14 150   M    M   6         M  M
17  75  54  65 -10   0   0 0.00    M    M  7.0 16 190   M    M   2        20 240
18  79  54  67  -8   0   2 0.00    M    M 12.9 21 190   M    M   7        27 200
19  79  61  70  -5   0   5 0.00    M    M 11.1 18 190   M    M   4        23 190
20  99  66  83   8   0  18 0.00    M    M 13.1 17 170   M    M   3        21 170
21 100  72  86  11   0  21 0.00  0.0    0 11.2 17 200   M    M   0        22 190
22  91  70  81   6   0  16 0.00    M    M 11.8 16  70   M    M   0        21  40
23  82  64  73  -2   0   8 0.00  0.0    0  8.4 14  50   M    M   2         M  M
24  91  63  77   2   0  12    T    M    M 14.5 23 140   M    M   0        31 140
25  93  72  83   8   0  18 0.00    M    M  9.9 18 140   M    M   0        20 190
26  97  70  84   9   0  19 0.00    M    M  9.5 18 320   M    M   1        25 200
27  88  61  75   0   0  10 0.00    M    M  9.7 18 340   M    M   0        24 340
================================================================================
SM 2297 1665         6 241  0.13     0.0 268.6          M       45
================================================================================
AV 85.1 61.7                               9.9 FASTST   M    M   2    MAX(MPH)
                                 MISC ---->    33   M                 39    M
================================================================================
NOTES:
# LAST OF SEVERAL OCCURRENCES

COLUMN 17 PEAK WIND IN M.P.H.

PRELIMINARY LOCAL CLIMATOLOGICAL DATA (WS FORM: F-6) , PAGE 2

                                          STATION:  KEARNEY
                                          MONTH:    JULY
                                          YEAR:     2014
                                          LATITUDE:   40 43 N
                                          LONGITUDE:  99  0 W

[TEMPERATURE DATA]      [PRECIPITATION DATA]       SYMBOLS USED IN COLUMN 16

AVERAGE MONTHLY: 73.4   TOTAL FOR MONTH:   0.13    1 = FOG OR MIST
DPTR FM NORMAL:  -1.4   DPTR FM NORMAL:   -2.71    2 = FOG REDUCING VISIBILITY
HIGHEST:   100 ON 21    GRTST 24HR  0.06 ON  9- 9      TO 1/4 MILE OR LESS
LOWEST:     48 ON 15                               3 = THUNDER
                        SNOW, ICE PELLETS, HAIL    4 = ICE PELLETS
                        TOTAL MONTH:   0.0 INCH    5 = HAIL
                        GRTST 24HR     0.0         6 = FREEZING RAIN OR DRIZZLE
                        GRTST DEPTH:   0           7 = DUSTSTORM OR SANDSTORM:
                                                       VSBY 1/2 MILE OR LESS
                                                   8 = SMOKE OR HAZE
[NO. OF DAYS WITH]      [WEATHER - DAYS WITH]      9 = BLOWING SNOW
                                                   X = TORNADO
MAX 32 OR BELOW:   0    0.01 INCH OR MORE:   3
MAX 90 OR ABOVE:   9    0.10 INCH OR MORE:   0
MIN 32 OR BELOW:   0    0.50 INCH OR MORE:   0
MIN  0 OR BELOW:   0    1.00 INCH OR MORE:   0

[HDD (BASE 65) ]
TOTAL THIS MO.     6    CLEAR  (SCALE 0-3)  23
DPTR FM NORMAL     6    PTCLDY (SCALE 4-7)   4
TOTAL FM JUL 1     6    CLOUDY (SCALE 8-10)  0
DPTR FM NORMAL     6

[CDD (BASE 65) ]
TOTAL THIS MO.   241
DPTR FM NORMAL   -25    [PRESSURE DATA]
TOTAL FM JAN 1   538    HIGHEST SLP M ON M
DPTR FM NORMAL    46    LOWEST  SLP M ON M

[REMARKS]




U.S. Dept. of Commerce
NOAA National Weather Service
1325 East West Highway
Silver Spring, MD 20910
E-mail: w-nws.webmaster@noaa.gov
Page last modified: May 16, 2007
NATIONAL WEATHER SERVICE: for Safety, for Work, for Fun - FOR LIFE