063
CXUS53 KGID 010730
CF6EAR
PRELIMINARY LOCAL CLIMATOLOGICAL DATA (WS FORM: F-6)

                                          STATION:   KEARNEY
                                          MONTH:     SEPTEMBER
                                          YEAR:      2014
                                          LATITUDE:   40 43 N
                                          LONGITUDE:  99  0 W

  TEMPERATURE IN F:       :PCPN:    SNOW:  WIND      :SUNSHINE: SKY     :PK WND
================================================================================
1   2   3   4   5  6A  6B    7    8   9   10  11  12  13   14  15   16   17  18
                                     12Z  AVG MX 2MIN
DY MAX MIN AVG DEP HDD CDD  WTR  SNW DPTH SPD SPD DIR MIN PSBL S-S WX    SPD DR
================================================================================

 1  73  55  64  -5   1   0 0.06    M    M  6.7 15 320   M    M   2         M  M
 2  81  52  67  -2   0   2 0.00    M    M  7.1 12 130   M    M   0         M  M
 3  90  64  77   8   0  12 0.00    M    M 11.3 18 140   M    M   4        23 140
 4  79  61  70   2   0   5 0.18    M    M 12.5 20 340   M    M   2 3      27 350
 5  64  52  58 -10   7   0 0.16    M    M  8.0 16  10   M    M   5 3      20  10
 6  72  48  60  -8   5   0 0.00    M    M  3.6  8 120   M    M   1         M  M
 7  75  48  62  -5   3   0 0.00    M    M 11.4 20 140   M    M   0        24 150
 8  88  57  73   6   0   8 0.00    M    M 11.4 17 200   M    M   0        21 200
 9  75  61  68   2   0   3 0.48    M    M  7.5 15  90   M    M   4 3       M  M
10  66  48  57  -9   8   0 0.00    M    M 15.6 23 320   M    M  10        28 320
11  48  43  46 -20  19   0 0.25    M    M 13.0 17  10   M    M  10        21 350
12  52  37  45 -20  20   0 0.31    M    M 10.8 16 330   M    M   8         M  M
13  61  34  48 -17  17   0 0.00    M    M 11.5 22 160   M    M   3        29 170
14  70  39  55  -9  10   0 0.00    M    M  7.0 18 140   M    M   2        22 130
15  64  45  55  -9  10   0 0.00    M    M 10.5 20  10   M    M   2        27  10
16  66  43  55  -8  10   0 0.00    M    M  9.6 17 160   M    M   3        21 160
17  81  46  64   1   1   0 0.00    M    M  6.1 12 110   M    M   0         M  M
18  72  54  63   1   2   0 0.00    M    M 10.2 17 130   M    M   6        23 120
19  88  61  75  13   0  10 0.00    M    M 16.1 22 170   M    M   1        35 170
20  84  57  71   9   0   6 0.00    M    M  8.3 15 200   M    M   0         M  M
21  73  48  61   0   4   0 0.00    M    M  7.8 15 350   M    M   0        21 350
22  73  46  60  -1   5   0 0.35    M    M  7.7 15 140   M    M   2        23 160
23  72  55  64   4   1   0 0.50    M    M 13.8 20 160   M    M   5 3      24 160
24  82  54  68   8   0   3 0.00    M    M  8.3 16 100   M    M   1        22 100
25  84  52  68   9   0   3 0.00    M    M  5.8 13 110   M    M   3         M  M
26  82  55  69  10   0   4 0.00    M    M 11.0 21 160   M    M   0        25 160
27  82  57  70  12   0   5 0.00    M    M 13.4 22 150   M    M   1        32 140
28  82  57  70  12   0   5 0.00    M    M 10.0 18 140   M    M   1        22 160
29  82  52  67   9   0   2 0.00    M    M  9.9 17 140   M    M   2        24 150
30  79  61  70  13   0   5 0.01    M    M 12.1 22 180   M    M   3        29 180
================================================================================
SM 2240 1542       123  73  2.30    M    298.0          M       81
================================================================================
AV 74.7 51.4                               9.9 FASTST   M    M   3    MAX(MPH)
                                 MISC ---->  # 23 320               # 35  170
================================================================================
NOTES:
# LAST OF SEVERAL OCCURRENCES

COLUMN 17 PEAK WIND IN M.P.H.

PRELIMINARY LOCAL CLIMATOLOGICAL DATA (WS FORM: F-6) , PAGE 2

                                          STATION:  KEARNEY
                                          MONTH:    SEPTEMBER
                                          YEAR:     2014
                                          LATITUDE:   40 43 N
                                          LONGITUDE:  99  0 W

[TEMPERATURE DATA]      [PRECIPITATION DATA]       SYMBOLS USED IN COLUMN 16

AVERAGE MONTHLY: 63.0   TOTAL FOR MONTH:   2.30    1 = FOG OR MIST
DPTR FM NORMAL:  -0.5   DPTR FM NORMAL:    0.23    2 = FOG REDUCING VISIBILITY
HIGHEST:    90 ON  3    GRTST 24HR  0.50 ON 23-23      TO 1/4 MILE OR LESS
LOWEST:     34 ON 13                               3 = THUNDER
                        SNOW, ICE PELLETS, HAIL    4 = ICE PELLETS
                        TOTAL MONTH:    M          5 = HAIL
                        GRTST 24HR    M  ON   M    6 = FREEZING RAIN OR DRIZZLE
                        GRTST DEPTH:  M  ON   M    7 = DUSTSTORM OR SANDSTORM:
                                                       VSBY 1/2 MILE OR LESS
                                                   8 = SMOKE OR HAZE
[NO. OF DAYS WITH]      [WEATHER - DAYS WITH]      9 = BLOWING SNOW
                                                   X = TORNADO
MAX 32 OR BELOW:   0    0.01 INCH OR MORE:   9
MAX 90 OR ABOVE:   1    0.10 INCH OR MORE:   7
MIN 32 OR BELOW:   0    0.50 INCH OR MORE:   1
MIN  0 OR BELOW:   0    1.00 INCH OR MORE:   0

[HDD (BASE 65) ]
TOTAL THIS MO.   123    CLEAR  (SCALE 0-3)  21
DPTR FM NORMAL    -9    PTCLDY (SCALE 4-7)   7
TOTAL FM JUL 1   130    CLOUDY (SCALE 8-10)  2
DPTR FM NORMAL   -19

[CDD (BASE 65) ]
TOTAL THIS MO.    73
DPTR FM NORMAL   -14    [PRESSURE DATA]
TOTAL FM JAN 1   912    HIGHEST SLP M ON M
DPTR FM NORMAL    47    LOWEST  SLP M ON M

[REMARKS]
#FINAL-09-14#




U.S. Dept. of Commerce
NOAA National Weather Service
1325 East West Highway
Silver Spring, MD 20910
E-mail: w-nws.webmaster@noaa.gov
Page last modified: May 16, 2007
NATIONAL WEATHER SERVICE: for Safety, for Work, for Fun - FOR LIFE