400
CXUS53 KGID 300730
CF6EAR
PRELIMINARY LOCAL CLIMATOLOGICAL DATA (WS FORM: F-6)

                                          STATION:   KEARNEY
                                          MONTH:     JANUARY
                                          YEAR:      2015
                                          LATITUDE:   40 43 N
                                          LONGITUDE:  99  0 W

  TEMPERATURE IN F:       :PCPN:    SNOW:  WIND      :SUNSHINE: SKY     :PK WND
================================================================================
1   2   3   4   5  6A  6B    7    8   9   10  11  12  13   14  15   16   17  18
                                     12Z  AVG MX 2MIN
DY MAX MIN AVG DEP HDD CDD  WTR  SNW DPTH SPD SPD DIR MIN PSBL S-S WX    SPD DR
================================================================================

 1  30   7  19  -5  46   0 0.00    M    M  5.7  9 210   M    M   2         M  M
 2  32   9  21  -3  44   0 0.00    M    M  4.8  8 200   M    M   0         M  M
 3  34   7  21  -3  44   0    M    M    M 17.3 35 320   M    M   5        43 320
 4  10  -3   4 -20  61   0 0.00    M    M  6.1 12 290   M    M   2         M  M
 5  27   5  16  -8  49   0 0.00    M    M 13.9 27 170   M    M   7        35 320
 6  25   7  16  -8  49   0 0.00    M    M 10.3 24 360   M    M   5        31  10
 7  12   0   6 -18  59   0    T    M    M 14.3 25 350   M    M   4        29 350
 8  43   7  25   1  40   0 0.00    M    M 20.5 29 340   M    M   3        40 340
 9  23   7  15  -9  50   0 0.00    M    M 11.0 21 330   M    M   0        30 330
10  37   7  22  -2  43   0 0.00    M    M  9.5 21 220   M    M   0        27 210
11  30  10  20  -4  45   0 0.00    M    M  8.9 21 360   M    M   1        23  10
12  19   9  14 -10  51   0 0.00    M    M 12.5 20 360   M    M   6        20 350
13  27   7  17  -7  48   0 0.00    M    M  9.4 13 220   M    M   9         M  M
14  41  14  28   4  37   0 0.00    M    M  7.0 13 250   M    M   0         M  M
15  52  21  37  13  28   0 0.00    M    M  8.8 17 310   M    M   0        22 310
16  54  27  41  16  24   0 0.00    M    M  9.8 16 230   M    M   0        20 230
17  52  30  41  16  24   0 0.00    M    M 15.6 28 320   M    M   0        39 320
18  54  21  38  13  27   0 0.00    M    M  7.4 15 300   M    M   0         M  M
19  59  28  44  19  21   0 0.00    M    M 10.2 18 330   M    M   0        24 330
20  48  25  37  12  28   0 0.00    M    M  9.5 16 310   M    M   0        22 310
21  43  25  34   9  31   0 0.00    M    M 11.5 20 310   M    M   4        24 310
22  41  18  30   5  35   0 0.00    M    M  7.3 12 230   M    M   2        18 220
23  50  19  35  10  30   0 0.00    M    M 10.3 16 330   M    M   2        20 330
24  54  30  42  17  23   0    T    M    M 13.9 24 320   M    M   3        32 320
25  46  28  37  12  28   0 0.00    M    M 17.4 31 330   M    M   7        50 330
26  66  32  49  24  16   0 0.00    M    M 10.8 20 330   M    M   0        24 340
27  66  27  47  22  18   0 0.00    M    M  4.7  7 140   M    M   0         M  M
28  70  28  49  24  16   0 0.00    M    M 11.6 28 330   M    M   1        37 330
29  46  21  34   9  31   0 0.00    M    M 16.4 36 350   M    M   5        44 350
================================================================================
SM 1191  473      1046   0    T     M    316.4          M       68
================================================================================
AV 41.1 16.3                              10.9 FASTST   M    M   2    MAX(MPH)
                                 MISC ---->    36   M               # 50  330
================================================================================
NOTES:
# LAST OF SEVERAL OCCURRENCES

COLUMN 17 PEAK WIND IN M.P.H.

PRELIMINARY LOCAL CLIMATOLOGICAL DATA (WS FORM: F-6) , PAGE 2

                                          STATION:  KEARNEY
                                          MONTH:    JANUARY
                                          YEAR:     2015
                                          LATITUDE:   40 43 N
                                          LONGITUDE:  99  0 W

[TEMPERATURE DATA]      [PRECIPITATION DATA]       SYMBOLS USED IN COLUMN 16

AVERAGE MONTHLY: 28.7   TOTAL FOR MONTH:      T    1 = FOG OR MIST
DPTR FM NORMAL:   4.2   DPTR FM NORMAL:   -0.45    2 = FOG REDUCING VISIBILITY
HIGHEST:    70 ON 28    GRTST 24HR    T  ON 24-24      TO 1/4 MILE OR LESS
LOWEST:     -3 ON  4                               3 = THUNDER
                        SNOW, ICE PELLETS, HAIL    4 = ICE PELLETS
                        TOTAL MONTH:    M          5 = HAIL
                        GRTST 24HR    M  ON   M    6 = FREEZING RAIN OR DRIZZLE
                        GRTST DEPTH:  M  ON   M    7 = DUSTSTORM OR SANDSTORM:
                                                       VSBY 1/2 MILE OR LESS
                                                   8 = SMOKE OR HAZE
[NO. OF DAYS WITH]      [WEATHER - DAYS WITH]      9 = BLOWING SNOW
                                                   X = TORNADO
MAX 32 OR BELOW:  10    0.01 INCH OR MORE:   0
MAX 90 OR ABOVE:   0    0.10 INCH OR MORE:   0
MIN 32 OR BELOW:  29    0.50 INCH OR MORE:   0
MIN  0 OR BELOW:   2    1.00 INCH OR MORE:   0

[HDD (BASE 65) ]
TOTAL THIS MO.  1046    CLEAR  (SCALE 0-3)  20
DPTR FM NORMAL  -127    PTCLDY (SCALE 4-7)   8
TOTAL FM JUL 1  3565    CLOUDY (SCALE 8-10)  1
DPTR FM NORMAL  -251

[CDD (BASE 65) ]
TOTAL THIS MO.     0
DPTR FM NORMAL     0    [PRESSURE DATA]
TOTAL FM JAN 1     0    HIGHEST SLP M ON M
DPTR FM NORMAL     0    LOWEST  SLP M ON M

[REMARKS]




U.S. Dept. of Commerce
NOAA National Weather Service
1325 East West Highway
Silver Spring, MD 20910
E-mail: w-nws.webmaster@noaa.gov
Page last modified: May 16, 2007
NATIONAL WEATHER SERVICE: for Safety, for Work, for Fun - FOR LIFE