748
CXUS53 KGID 280730
CF6EAR
PRELIMINARY LOCAL CLIMATOLOGICAL DATA (WS FORM: F-6)

                                          STATION:   KEARNEY
                                          MONTH:     NOVEMBER
                                          YEAR:      2014
                                          LATITUDE:   40 43 N
                                          LONGITUDE:  99  0 W

  TEMPERATURE IN F:       :PCPN:    SNOW:  WIND      :SUNSHINE: SKY     :PK WND
================================================================================
1   2   3   4   5  6A  6B    7    8   9   10  11  12  13   14  15   16   17  18
                                     12Z  AVG MX 2MIN
DY MAX MIN AVG DEP HDD CDD  WTR  SNW DPTH SPD SPD DIR MIN PSBL S-S WX    SPD DR
================================================================================

 1  54  27  41  -3  24   0 0.00    M    M 18.7 29 140   M    M   0        37 140
 2  68  41  55  11  10   0 0.00    M    M 18.2 22 150   M    M   0        29 160
 3  64  36  50   7  15   0 0.00    M    M 16.4 23 300   M    M   4        32 300
 4  61  27  44   1  21   0 0.00    M    M  9.1 17 250   M    M   0        23 250
 5  68  37  53  11  12   0 0.00    M    M 13.0 23 310   M    M   0        32 310
 6  57  30  44   2  21   0 0.00    M    M  7.9 14 150   M    M   0         M  M
 7  72  37  55  13  10   0 0.00    M    M 15.0 24 300   M    M   0        36 300
 8  55  30  43   2  22   0 0.00    M    M 11.8 17 310   M    M   0        25 320
 9  70  32  51  11  14   0 0.00    M    M  6.9 17 190   M    M   0         M  M
10  48  19  34  -6  31   0    T    M    M 21.4 35 320   M    M   6        41 320
11  21  10  16 -23  49   0 0.00    M    M 18.0 27 310   M    M   6        36 310
12  21   9  15 -24  50   0 0.00    M    M  9.5 24 300   M    M   3        31 300
13  25   5  15 -23  50   0 0.00    M    M  8.1 15 300   M    M   0        17 310
14  30   3  17 -21  48   0 0.00    M    M 10.3 20 140   M    M   7        27 150
15  27   9  18 -19  47   0    M    M    M 12.3 25 300   M    M   7        32 300
16  34   0  17 -20  48   0 0.00    M    M 12.2 20 310   M    M   1        31 310
17  21   7  14 -22  51   0 0.00    M    M 13.0 27 280   M    M   3        35 290
18  45   1  23 -13  42   0 0.00    M    M  9.5 15 270   M    M   1        21 210
19  36  16  26  -9  39   0 0.00    M    M  9.8 22 290   M    M   3        29 290
20  39  12  26  -9  39   0 0.00    M    M  5.2 13 130   M    M   1         M  M
21  50  18  34   0  31   0 0.00    M    M  9.3 16 160   M    M   1        20 150
22  61  25  43   9  22   0 0.00    M    M 10.6 17 150   M    M   2 1      23 160
23  52  34  43  10  22   0 0.01    M    M 17.0 31 300   M    M   3        38 300
24  41  18  30  -3  35   0 0.00    M    M 15.2 24 290   M    M   1        33 290
25  46  18  32   0  33   0 0.00    M    M  9.6 17 190   M    M   3        22 190
26  39  16  28  -4  37   0 0.00    M    M 17.2 35 310   M    M   5        40 310
27  39  16  28  -3  37   0 0.00    M    M 10.3 23 130   M    M   2        28 150
================================================================================
SM 1244  533       860   0  0.01    M    335.5          M       59
================================================================================
AV 46.1 19.7                              12.4 FASTST   M    M   2    MAX(MPH)
                                 MISC ---->  # 35 320                 41    M
================================================================================
NOTES:
# LAST OF SEVERAL OCCURRENCES

COLUMN 17 PEAK WIND IN M.P.H.

PRELIMINARY LOCAL CLIMATOLOGICAL DATA (WS FORM: F-6) , PAGE 2

                                          STATION:  KEARNEY
                                          MONTH:    NOVEMBER
                                          YEAR:     2014
                                          LATITUDE:   40 43 N
                                          LONGITUDE:  99  0 W

[TEMPERATURE DATA]      [PRECIPITATION DATA]       SYMBOLS USED IN COLUMN 16

AVERAGE MONTHLY: 32.9   TOTAL FOR MONTH:   0.01    1 = FOG OR MIST
DPTR FM NORMAL:  -4.9   DPTR FM NORMAL:   -0.92    2 = FOG REDUCING VISIBILITY
HIGHEST:    72 ON  7    GRTST 24HR  0.01 ON 23-23      TO 1/4 MILE OR LESS
LOWEST:      0 ON 16                               3 = THUNDER
                        SNOW, ICE PELLETS, HAIL    4 = ICE PELLETS
                        TOTAL MONTH:    M          5 = HAIL
                        GRTST 24HR    M  ON   M    6 = FREEZING RAIN OR DRIZZLE
                        GRTST DEPTH:  M  ON   M    7 = DUSTSTORM OR SANDSTORM:
                                                       VSBY 1/2 MILE OR LESS
                                                   8 = SMOKE OR HAZE
[NO. OF DAYS WITH]      [WEATHER - DAYS WITH]      9 = BLOWING SNOW
                                                   X = TORNADO
MAX 32 OR BELOW:   6    0.01 INCH OR MORE:   1
MAX 90 OR ABOVE:   0    0.10 INCH OR MORE:   0
MIN 32 OR BELOW:  22    0.50 INCH OR MORE:   0
MIN  0 OR BELOW:   1    1.00 INCH OR MORE:   0

[HDD (BASE 65) ]
TOTAL THIS MO.   860    CLEAR  (SCALE 0-3)  21
DPTR FM NORMAL   124    PTCLDY (SCALE 4-7)   6
TOTAL FM JUL 1  1327    CLOUDY (SCALE 8-10)  0
DPTR FM NORMAL    -3

[CDD (BASE 65) ]
TOTAL THIS MO.     0
DPTR FM NORMAL     0    [PRESSURE DATA]
TOTAL FM JAN 1   914    HIGHEST SLP M ON M
DPTR FM NORMAL    43    LOWEST  SLP M ON M

[REMARKS]




U.S. Dept. of Commerce
NOAA National Weather Service
1325 East West Highway
Silver Spring, MD 20910
E-mail: w-nws.webmaster@noaa.gov
Page last modified: May 16, 2007
NATIONAL WEATHER SERVICE: for Safety, for Work, for Fun - FOR LIFE