557
CXUS54 KMAF 241100
CF6E38
PRELIMINARY LOCAL CLIMATOLOGICAL DATA (WS FORM: F-6)

                                          STATION:   Alpine-Casparis Municipal
                                          MONTH:     APRIL
                                          YEAR:      2014
                                          LATITUDE:   30 23 N
                                          LONGITUDE: 103 41 W

  TEMPERATURE IN F:       :PCPN:    SNOW:  WIND      :SUNSHINE: SKY     :PK WND
================================================================================
1   2   3   4   5  6A  6B    7    8   9   10  11  12  13   14  15   16   17  18
                                     12Z  AVG MX 2MIN
DY MAX MIN AVG DEP HDD CDD  WTR  SNW DPTH SPD SPD DIR MIN PSBL S-S WX    SPD DR
================================================================================

 1  86  44  65   M   0   0 0.00  0.0    0  8.7 25 230   M    M   0        32 230
 2  84  49  67   M   0   2 0.00  0.0    0 13.0 24 240   M    M   0        37 240
 3  78  46  62   M   3   0 0.00  0.0    0 16.9 25 250   M    M   0        36 250
 4  70  37  54   M  11   0 0.00  0.0    0  6.8 13 130   M    M   0        17  50
 5  76  52  64   M   1   0 0.00  0.0    0 11.7 23 230   M    M   2        33 230
 6  69  45  57   M   8   0 0.00  0.0    0 10.6 25 280   M    M   3        35 280
 7  67  40  54   M  11   0 0.00  0.0    0 11.6 23 320   M    M   1        32 320
 8  77  32  55   M  10   0 0.00  0.0    0  2.9  8 230   M    M   0         M  M
 9  86  48  67   M   0   2 0.00  0.0    0  9.6 15 230   M    M   0        21 250
10  87  55  71   M   0   6 0.00  0.0    0 10.3 17 250   M    M   0        25 250
11  88  54  71   M   0   6 0.00  0.0    0  8.7 13 280   M    M   0        22 250
12  85  58  72   M   0   7 0.00  0.0    0 11.7 20 210   M    M   1        37 210
13  82  62  72   M   0   7 0.00  0.0    0 14.3 28 250   M    M   1        39 250
14  62  35  49   M  16   0 0.00  0.0    0 14.6 25  20   M    M   3        32  20
15  69  23  46   M  19   0 0.00  0.0    0  7.6 16 150   M    M   0        22 220
16  85  47  66   M   0   1 0.00  0.0    0 11.1 17 190   M    M   0        25 230
17  74  51  63   M   2   0 0.00  0.0    0  8.4 15  40   M    M   0        28  30
18  78  44  61   M   4   0 0.00  0.0    0  5.5 15 140   M    M   0        22 130
19  79  55  67   M   0   2 0.14  0.0    0  9.8 23 350   M    M   5 3      39 350
20  79  50  65   M   0   0 0.01  0.0    0  5.9 13 200   M    M   3        22 200
21  84  48  66   M   0   1 0.00  0.0    0  7.1 13  60   M    M   0        20  20
22  84  47  66   M   0   1 0.00  0.0    0  7.6 17 150   M    M   2        24 150
23  88  62  75   M   0  10 0.00  0.0    0 13.4 24 220   M    M   0        32 200
================================================================================
SM 1817 1084        85  45  0.15     0.0 227.8          M       21
================================================================================
AV 79.0 47.1                               9.9 FASTST   M    M   1    MAX(MPH)
                                 MISC ---->    28   M                 39    M
================================================================================
NOTES:
# LAST OF SEVERAL OCCURRENCES

COLUMN 17 PEAK WIND IN M.P.H.

PRELIMINARY LOCAL CLIMATOLOGICAL DATA (WS FORM: F-6) , PAGE 2

                                          STATION:  Alpine-Casparis Municipal
                                          MONTH:    APRIL
                                          YEAR:     2014
                                          LATITUDE:   30 23 N
                                          LONGITUDE: 103 41 W

[TEMPERATURE DATA]      [PRECIPITATION DATA]       SYMBOLS USED IN COLUMN 16

AVERAGE MONTHLY: 63.1   TOTAL FOR MONTH:   0.15    1 = FOG OR MIST
DPTR FM NORMAL:     M   DPTR FM NORMAL:       M    2 = FOG REDUCING VISIBILITY
HIGHEST:    88 ON 23,11 GRTST 24HR  0.14 ON 19-19      TO 1/4 MILE OR LESS
LOWEST:     23 ON 15                               3 = THUNDER
                        SNOW, ICE PELLETS, HAIL    4 = ICE PELLETS
                        TOTAL MONTH:   0.0 INCH    5 = HAIL
                        GRTST 24HR     0.0         6 = FREEZING RAIN OR DRIZZLE
                        GRTST DEPTH:   0           7 = DUSTSTORM OR SANDSTORM:
                                                       VSBY 1/2 MILE OR LESS
                                                   8 = SMOKE OR HAZE
[NO. OF DAYS WITH]      [WEATHER - DAYS WITH]      9 = BLOWING SNOW
                                                   X = TORNADO
MAX 32 OR BELOW:   0    0.01 INCH OR MORE:   2
MAX 90 OR ABOVE:   0    0.10 INCH OR MORE:   1
MIN 32 OR BELOW:   2    0.50 INCH OR MORE:   0
MIN  0 OR BELOW:   0    1.00 INCH OR MORE:   0

[HDD (BASE 65) ]
TOTAL THIS MO.    85    CLEAR  (SCALE 0-3)  21
DPTR FM NORMAL     M    PTCLDY (SCALE 4-7)   2
TOTAL FM JUL 1  2399    CLOUDY (SCALE 8-10)  0
DPTR FM NORMAL     M

[CDD (BASE 65) ]
TOTAL THIS MO.    45
DPTR FM NORMAL     M    [PRESSURE DATA]
TOTAL FM JAN 1    57    HIGHEST SLP M ON M
DPTR FM NORMAL     M    LOWEST  SLP M ON M

[REMARKS]




U.S. Dept. of Commerce
NOAA National Weather Service
1325 East West Highway
Silver Spring, MD 20910
E-mail: w-nws.webmaster@noaa.gov
Page last modified: May 16, 2007
NATIONAL WEATHER SERVICE: for Safety, for Work, for Fun - FOR LIFE