342
CXUS54 KMAF 011100
CF6E38
PRELIMINARY LOCAL CLIMATOLOGICAL DATA (WS FORM: F-6)

                                          STATION:   Alpine-Casparis Municipal
                                          MONTH:     NOVEMBER
                                          YEAR:      2014
                                          LATITUDE:   30 23 N
                                          LONGITUDE: 103 41 W

  TEMPERATURE IN F:       :PCPN:    SNOW:  WIND      :SUNSHINE: SKY     :PK WND
================================================================================
1   2   3   4   5  6A  6B    7    8   9   10  11  12  13   14  15   16   17  18
                                     12Z  AVG MX 2MIN
DY MAX MIN AVG DEP HDD CDD  WTR  SNW DPTH SPD SPD DIR MIN PSBL S-S WX    SPD DR
================================================================================

 1  71  48  60   M   5   0 0.00  0.0    0  9.4 16 180   M    M   1        22 180
 2  72  54  63   M   2   0 0.00  0.0    0  9.4 16 220   M    M   0        18 210
 3  75  53  64   M   1   0 0.00  0.0    0  9.4 17 170   M    M   4        28 210
 4  60  42  51   M  14   0 1.37    M    0  6.4 17 360   M    M   9        27 360
 5  47  44  46   M  19   0 0.61    M    0  7.0 13  40   M    M  10        16  40
 6  48  42  45   M  20   0 0.33    M    0  5.2 12  30   M    M  10         M  M
 7  65  40  53   M  12   0 0.00  0.0    0  8.6 16 230   M    M   2        21 230
 8  60  39  50   M  15   0 0.00  0.0    0 10.4 25  10   M    M   0        30  10
 9  68  39  54   M  11   0 0.00  0.0    0 12.9 23 240   M    M   0        29 220
10  75  53  64   M   1   0 0.00  0.0    0 12.4 28 250   M    M   0        38 250
11  65  35  50   M  15   0 0.00  0.0    0  5.4 14 260   M    M   0        27 260
12  38  27  33   M  32   0 0.00  0.0    0  8.1 14  40   M    M   8        21  40
13  38  21  30   M  35   0 0.00  0.0    0  6.6 12  40   M    M   6        16  40
14  61  28  45   M  20   0 0.00  0.0    0  8.2 15 240   M    M   0        21 240
15  73  46  60   M   5   0 0.00  0.0    0 11.1 18 290   M    M   0        25 270
16  56  23  40   M  25   0 0.00  0.0    0 10.3 18  50   M    M   2        24  60
17  46  18  32   M  33   0 0.00  0.0    0  3.6  9  60   M    M   1         M  M
18  59  24  42   M  23   0 0.00  0.0    0  6.4 13  50   M    M   1        17 230
19  67  38  53   M  12   0 0.00  0.0    0  9.9 17 250   M    M   0        25 250
20  71  41  56   M   9   0 0.00  0.0    0  9.7 22 260   M    M   0        25 260
21  73  35  54   M  11   0 0.00  0.0    0  7.4 16 210   M    M   0        21 210
22  65  41  53   M  12   0 0.09    M    0  5.7 16 250   M    M   2 3      27 240
23  66  41  54   M  11   0 0.00  0.0    0 17.5 33 270   M    M   0        48 270
24  56  26  41   M  24   0 0.00  0.0    0  6.4 14 260   M    M   0         M  M
25  55  31  43   M  22   0 0.00  0.0    0  9.0 22 240   M    M   0        28 240
26  70  38  54   M  11   0 0.00  0.0    0  9.4 21 250   M    M   0        25 250
27  69  32  51   M  14   0 0.00  0.0    0  5.2 10 230   M    M   0         M  M
28  71  38  55   M  10   0 0.00  0.0    0 13.0 23 220   M    M   0        27 230
29  75  44  60   M   5   0 0.00  0.0    0 10.2 17 230   M    M   0        23 230
30  75  45  60   M   5   0 0.00  0.0    0 10.0 14 260   M    M   0        20 260
================================================================================
SM 1890 1126       434   0  2.40     0.0 264.2          M       56
================================================================================
AV 63.0 37.5                               8.8 FASTST   M    M   2    MAX(MPH)
                                 MISC ---->    33   M                 48    M
================================================================================
NOTES:
# LAST OF SEVERAL OCCURRENCES

COLUMN 17 PEAK WIND IN M.P.H.

PRELIMINARY LOCAL CLIMATOLOGICAL DATA (WS FORM: F-6) , PAGE 2

                                          STATION:  Alpine-Casparis Municipal
                                          MONTH:    NOVEMBER
                                          YEAR:     2014
                                          LATITUDE:   30 23 N
                                          LONGITUDE: 103 41 W

[TEMPERATURE DATA]      [PRECIPITATION DATA]       SYMBOLS USED IN COLUMN 16

AVERAGE MONTHLY: 50.3   TOTAL FOR MONTH:   2.40    1 = FOG OR MIST
DPTR FM NORMAL:     M   DPTR FM NORMAL:       M    2 = FOG REDUCING VISIBILITY
HIGHEST:    75 ON 30,29 GRTST 24HR  1.37 ON  4- 4      TO 1/4 MILE OR LESS
LOWEST:     18 ON 17                               3 = THUNDER
                        SNOW, ICE PELLETS, HAIL    4 = ICE PELLETS
                        TOTAL MONTH:   0.0 INCH    5 = HAIL
                        GRTST 24HR     0.0         6 = FREEZING RAIN OR DRIZZLE
                        GRTST DEPTH:   0           7 = DUSTSTORM OR SANDSTORM:
                                                       VSBY 1/2 MILE OR LESS
                                                   8 = SMOKE OR HAZE
[NO. OF DAYS WITH]      [WEATHER - DAYS WITH]      9 = BLOWING SNOW
                                                   X = TORNADO
MAX 32 OR BELOW:   0    0.01 INCH OR MORE:   4
MAX 90 OR ABOVE:   0    0.10 INCH OR MORE:   3
MIN 32 OR BELOW:   9    0.50 INCH OR MORE:   2
MIN  0 OR BELOW:   0    1.00 INCH OR MORE:   1

[HDD (BASE 65) ]
TOTAL THIS MO.   434    CLEAR  (SCALE 0-3)  24
DPTR FM NORMAL     M    PTCLDY (SCALE 4-7)   3
TOTAL FM JUL 1   504    CLOUDY (SCALE 8-10)  3
DPTR FM NORMAL     M

[CDD (BASE 65) ]
TOTAL THIS MO.     0
DPTR FM NORMAL     M    [PRESSURE DATA]
TOTAL FM JAN 1  1894    HIGHEST SLP M ON M
DPTR FM NORMAL     M    LOWEST  SLP M ON M

[REMARKS]
#FINAL-11-14#




U.S. Dept. of Commerce
NOAA National Weather Service
1325 East West Highway
Silver Spring, MD 20910
E-mail: w-nws.webmaster@noaa.gov
Page last modified: May 16, 2007
NATIONAL WEATHER SERVICE: for Safety, for Work, for Fun - FOR LIFE