540
CXUS54 KEWX 280910
CF6DZB
PRELIMINARY LOCAL CLIMATOLOGICAL DATA (WS FORM: F-6)

                                          STATION:   Horseshoe Bay
                                          MONTH:     NOVEMBER
                                          YEAR:      2014
                                          LATITUDE:   30 31 N
                                          LONGITUDE:  98 22 W

  TEMPERATURE IN F:       :PCPN:    SNOW:  WIND      :SUNSHINE: SKY     :PK WND
================================================================================
1   2   3   4   5  6A  6B    7    8   9   10  11  12  13   14  15   16   17  18
                                     12Z  AVG MX 2MIN
DY MAX MIN AVG DEP HDD CDD  WTR  SNW DPTH SPD SPD DIR MIN PSBL S-S WX    SPD DR
================================================================================

 1  68  38  53   M  12   0 0.00    M    M  3.4  8 150   M    M   0         M  M
 2  74  48  61   M   4   0 0.00    M    M  8.5 14 180   M    M   5        22 140
 3  75  62  69   M   0   4 0.00    M    M  8.0 13 160   M    M   9        25 180
 4  74  57  66   M   0   1 0.52    M    M  5.5 10  30   M    M  10 3      20  30
 5  57  54  56   M   9   0 1.60    M    M  4.2  9  10   M    M  10         M  M
 6  64  54  59   M   6   0 0.05    M    M  2.4  9 340   M    M   8         M  M
 7  71  49  60   M   5   0 0.00    M    M  1.5  7 110   M    M   3         M  M
 8  73  47  60   M   5   0 0.00    M    M  3.6 10 320   M    M   0        17 360
 9  76  39  58   M   7   0 0.00    M    M  2.4  7 190   M    M   0         M  M
10  77  43  60   M   5   0 0.00    M    M  6.7 20 180   M    M   0        29 180
11  67  41  54   M  11   0 0.00    M    M  9.1 18 330   M    M   3        28 350
12  49  34  42   M  23   0 0.00    M    M  9.7 13 350   M    M   4        22 360
13  41  32  37   M  28   0    T    M    M  9.4 15 360   M    M   8        23 360
14  44  32  38   M  27   0 0.00    M    M  2.3  6 140   M    M  10         M  M
15  49  35  42   M  23   0 0.00    M    M  4.0  8 150   M    M  10 1       M  M
16  52  32  42   M  23   0 0.00    M    M  6.4 18 330   M    M  10 1      25 340
17  52  26  39   M  26   0 0.00    M    M  7.5 18 330   M    M   2        28 330
18  57  26  42   M  23   0 0.00    M    M  3.4  9 180   M    M   0        21 210
19  70  29  50   M  15   0 0.00    M    M  4.4 10 200   M    M   0        20 200
20  74  40  57   M   8   0 0.00    M    M  4.2 12 190   M    M   4 1      24 200
21  79  53  66   M   0   1 0.40    M    M  4.5 14 170   M    M   8 123    18 170
22  66  57  62   M   3   0 2.13    M    M  5.6 12 140   M    M  10 13     18 140
23  80  47  64   M   1   0 0.00    M    M  5.3 15 260   M    M   0        27 260
24  63  36  50   M  15   0 0.00    M    M  4.9 12 350   M    M   0        20 350
25  66  32  49   M  16   0 0.00    M    M  3.0  9 290   M    M   0         M  M
26  73  36  55   M  10   0 0.00    M    M  3.5 10 240   M    M   0        18 240
27  63  34  49   M  16   0 0.00    M    M  2.3  7 100   M    M   0         M  M
================================================================================
SM 1754 1113       321   6  4.70    M    135.7          M      114
================================================================================
AV 65.0 41.2                               5.0 FASTST   M    M   4    MAX(MPH)
                                 MISC ---->    20   M                 29    M
================================================================================
NOTES:
# LAST OF SEVERAL OCCURRENCES

COLUMN 17 PEAK WIND IN M.P.H.

PRELIMINARY LOCAL CLIMATOLOGICAL DATA (WS FORM: F-6) , PAGE 2

                                          STATION:  Horseshoe Bay
                                          MONTH:    NOVEMBER
                                          YEAR:     2014
                                          LATITUDE:   30 31 N
                                          LONGITUDE:  98 22 W

[TEMPERATURE DATA]      [PRECIPITATION DATA]       SYMBOLS USED IN COLUMN 16

AVERAGE MONTHLY: 53.1   TOTAL FOR MONTH:   4.70    1 = FOG OR MIST
DPTR FM NORMAL:     M   DPTR FM NORMAL:       M    2 = FOG REDUCING VISIBILITY
HIGHEST:    80 ON 23    GRTST 24HR  2.13 ON 22-22      TO 1/4 MILE OR LESS
LOWEST:     26 ON 18,17                            3 = THUNDER
                        SNOW, ICE PELLETS, HAIL    4 = ICE PELLETS
                        TOTAL MONTH:    M          5 = HAIL
                        GRTST 24HR    M  ON   M    6 = FREEZING RAIN OR DRIZZLE
                        GRTST DEPTH:  M  ON   M    7 = DUSTSTORM OR SANDSTORM:
                                                       VSBY 1/2 MILE OR LESS
                                                   8 = SMOKE OR HAZE
[NO. OF DAYS WITH]      [WEATHER - DAYS WITH]      9 = BLOWING SNOW
                                                   X = TORNADO
MAX 32 OR BELOW:   0    0.01 INCH OR MORE:   5
MAX 90 OR ABOVE:   0    0.10 INCH OR MORE:   4
MIN 32 OR BELOW:   7    0.50 INCH OR MORE:   3
MIN  0 OR BELOW:   0    1.00 INCH OR MORE:   2

[HDD (BASE 65) ]
TOTAL THIS MO.   321    CLEAR  (SCALE 0-3)  14
DPTR FM NORMAL     M    PTCLDY (SCALE 4-7)   3
TOTAL FM JUL 1   326    CLOUDY (SCALE 8-10) 10
DPTR FM NORMAL     M

[CDD (BASE 65) ]
TOTAL THIS MO.     6
DPTR FM NORMAL     M    [PRESSURE DATA]
TOTAL FM JAN 1  2816    HIGHEST SLP M ON M
DPTR FM NORMAL     M    LOWEST  SLP M ON M

[REMARKS]




U.S. Dept. of Commerce
NOAA National Weather Service
1325 East West Highway
Silver Spring, MD 20910
E-mail: w-nws.webmaster@noaa.gov
Page last modified: May 16, 2007
NATIONAL WEATHER SERVICE: for Safety, for Work, for Fun - FOR LIFE