755
CXUS54 KEWX 240910
CF6DZB
PRELIMINARY LOCAL CLIMATOLOGICAL DATA (WS FORM: F-6)

                                          STATION:   Horseshoe Bay
                                          MONTH:     APRIL
                                          YEAR:      2014
                                          LATITUDE:   30 31 N
                                          LONGITUDE:  98 22 W

  TEMPERATURE IN F:       :PCPN:    SNOW:  WIND      :SUNSHINE: SKY     :PK WND
================================================================================
1   2   3   4   5  6A  6B    7    8   9   10  11  12  13   14  15   16   17  18
                                     12Z  AVG MX 2MIN
DY MAX MIN AVG DEP HDD CDD  WTR  SNW DPTH SPD SPD DIR MIN PSBL S-S WX    SPD DR
================================================================================

 1  86  65  76   M   0  11 0.00    M    M  9.2 14 170   M    M   7        23 160
 2  82  71  77   M   0  12 0.00    M    M  9.0 14 180   M    M   7        27 190
 3  84  63  74   M   0   9 0.10    M    M  7.5 14 180   M    M   5 3      23 180
 4  71  49  60   M   5   0 0.00    M    M  7.9 16 350   M    M   3 3      23 360
 5  63  48  56   M   9   0 0.00    M    M  2.9  8 110   M    M   6         M  M
 6  59  46  53   M  12   0 0.24    M    M  4.5 10 340   M    M   9 13      M  M
 7  73  41  57   M   8   0 0.12    M    M  3.3 16 330   M    M   4 13     39 330
 8  76  47  62   M   3   0 0.00    M    M  6.8 16 340   M    M   0        24 340
 9  86  44  65   M   0   0 0.00    M    M  6.8 14 170   M    M   0        22 210
10  88  60  74   M   0   9 0.00    M    M  9.8 18 170   M    M   0        27 170
11  88  62  75   M   0  10 0.00    M    M  9.4 13 160   M    M   2        22 160
12  85  65  75   M   0  10 0.00    M    M 10.8 17 190   M    M   7        25 170
13  80  67  74   M   0   9 0.00    M    M  6.8 15 160   M    M   6        22 140
14  73  47  60   M   5   0 0.00    M    M 13.1 23 350   M    M   5 3      32 350
15  66  33  50   M  15   0 0.00    M    M  5.1  8  40   M    M   0         M  M
16  74  40  57   M   8   0 0.00    M    M  9.7 16 170   M    M   0        25 170
17  64  56  60   M   5   0 0.02    M    M  3.4 10 150   M    M  10 1      17 150
18  79  59  69   M   0   4 0.00    M    M  1.9  8  60   M    M   6 1       M  M
19  78  50  64   M   1   0 0.00    M    M  5.1 10 130   M    M   2        20 130
20  73  64  69   M   0   4 0.00    M    M  5.6 12 170   M    M   9        21 170
21  87  64  76   M   0  11 0.03    M    M  5.6 12 170   M    M   5 3      28 170
22  86  57  72   M   0   7 0.00    M    M  2.6  7  80   M    M   1         M  M
23  89  57  73   M   0   8 0.00    M    M  8.5 17 150   M    M   1        27 150
================================================================================
SM 1790 1255        71 104  0.51    M    155.3          M       95
================================================================================
AV 77.8 54.6                               6.8 FASTST   M    M   4    MAX(MPH)
                                 MISC ---->  # 23 350                 39    M
================================================================================
NOTES:
# LAST OF SEVERAL OCCURRENCES

COLUMN 17 PEAK WIND IN M.P.H.

PRELIMINARY LOCAL CLIMATOLOGICAL DATA (WS FORM: F-6) , PAGE 2

                                          STATION:  Horseshoe Bay
                                          MONTH:    APRIL
                                          YEAR:     2014
                                          LATITUDE:   30 31 N
                                          LONGITUDE:  98 22 W

[TEMPERATURE DATA]      [PRECIPITATION DATA]       SYMBOLS USED IN COLUMN 16

AVERAGE MONTHLY: 66.2   TOTAL FOR MONTH:   0.51    1 = FOG OR MIST
DPTR FM NORMAL:     M   DPTR FM NORMAL:       M    2 = FOG REDUCING VISIBILITY
HIGHEST:    89 ON 23    GRTST 24HR  0.24 ON  6- 6      TO 1/4 MILE OR LESS
LOWEST:     33 ON 15                               3 = THUNDER
                        SNOW, ICE PELLETS, HAIL    4 = ICE PELLETS
                        TOTAL MONTH:    M          5 = HAIL
                        GRTST 24HR    M  ON   M    6 = FREEZING RAIN OR DRIZZLE
                        GRTST DEPTH:  M  ON   M    7 = DUSTSTORM OR SANDSTORM:
                                                       VSBY 1/2 MILE OR LESS
                                                   8 = SMOKE OR HAZE
[NO. OF DAYS WITH]      [WEATHER - DAYS WITH]      9 = BLOWING SNOW
                                                   X = TORNADO
MAX 32 OR BELOW:   0    0.01 INCH OR MORE:   5
MAX 90 OR ABOVE:   0    0.10 INCH OR MORE:   3
MIN 32 OR BELOW:   0    0.50 INCH OR MORE:   0
MIN  0 OR BELOW:   0    1.00 INCH OR MORE:   0

[HDD (BASE 65) ]
TOTAL THIS MO.    71    CLEAR  (SCALE 0-3)  10
DPTR FM NORMAL     M    PTCLDY (SCALE 4-7)  10
TOTAL FM JUL 1  2142    CLOUDY (SCALE 8-10)  3
DPTR FM NORMAL     M

[CDD (BASE 65) ]
TOTAL THIS MO.   104
DPTR FM NORMAL     M    [PRESSURE DATA]
TOTAL FM JAN 1   160    HIGHEST SLP M ON M
DPTR FM NORMAL     M    LOWEST  SLP M ON M

[REMARKS]




U.S. Dept. of Commerce
NOAA National Weather Service
1325 East West Highway
Silver Spring, MD 20910
E-mail: w-nws.webmaster@noaa.gov
Page last modified: May 16, 2007
NATIONAL WEATHER SERVICE: for Safety, for Work, for Fun - FOR LIFE