647
CXUS54 KEWX 300910
CF6DZB
PRELIMINARY LOCAL CLIMATOLOGICAL DATA (WS FORM: F-6)

                                          STATION:   Horseshoe Bay
                                          MONTH:     JULY
                                          YEAR:      2014
                                          LATITUDE:   30 31 N
                                          LONGITUDE:  98 22 W

  TEMPERATURE IN F:       :PCPN:    SNOW:  WIND      :SUNSHINE: SKY     :PK WND
================================================================================
1   2   3   4   5  6A  6B    7    8   9   10  11  12  13   14  15   16   17  18
                                     12Z  AVG MX 2MIN
DY MAX MIN AVG DEP HDD CDD  WTR  SNW DPTH SPD SPD DIR MIN PSBL S-S WX    SPD DR
================================================================================

 1  94  73  84   M   0  19 0.00    M    M  8.6 14 170   M    M   1        21 170
 2  96  68  82   M   0  17 0.00    M    M  3.0  8 170   M    M   1         M  M
 3  95  70  83   M   0  18 0.00    M    M  3.8 14  60   M    M   1        18  60
 4  94  69  82   M   0  17 0.00    M    M  3.8 12 160   M    M   0        20 150
 5  94  67  81   M   0  16 0.00    M    M  4.4 10 180   M    M   3 18     20 160
 6  94  69  82   M   0  17 0.00    M    M  4.5 10 160   M    M   1 1      16 200
 7  96  72  84   M   0  19 0.00    M    M  5.4 13 160   M    M   0        18 190
 8  96  70  83   M   0  18 0.00    M    M  6.2 13 170   M    M   0        20 160
 9  95  72  84   M   0  19 0.00    M    M  6.9 13 170   M    M   1        21 170
10  94  70  82   M   0  17 0.00    M    M  7.3 14 180   M    M   1        22 170
11  94  68  81   M   0  16 0.00    M    M  5.7 13 160   M    M   4        25 160
12  96  66  81   M   0  16 0.00    M    M  4.6 12 140   M    M   0 1      16 140
13  98  70  84   M   0  19 0.00    M    M  4.6  9 160   M    M   1         M  M
14  99  74  87   M   0  22 0.00    M    M  4.4  9 130   M    M   0        25 110
15  90  70  80   M   0  15 0.29    M    M  2.2 10 310   M    M   5 3      25  80
16  94  71  83   M   0  18 0.01    M    M  4.0 12 170   M    M   4 138    16 140
17  87  75  81   M   0  16 0.27    M    M  3.8  8 160   M    M   7 13      M  M
18  76  71  74   M   0   9 0.00    M    M  1.3  6  60   M    M  10 13      M  M
19  87  70  79   M   0  14 0.00    M    M  2.1  8 150   M    M   7         M  M
20  95  72  84   M   0  19 0.00    M    M  3.8 12 140   M    M   5 1      16 140
21  97  75  86   M   0  21 0.00    M    M  3.5  8 130   M    M   1         M  M
22  97  73  85   M   0  20 0.00    M    M  2.1  8  80   M    M   1         M  M
23  97  73  85   M   0  20 0.00    M    M  2.9  8 110   M    M   1         M  M
24  94  74  84   M   0  19 0.02    M    M  2.6  9  70   M    M   2         M  M
25  98  73  86   M   0  21 0.00    M    M  3.8  8 150   M    M   3        17 120
26  99  73  86   M   0  21 0.00    M    M  7.0 13 160   M    M   1        21 190
27  99  73  86   M   0  21 0.00    M    M  5.8 12 170   M    M   0        24 170
28 100  73  87   M   0  22 0.00    M    M  3.6  9 180   M    M   0        17 180
29  97  71  84   M   0  19 0.22    M    M  2.6  8  90   M    M   2        26  60
================================================================================
SM 2742 2065         0 525  0.81    M    124.3          M       63
================================================================================
AV 94.6 71.2                               4.3 FASTST   M    M   2    MAX(MPH)
                                 MISC ---->    14   M                 26    M
================================================================================
NOTES:
# LAST OF SEVERAL OCCURRENCES

COLUMN 17 PEAK WIND IN M.P.H.

PRELIMINARY LOCAL CLIMATOLOGICAL DATA (WS FORM: F-6) , PAGE 2

                                          STATION:  Horseshoe Bay
                                          MONTH:    JULY
                                          YEAR:     2014
                                          LATITUDE:   30 31 N
                                          LONGITUDE:  98 22 W

[TEMPERATURE DATA]      [PRECIPITATION DATA]       SYMBOLS USED IN COLUMN 16

AVERAGE MONTHLY: 82.9   TOTAL FOR MONTH:   0.81    1 = FOG OR MIST
DPTR FM NORMAL:     M   DPTR FM NORMAL:       M    2 = FOG REDUCING VISIBILITY
HIGHEST:   100 ON 28    GRTST 24HR  0.29 ON 15-15      TO 1/4 MILE OR LESS
LOWEST:     66 ON 12                               3 = THUNDER
                        SNOW, ICE PELLETS, HAIL    4 = ICE PELLETS
                        TOTAL MONTH:    M          5 = HAIL
                        GRTST 24HR    M  ON   M    6 = FREEZING RAIN OR DRIZZLE
                        GRTST DEPTH:  M  ON   M    7 = DUSTSTORM OR SANDSTORM:
                                                       VSBY 1/2 MILE OR LESS
                                                   8 = SMOKE OR HAZE
[NO. OF DAYS WITH]      [WEATHER - DAYS WITH]      9 = BLOWING SNOW
                                                   X = TORNADO
MAX 32 OR BELOW:   0    0.01 INCH OR MORE:   5
MAX 90 OR ABOVE:  26    0.10 INCH OR MORE:   3
MIN 32 OR BELOW:   0    0.50 INCH OR MORE:   0
MIN  0 OR BELOW:   0    1.00 INCH OR MORE:   0

[HDD (BASE 65) ]
TOTAL THIS MO.     0    CLEAR  (SCALE 0-3)  22
DPTR FM NORMAL     M    PTCLDY (SCALE 4-7)   6
TOTAL FM JUL 1     0    CLOUDY (SCALE 8-10)  1
DPTR FM NORMAL     M

[CDD (BASE 65) ]
TOTAL THIS MO.   525
DPTR FM NORMAL     M    [PRESSURE DATA]
TOTAL FM JAN 1  1514    HIGHEST SLP M ON M
DPTR FM NORMAL     M    LOWEST  SLP M ON M

[REMARKS]




U.S. Dept. of Commerce
NOAA National Weather Service
1325 East West Highway
Silver Spring, MD 20910
E-mail: w-nws.webmaster@noaa.gov
Page last modified: May 16, 2007
NATIONAL WEATHER SERVICE: for Safety, for Work, for Fun - FOR LIFE