472
CXUS55 KPSR 311005
CF6DVT
PRELIMINARY LOCAL CLIMATOLOGICAL DATA (WS FORM: F-6)

                                          STATION:   DEER VLY/PHOENIX AZ
                                          MONTH:     JULY
                                          YEAR:      2014
                                          LATITUDE:   33 41 N
                                          LONGITUDE: 112  4 W

  TEMPERATURE IN F:       :PCPN:    SNOW:  WIND      :SUNSHINE: SKY     :PK WND
================================================================================
1   2   3   4   5  6A  6B    7    8   9   10  11  12  13   14  15   16   17  18
                                     12Z  AVG MX 2MIN
DY MAX MIN AVG DEP HDD CDD  WTR  SNW DPTH SPD SPD DIR MIN PSBL S-S WX    SPD DR
================================================================================

 1 106  81  94   3   0  29 0.00  0.0    0  6.7 17 220   M    M   0        21 260
 2 106  82  94   3   0  29 0.00  0.0    0  5.9 17 230   M    M   0        22 250
 3 105  82  94   3   0  29 0.01  0.0    0  7.3 31 140   M    M   0 8      44 130
 4  96  76  86  -5   0  21    T  0.0    0  4.8 14 290   M    M   1        18 290
 5 101  83  92   1   0  27    T  0.0    0  7.1 20 320   M    M   2        25  60
 6 102  81  92   0   0  27 0.00  0.0    0  7.1 23 310   M    M   0        28 300
 7 104  85  95   3   0  30 0.00  0.0    0  6.9 23 350   M    M   0        32 300
 8 101  84  93   1   0  28 0.00  0.0    0  7.9 22 110   M    M   1 38     29 110
 9  98  81  90  -2   0  25 0.00  0.0    0  6.5 16 230   M    M   1 8      20 230
10 101  83  92   0   0  27 0.00  0.0    0  5.3 16 210   M    M   0        23 270
11 104  84  94   2   0  29 0.00  0.0    0  6.7 18 220   M    M   0        22 240
12 105  86  96   4   0  31    T  0.0    0  6.0 17 130   M    M   1        21  80
13 106  80  93   1   0  28 0.01  0.0    0  7.8 36 140   M    M   0 8      52 140
14 100  79  90  -2   0  25 0.00  0.0    0  5.5 21 330   M    M   1        25 190
15 100  86  93   1   0  28 0.00  0.0    0  6.7 25 340   M    M   1        30 340
16 103  83  93   1   0  28    T  0.0    0  7.4 20 330   M    M   0        28 340
17 102  85  94   2   0  29 0.00  0.0    0  6.5 16 220   M    M   0 8      25 250
18 101  77  89  -3   0  24 0.00  0.0    0  6.3 18 240   M    M   0        23 230
19 101  83  92   0   0  27    T  0.0    0  5.6 15 240   M    M   0        22 230
20 104  76  90  -2   0  25 0.00  0.0    0  3.8 15 260   M    M   0        20 260
21 104  76  90  -2   0  25 0.00  0.0    0  3.7 16 260   M    M   0 8      20 250
22 111  81  96   4   0  31 0.00  0.0    0  4.6 16 230   M    M   0        21 270
23 111  91 101   9   0  36    T  0.0    0  8.1 22  20   M    M   1        28  20
24 111  90 101   9   0  36 0.00  0.0    0  7.6 18 200   M    M   0        28 170
25 106  86  96   4   0  31    T  0.0    0  8.5 25 160   M    M   0 78     36 150
26 107  71  89  -3   0  24 0.69  0.0    0  8.5 51 110   M    M   0 138    61  90
27 101  77  89  -3   0  24    T  0.0    0  7.7 26 340   M    M   1 38     31 330
28 102  81  92   0   0  27 0.00  0.0    0  4.9 16 140   M    M   1        21 140
29 105  83  94   2   0  29 0.00  0.0    0  6.4 18 220   M    M   0        24 220
30 107  83  95   3   0  30 0.00  0.0    0  5.0 15 220   M    M   0        21 260
================================================================================
SM 3111 2456         0 839  0.71     0.0 192.8          M       11
================================================================================
AV103.7 81.9                               6.4 FASTST   M    M   0    MAX(MPH)
                                 MISC ---->  # 51 110               # 61   90
================================================================================
NOTES:
# LAST OF SEVERAL OCCURRENCES

COLUMN 17 PEAK WIND IN M.P.H.

PRELIMINARY LOCAL CLIMATOLOGICAL DATA (WS FORM: F-6) , PAGE 2

                                          STATION:  DEER VLY/PHOENIX AZ
                                          MONTH:    JULY
                                          YEAR:     2014
                                          LATITUDE:   33 41 N
                                          LONGITUDE: 112  4 W

[TEMPERATURE DATA]      [PRECIPITATION DATA]       SYMBOLS USED IN COLUMN 16

AVERAGE MONTHLY: 92.8   TOTAL FOR MONTH:   0.71    1 = FOG OR MIST
DPTR FM NORMAL:   0.9   DPTR FM NORMAL:   -0.47    2 = FOG REDUCING VISIBILITY
HIGHEST:   111 ON 24,23 GRTST 24HR  0.69 ON 26-26      TO 1/4 MILE OR LESS
LOWEST:     71 ON 26                               3 = THUNDER
                        SNOW, ICE PELLETS, HAIL    4 = ICE PELLETS
                        TOTAL MONTH:   0.0 INCH    5 = HAIL
                        GRTST 24HR     0.0         6 = FREEZING RAIN OR DRIZZLE
                        GRTST DEPTH:   0           7 = DUSTSTORM OR SANDSTORM:
                                                       VSBY 1/2 MILE OR LESS
                                                   8 = SMOKE OR HAZE
[NO. OF DAYS WITH]      [WEATHER - DAYS WITH]      9 = BLOWING SNOW
                                                   X = TORNADO
MAX 32 OR BELOW:   0    0.01 INCH OR MORE:   3
MAX 90 OR ABOVE:  30    0.10 INCH OR MORE:   1
MIN 32 OR BELOW:   0    0.50 INCH OR MORE:   1
MIN  0 OR BELOW:   0    1.00 INCH OR MORE:   0

[HDD (BASE 65) ]
TOTAL THIS MO.     0    CLEAR  (SCALE 0-3)  30
DPTR FM NORMAL     0    PTCLDY (SCALE 4-7)   0
TOTAL FM JUL 1     0    CLOUDY (SCALE 8-10)  0
DPTR FM NORMAL     0

[CDD (BASE 65) ]
TOTAL THIS MO.   839
DPTR FM NORMAL    34    [PRESSURE DATA]
TOTAL FM JAN 1  2231    HIGHEST SLP M ON M
DPTR FM NORMAL   135    LOWEST  SLP 29.61 ON 24

[REMARKS]




U.S. Dept. of Commerce
NOAA National Weather Service
1325 East West Highway
Silver Spring, MD 20910
E-mail: w-nws.webmaster@noaa.gov
Page last modified: May 16, 2007
NATIONAL WEATHER SERVICE: for Safety, for Work, for Fun - FOR LIFE