881
CXUS55 KDVN 301100
CF6DVN
PRELIMINARY LOCAL CLIMATOLOGICAL DATA (WS FORM: F-6)

                                          STATION:   DAVENPORT IA
                                          MONTH:     JANUARY
                                          YEAR:      2015
                                          LATITUDE:   41 37 N
                                          LONGITUDE:  90 35 W

  TEMPERATURE IN F:       :PCPN:    SNOW:  WIND      :SUNSHINE: SKY     :PK WND
================================================================================
1   2   3   4   5  6A  6B    7    8   9   10  11  12  13   14  15   16   17  18
                                     12Z  AVG MX 2MIN
DY MAX MIN AVG DEP HDD CDD  WTR  SNW DPTH SPD SPD DIR MIN PSBL S-S WX    SPD DR
================================================================================

 1  33  14  24   2  41   0 0.00  0.0    0 13.8 23 240   M    M   0        28 240
 2  34  11  23   2  42   0    T    T    0  4.1 10 150   M    M   1        12 150
 3  33  29  31  10  34   0 0.08  0.4    T  6.5 15 120   M    M  10 126    16 120
 4  32  -2  15  -6  50   0 0.13  1.8    2 18.2 28 300   M    M   5 1      34 300
 5   7  -7   0 -21  65   0 0.20  4.3    2  9.2 15 170   M    M   4 1      17 170
 6   8 -11  -1 -22  66   0 0.01  0.5    7 13.3 30 320   M    M   4 18     36 320
 7   6 -11  -2 -23  67   0 0.00  0.0    6 15.5 29 320   M    M   0 8      36 310
 8  20 -11   5 -16  60   0    T  0.2    4 20.7 40 290   M    M   6 19     51 300
 9  10  -2   4 -17  61   0 0.00  0.0    4 18.1 32 300   M    M   3 89     39 310
10  25  -5  10 -11  55   0 0.00  0.0    4 11.4 22 180   M    M   3        27 180
11  32  17  25   4  40   0 0.05  0.8    3  7.3 15 220   M    M   3 1      19 200
12  25  -3  11 -10  54   0 0.00  0.0    4 11.5 21 360   M    M   3 1      24  10
13  17  -5   6 -15  59   0 0.00  0.0    3  6.7 14  50   M    M   0 128    18  40
14  23  -2  11 -10  54   0    T    T    3  6.8 10 170   M    M   6 128    13 190
15  34  17  26   5  39   0 0.00  0.0    2 10.4 17 250   M    M   1        20 270
16  37  16  27   6  38   0 0.00  0.0    2 10.2 20 130   M    M   0 128    22 140
17  43  35  39  18  26   0 0.00  0.0    2 16.7 23 290   M    M   4        28 210
18  43  23  33  12  32   0 0.00  0.0    T 11.2 22 300   M    M   0        25 290
19  43  23  33  12  32   0 0.02  0.0    T  6.9 17 160   M    M   4 1      19 170
20  36  29  33  12  32   0 0.00  0.0    0  7.5 14 280   M    M   7 1      17 260
21  35  31  33  12  32   0 0.01    T    0  7.1 15 290   M    M  10 16     18 280
22  31  28  30   9  35   0    T    T    T  7.1 14 340   M    M  10 168    15 340
23  37  27  32  11  33   0    T    T    0 10.8 17 210   M    M   6        22 190
24  46  24  35  14  30   0 0.00  0.0    0  8.8 17 250   M    M   0 1      22 250
25  36  13  25   3  40   0 0.11  1.3    0 15.0 28  20   M    M   7 1      34  30
26  33   9  21  -1  44   0 0.06  1.3    1  5.9 16 180   M    M   8 1268   19 180
27  34  26  30   8  35   0    T  0.0    2  8.8 21  10   M    M  10 18     26 360
28  38  26  32  10  33   0 0.00  0.0    2 16.2 28 140   M    M   3 8      33 150
29  38  24  31   9  34   0 0.00  0.0    1 17.5 29 320   M    M   8 18     38 330
================================================================================
SM  869  363      1263   0  0.67    10.6 323.2          M      126
================================================================================
AV 30.0 12.5                              11.1 FASTST   M    M   4    MAX(MPH)
                                 MISC ---->  # 40 290               # 51  300
================================================================================
NOTES:
# LAST OF SEVERAL OCCURRENCES

COLUMN 17 PEAK WIND IN M.P.H.

PRELIMINARY LOCAL CLIMATOLOGICAL DATA (WS FORM: F-6) , PAGE 2

                                          STATION:  DAVENPORT IA
                                          MONTH:    JANUARY
                                          YEAR:     2015
                                          LATITUDE:   41 37 N
                                          LONGITUDE:  90 35 W

[TEMPERATURE DATA]      [PRECIPITATION DATA]       SYMBOLS USED IN COLUMN 16

AVERAGE MONTHLY: 21.2   TOTAL FOR MONTH:   0.67    1 = FOG OR MIST
DPTR FM NORMAL:   0.0   DPTR FM NORMAL:   -0.38    2 = FOG REDUCING VISIBILITY
HIGHEST:    46 ON 24    GRTST 24HR  0.20 ON  5- 5      TO 1/4 MILE OR LESS
LOWEST:    -11 ON  8, 7                            3 = THUNDER
                        SNOW, ICE PELLETS, HAIL    4 = ICE PELLETS
                        TOTAL MONTH:  10.6 INCHES  5 = HAIL
                        GRTST 24HR   4.3 ON   M    6 = FREEZING RAIN OR DRIZZLE
                        GRTST DEPTH:   7 ON  6     7 = DUSTSTORM OR SANDSTORM:
                                                       VSBY 1/2 MILE OR LESS
                                                   8 = SMOKE OR HAZE
[NO. OF DAYS WITH]      [WEATHER - DAYS WITH]      9 = BLOWING SNOW
                                                   X = TORNADO
MAX 32 OR BELOW:  12    0.01 INCH OR MORE:   9
MAX 90 OR ABOVE:   0    0.10 INCH OR MORE:   3
MIN 32 OR BELOW:  28    0.50 INCH OR MORE:   0
MIN  0 OR BELOW:  10    1.00 INCH OR MORE:   0

[HDD (BASE 65) ]
TOTAL THIS MO.  1263    CLEAR  (SCALE 0-3)  11
DPTR FM NORMAL    -8    PTCLDY (SCALE 4-7)  13
TOTAL FM JUL 1  3941    CLOUDY (SCALE 8-10)  5
DPTR FM NORMAL    90

[CDD (BASE 65) ]
TOTAL THIS MO.     0
DPTR FM NORMAL     0    [PRESSURE DATA]
TOTAL FM JAN 1     0    HIGHEST SLP M ON M
DPTR FM NORMAL     0    LOWEST  SLP 29.58 ON 25

[REMARKS]




U.S. Dept. of Commerce
NOAA National Weather Service
1325 East West Highway
Silver Spring, MD 20910
E-mail: w-nws.webmaster@noaa.gov
Page last modified: May 16, 2007
NATIONAL WEATHER SERVICE: for Safety, for Work, for Fun - FOR LIFE