150
CXUS55 KDVN 271100
CF6DVN
PRELIMINARY LOCAL CLIMATOLOGICAL DATA (WS FORM: F-6)

                                          STATION:   DAVENPORT IA
                                          MONTH:     AUGUST
                                          YEAR:      2014
                                          LATITUDE:   41 37 N
                                          LONGITUDE:  90 35 W

  TEMPERATURE IN F:       :PCPN:    SNOW:  WIND      :SUNSHINE: SKY     :PK WND
================================================================================
1   2   3   4   5  6A  6B    7    8   9   10  11  12  13   14  15   16   17  18
                                     12Z  AVG MX 2MIN
DY MAX MIN AVG DEP HDD CDD  WTR  SNW DPTH SPD SPD DIR MIN PSBL S-S WX    SPD DR
================================================================================

 1  82  63  73   0   0   8    T  0.0    0  4.5 14  60   M    M   3 3      16  60
 2  84  55  70  -3   0   5 0.00  0.0    0  2.1  9 290   M    M   1 12     11 290
 3  83  57  70  -2   0   5 0.00  0.0    0  4.2 13 230   M    M   1 12     17 270
 4  86  63  75   3   0  10 0.59  0.0    0  5.1 20  30   M    M   2 13     22  30
 5  75  61  68  -4   0   3 0.00  0.0    0  4.8 10 340   M    M   6 128    11 350
 6  76  61  69  -3   0   4    T  0.0    0  5.3 13 100   M    M   2 1      23 200
 7  77  62  70  -2   0   5 0.00  0.0    0 10.7 18 100   M    M   5 1      22 100
 8  81  63  72   0   0   7 0.00  0.0    0 10.9 18 100   M    M   3 8      24  50
 9  83  61  72   0   0   7 0.00  0.0    0  9.5 20 110   M    M   0 18     26 100
10  83  60  72   0   0   7    T  0.0    0  4.5  9  30   M    M   7 8      12  50
11  80  58  69  -3   0   4    T  0.0    0  9.9 23 320   M    M   2 1      29 300
12  76  50  63  -9   2   0 0.00  0.0    0 11.5 23 350   M    M   1        31 330
13  82  49  66  -6   0   1 0.00  0.0    0  8.1 15 300   M    M   2        20 300
14  79  57  68  -4   0   3 0.00  0.0    0  6.1 13  30   M    M   1        16  30
15  70  57  64  -8   1   0    T  0.0    0  6.7 14 150   M    M   3        16 150
16  76  61  69  -3   0   4 0.05  0.0    0  5.1 13 160   M    M   7 1      16 170
17  83  62  73   2   0   8 0.00  0.0    0  7.4 14 110   M    M   5 12     18 110
18  84  63  74   3   0   9 0.00  0.0    0  7.5 16 210   M    M   4 18     19 210
19  85  61  73   2   0   8 0.00  0.0    0  9.3 18 270   M    M   2 1      23 280
20  79  59  69  -2   0   4    T  0.0    0  5.8 15 190   M    M   2 1      20 200
21  82  70  76   5   0  11 0.13  0.0    0  5.7 12 160   M    M   4 13     15 160
22  86  70  78   7   0  13 0.53  0.0    0  5.3 33 260   M    M   2 138    44 250
23  78  70  74   4   0   9 1.15  0.0    0  6.6 25 230   M    M   4 13     35 220
24  91  68  80  10   0  15 0.00  0.0    0  7.2 14 190   M    M   0 1      17 200
25  91  74  83  13   0  18    T  0.0    0  8.0 16 110   M    M   1 13     20  90
26  82  66  74   4   0   9 0.20  0.0    0  6.9 23 330   M    M   1 13     33 340
================================================================================
SM 2114 1601         3 177  2.65     0.0 178.7          M       71
================================================================================
AV 81.3 61.6                               6.9 FASTST   M    M   3    MAX(MPH)
                                 MISC ---->  # 33 260               # 44  250
================================================================================
NOTES:
# LAST OF SEVERAL OCCURRENCES

COLUMN 17 PEAK WIND IN M.P.H.

PRELIMINARY LOCAL CLIMATOLOGICAL DATA (WS FORM: F-6) , PAGE 2

                                          STATION:  DAVENPORT IA
                                          MONTH:    AUGUST
                                          YEAR:     2014
                                          LATITUDE:   41 37 N
                                          LONGITUDE:  90 35 W

[TEMPERATURE DATA]      [PRECIPITATION DATA]       SYMBOLS USED IN COLUMN 16

AVERAGE MONTHLY: 71.4   TOTAL FOR MONTH:   2.65    1 = FOG OR MIST
DPTR FM NORMAL:  -0.1   DPTR FM NORMAL:   -1.31    2 = FOG REDUCING VISIBILITY
HIGHEST:    91 ON 25,24 GRTST 24HR  1.16 ON 22-23      TO 1/4 MILE OR LESS
LOWEST:     49 ON 13                               3 = THUNDER
                        SNOW, ICE PELLETS, HAIL    4 = ICE PELLETS
                        TOTAL MONTH:   0.0 INCH    5 = HAIL
                        GRTST 24HR     0.0         6 = FREEZING RAIN OR DRIZZLE
                        GRTST DEPTH:   0           7 = DUSTSTORM OR SANDSTORM:
                                                       VSBY 1/2 MILE OR LESS
                                                   8 = SMOKE OR HAZE
[NO. OF DAYS WITH]      [WEATHER - DAYS WITH]      9 = BLOWING SNOW
                                                   X = TORNADO
MAX 32 OR BELOW:   0    0.01 INCH OR MORE:   6
MAX 90 OR ABOVE:   2    0.10 INCH OR MORE:   5
MIN 32 OR BELOW:   0    0.50 INCH OR MORE:   3
MIN  0 OR BELOW:   0    1.00 INCH OR MORE:   1

[HDD (BASE 65) ]
TOTAL THIS MO.     3    CLEAR  (SCALE 0-3)  17
DPTR FM NORMAL     3    PTCLDY (SCALE 4-7)   9
TOTAL FM JUL 1    21    CLOUDY (SCALE 8-10)  0
DPTR FM NORMAL    17

[CDD (BASE 65) ]
TOTAL THIS MO.   177
DPTR FM NORMAL    -3    [PRESSURE DATA]
TOTAL FM JAN 1   625    HIGHEST SLP M ON M
DPTR FM NORMAL   -56    LOWEST  SLP 29.69 ON 19

[REMARKS]




U.S. Dept. of Commerce
NOAA National Weather Service
1325 East West Highway
Silver Spring, MD 20910
E-mail: w-nws.webmaster@noaa.gov
Page last modified: May 16, 2007
NATIONAL WEATHER SERVICE: for Safety, for Work, for Fun - FOR LIFE