693
CXUS55 KDVN 011717
CF6DVN

PRELIMINARY LOCAL CLIMATOLOGICAL DATA (WS FORM: F-6)

                                          STATION:   DAVENPORT IA
                                          MONTH:     NOVEMBER
                                          YEAR:      2014
                                          LATITUDE:   41 37 N
                                          LONGITUDE:  90 35 W

  TEMPERATURE IN F:       :PCPN:    SNOW:  WIND      :SUNSHINE: SKY     :PK WND
================================================================================
1   2   3   4   5  6A  6B    7    8   9   10  11  12  13   14  15   16   17  18
                                     12Z  AVG MX 2MIN
DY MAX MIN AVG DEP HDD CDD  WTR  SNW DPTH SPD SPD DIR MIN PSBL S-S WX    SPD DR
================================================================================

 1  45  18  32 -14  33   0 0.00  0.0    0  5.5 10  50   M    M   0 8      13  60
 2  51  27  39  -6  26   0 0.00  0.0    0 15.2 24 150   M    M   6        32 160
 3  66  43  55  10  10   0 0.10  0.0    0 16.8 24 190   M    M   3 1      32 190
 4  59  41  50   6  15   0 0.07  0.0    0 15.7 28 280   M    M   3 1      32 290
 5  60  34  47   3  18   0 0.02  0.0    0 11.0 22 240   M    M   3        31 220
 6  50  22  36  -8  29   0 0.01  0.0    0 17.7 32 320   M    M   6 1      41 340
 7  49  20  35  -8  30   0    T  0.0    0  9.6 22 190   M    M   1        30 180
 8  48  32  40  -3  25   0    T  0.0    0 16.6 30 320   M    M   5        40 320
 9  54  33  44   2  21   0 0.00  0.0    0  9.1 23 220   M    M   5        27 240
10  66  41  54  12  11   0 0.00  0.0    0 12.3 24 170   M    M   1        29 160
11  46  26  36  -5  29   0 0.17  0.3    T 19.2 25 300   M    M  10 148    33 300
12  26  22  24 -17  41   0    T    T    T 14.8 23 280   M    M   9        27 280
13  27  17  22 -18  43   0    T    T    T 13.1 21 290   M    M   9        25 290
14  27  11  19 -21  46   0 0.00  0.0    T  6.4 12 240   M    M   1        15 250
15  28  11  20 -19  45   0 0.04  1.0    T  3.5  8 150   M    M   5 1      11 200
16  28   8  18 -21  47   0    T  0.3    1  9.9 18 270   M    M   7 18     23 280
17  16   7  12 -26  53   0    T    T    1 20.3 35 280   M    M   3        42 280
18  19   6  13 -25  52   0    T    T    T 14.9 22 270   M    M   4        26 270
19  27  19  23 -14  42   0    T    T    T 17.0 32 290   M    M   8        39 290
20  28   4  16 -20  49   0 0.00  0.0    T 12.3 23 290   M    M   0        28 290
21  36   4  20 -16  45   0 0.02  0.0    0 11.3 20 160   M    M   3        25 160
22  54  33  44   9  21   0 0.10  0.0    0 13.1 23 190   M    M   9 1      31 180
23  52  43  48  13  17   0 1.14  0.0    0 11.6 25 300   M    M  10 12     29 300
24  43  21  32  -2  33   0 0.13  2.4    0 23.8 37 270   M    M  10 1268   44 270
25  24  14  19 -15  46   0    T    T    2 10.3 24 300   M    M   3 8      27 300
26  28  15  22 -11  43   0    T    T    2  9.9 18 100   M    M   5 18     21 100
27  25   5  15 -18  50   0    T    T    1 11.0 23 300   M    M   4 18     26 290
28  34  13  24  -8  41   0    T    T    1 12.3 22 160   M    M   4        27 150
29  52  33  43  11  22   0 0.00  0.0    T 12.5 21 190   M    M   0        25 190
30  45  19  32   1  33   0 0.00  0.0    0 13.5 22 330   M    M   4 128    26 320
================================================================================
SM 1213  642      1016   0  1.80     4.0 390.2          M      141
================================================================================
AV 40.4 21.4                              13.0 FASTST   M    M   5    MAX(MPH)
                                 MISC ---->  # 37 270               # 44  270
================================================================================
NOTES:
# LAST OF SEVERAL OCCURRENCES

COLUMN 17 PEAK WIND IN M.P.H.

PRELIMINARY LOCAL CLIMATOLOGICAL DATA (WS FORM: F-6) , PAGE 2

                                          STATION:  DAVENPORT IA
                                          MONTH:    NOVEMBER
                                          YEAR:     2014
                                          LATITUDE:   41 37 N
                                          LONGITUDE:  90 35 W

[TEMPERATURE DATA]      [PRECIPITATION DATA]       SYMBOLS USED IN COLUMN 16

AVERAGE MONTHLY: 30.9   TOTAL FOR MONTH:   1.80    1 = FOG OR MIST
DPTR FM NORMAL:  -7.9   DPTR FM NORMAL:   -0.65    2 = FOG REDUCING VISIBILITY
HIGHEST:    66 ON 10, 3 GRTST 24HR  1.23 ON 23-24      TO 1/4 MILE OR LESS
LOWEST:      4 ON 21,20                            3 = THUNDER
                        SNOW, ICE PELLETS, HAIL    4 = ICE PELLETS
                        TOTAL MONTH:   4.0 INCHES  5 = HAIL
                        GRTST 24HR   2.4 ON   M    6 = FREEZING RAIN OR DRIZZLE
                        GRTST DEPTH:   2 ON 26,25  7 = DUSTSTORM OR SANDSTORM:
                                                       VSBY 1/2 MILE OR LESS
                                                   8 = SMOKE OR HAZE
[NO. OF DAYS WITH]      [WEATHER - DAYS WITH]      9 = BLOWING SNOW
                                                   X = TORNADO
MAX 32 OR BELOW:  12    0.01 INCH OR MORE:  10
MAX 90 OR ABOVE:   0    0.10 INCH OR MORE:   5
MIN 32 OR BELOW:  22    0.50 INCH OR MORE:   1
MIN  0 OR BELOW:   0    1.00 INCH OR MORE:   1

[HDD (BASE 65) ]
TOTAL THIS MO.  1016    CLEAR  (SCALE 0-3)   9
DPTR FM NORMAL   228    PTCLDY (SCALE 4-7)  15
TOTAL FM JUL 1  1605    CLOUDY (SCALE 8-10)  6
DPTR FM NORMAL   257

[CDD (BASE 65) ]
TOTAL THIS MO.     0
DPTR FM NORMAL     0    [PRESSURE DATA]
TOTAL FM JAN 1   728    HIGHEST SLP 30.53 ON  1
DPTR FM NORMAL   -58    LOWEST  SLP 29.15 ON 24

[REMARKS]

============================================================

NOTE: SUPPLEMENTAL CLIMATE DATA WAS USED FROM A NEARBY
CLIMATOLOGICALLY REPRESENTATIVE STATION.

PARAMETER   DATE
---------   ----
   SNW      ALL OBSERVED SNW ABOVE
12Z DPTH    ALL OBSERVED 12Z DPTH ABOVE

============================================================

#FINAL-11-14#







U.S. Dept. of Commerce
NOAA National Weather Service
1325 East West Highway
Silver Spring, MD 20910
E-mail: w-nws.webmaster@noaa.gov
Page last modified: May 16, 2007
NATIONAL WEATHER SERVICE: for Safety, for Work, for Fun - FOR LIFE