157
CXUS55 KDVN 281100
CF6DVN
PRELIMINARY LOCAL CLIMATOLOGICAL DATA (WS FORM: F-6)

                                          STATION:   DAVENPORT IA
                                          MONTH:     JULY
                                          YEAR:      2014
                                          LATITUDE:   41 37 N
                                          LONGITUDE:  90 35 W

  TEMPERATURE IN F:       :PCPN:    SNOW:  WIND      :SUNSHINE: SKY     :PK WND
================================================================================
1   2   3   4   5  6A  6B    7    8   9   10  11  12  13   14  15   16   17  18
                                     12Z  AVG MX 2MIN
DY MAX MIN AVG DEP HDD CDD  WTR  SNW DPTH SPD SPD DIR MIN PSBL S-S WX    SPD DR
================================================================================

 1  78  63  71  -2   0   6    T  0.0    0 13.0 25 270   M    M   4 18     31 270
 2  68  57  63 -10   2   0 0.01  0.0    0  9.2 17 300   M    M   8 1      22 300
 3  76  51  64  -9   1   0 0.00  0.0    0  5.4 14 330   M    M   3 1      24 290
 4  78  53  66  -7   0   1 0.00  0.0    0  4.5 14 170   M    M   2 8      18 160
 5  69  58  64  -9   1   0 0.34  0.0    0 10.4 17 180   M    M   6 1      23 180
 6  85  63  74   1   0   9 0.00  0.0    0 11.9 23 240   M    M   5 1      31 220
 7  85  68  77   4   0  12 0.00  0.0    0  7.6 15 240   M    M   0 1      22 230
 8  79  61  70  -3   0   5 0.00  0.0    0 12.2 23 300   M    M   1        30 300
 9  78  56  67  -6   0   2 0.00  0.0    0  6.6 15 320   M    M   1 8      19 340
10  80  59  70  -3   0   5 0.00  0.0    0  6.3 12 190   M    M   3        14 200
11  81  61  71  -2   0   6    T  0.0    0 10.2 22 160   M    M   1        27 150
12  86  68  77   4   0  12 0.76  0.0    0  9.2 26 290   M    M   4 13     35 220
13  82  64  73   0   0   8 0.00  0.0    0  6.4 23 330   M    M   0 18     31 330
14  77  52  65  -8   0   0    T  0.0    0 10.3 23 320   M    M   1 18     29 320
15  69  50  60 -13   5   0 0.00  0.0    0  9.5 18 340   M    M   5        23 290
16  74  48  61 -12   4   0 0.00  0.0    0  4.3 10 290   M    M   3 18     13 310
17  78  50  64  -9   1   0 0.00  0.0    0  3.6 10 250   M    M   3 1      13 260
18  79  57  68  -5   0   3 0.00  0.0    0  6.4 14 150   M    M   3 18     19 150
19  79  57  68  -5   0   3 0.00  0.0    0  5.5 12 230   M    M   2 1      15 260
20  80  60  70  -3   0   5 0.00  0.0    0  8.4 16 180   M    M   1        20 160
21  85  65  75   2   0  10 0.00  0.0    0 11.8 20 160   M    M   0 18     26 150
22  88  71  80   7   0  15 0.00  0.0    0 10.4 17 230   M    M   1 18     24 200
23  79  59  69  -4   0   4 0.00  0.0    0  9.7 18  40   M    M   1        24  30
24  78  53  66  -7   0   1 0.00  0.0    0  5.2 14 100   M    M   1        16 110
25  75  60  68  -5   0   3 0.45  0.0    0 11.2 26 200   M    M   6 13     34 200
26  80  63  72  -1   0   7 0.00  0.0    0  4.8 14  50   M    M   4 128    17 140
27  77  62  70  -3   0   5 0.00  0.0    0 13.0 26 310   M    M   4 12     36 300
================================================================================
SM 2123 1589        14 122  1.56     0.0 227.0          M       73
================================================================================
AV 78.6 58.9                               8.4 FASTST   M    M   3    MAX(MPH)
                                 MISC ---->  # 26 290               # 36  300
================================================================================
NOTES:
# LAST OF SEVERAL OCCURRENCES

COLUMN 17 PEAK WIND IN M.P.H.

PRELIMINARY LOCAL CLIMATOLOGICAL DATA (WS FORM: F-6) , PAGE 2

                                          STATION:  DAVENPORT IA
                                          MONTH:    JULY
                                          YEAR:     2014
                                          LATITUDE:   41 37 N
                                          LONGITUDE:  90 35 W

[TEMPERATURE DATA]      [PRECIPITATION DATA]       SYMBOLS USED IN COLUMN 16

AVERAGE MONTHLY: 68.7   TOTAL FOR MONTH:   1.56    1 = FOG OR MIST
DPTR FM NORMAL:  -4.3   DPTR FM NORMAL:   -2.13    2 = FOG REDUCING VISIBILITY
HIGHEST:    88 ON 22    GRTST 24HR  3.07 ON 30- 1      TO 1/4 MILE OR LESS
LOWEST:     48 ON 16                               3 = THUNDER
                        SNOW, ICE PELLETS, HAIL    4 = ICE PELLETS
                        TOTAL MONTH:   0.0 INCH    5 = HAIL
                        GRTST 24HR     0.0         6 = FREEZING RAIN OR DRIZZLE
                        GRTST DEPTH:   0           7 = DUSTSTORM OR SANDSTORM:
                                                       VSBY 1/2 MILE OR LESS
                                                   8 = SMOKE OR HAZE
[NO. OF DAYS WITH]      [WEATHER - DAYS WITH]      9 = BLOWING SNOW
                                                   X = TORNADO
MAX 32 OR BELOW:   0    0.01 INCH OR MORE:   4
MAX 90 OR ABOVE:   0    0.10 INCH OR MORE:   3
MIN 32 OR BELOW:   0    0.50 INCH OR MORE:   1
MIN  0 OR BELOW:   0    1.00 INCH OR MORE:   0

[HDD (BASE 65) ]
TOTAL THIS MO.    14    CLEAR  (SCALE 0-3)  17
DPTR FM NORMAL    14    PTCLDY (SCALE 4-7)   9
TOTAL FM JUL 1    14    CLOUDY (SCALE 8-10)  1
DPTR FM NORMAL    14

[CDD (BASE 65) ]
TOTAL THIS MO.   122
DPTR FM NORMAL  -103    [PRESSURE DATA]
TOTAL FM JAN 1   443    HIGHEST SLP M ON M
DPTR FM NORMAL   -25    LOWEST  SLP 29.62 ON  7

[REMARKS]




U.S. Dept. of Commerce
NOAA National Weather Service
1325 East West Highway
Silver Spring, MD 20910
E-mail: w-nws.webmaster@noaa.gov
Page last modified: May 16, 2007
NATIONAL WEATHER SERVICE: for Safety, for Work, for Fun - FOR LIFE