627
CXUS51 KPBZ 291001
CF6DUJ
PRELIMINARY LOCAL CLIMATOLOGICAL DATA (WS FORM: F-6)

                                          STATION:   DUBOIS
                                          MONTH:     JANUARY
                                          YEAR:      2015
                                          LATITUDE:   41 10 N
                                          LONGITUDE:  78 54 W

  TEMPERATURE IN F:       :PCPN:    SNOW:  WIND      :SUNSHINE: SKY     :PK WND
================================================================================
1   2   3   4   5  6A  6B    7    8   9   10  11  12  13   14  15   16   17  18
                                     12Z  AVG MX 2MIN
DY MAX MIN AVG DEP HDD CDD  WTR  SNW DPTH SPD SPD DIR MIN PSBL S-S WX    SPD DR
================================================================================

 1  32  15  24   0  41   0 0.00    M    M 18.2 30 240   M    M   2        42 240
 2  34  21  28   4  37   0 0.00    M    M 10.7 23 250   M    M   6        30 260
 3  41  20  31   7  34   0 0.54    M    M 11.6 21 130   M    M   7 168    30 140
 4  57  30  44  20  21   0 0.16    M    M 16.3 36 250   M    M  10 1      45 250
 5  30   5  18  -6  47   0 0.01    M    M 17.3 30 270   M    M   8 128    38 260
 6  14   5  10 -14  55   0 0.05    M    M  9.3 26 260   M    M   9 18     36 260
 7  11  -1   5 -19  60   0    T    M    M 15.0 23 310   M    M   9 18     33 310
 8  11  -1   5 -19  60   0    T    M    M 13.1 25 250   M    M   5 128    33 240
 9  18   3  11 -13  54   0    T    M    M 19.0 25 260   M    M   8 128    38 230
10  11  -5   3 -21  62   0 0.00    M    M 11.2 20 260   M    M   3 8      26 250
11  35   6  21  -3  44   0 0.02    M    M  7.3 22 220   M    M   9 128    30 220
12  34  23  29   6  36   0 0.23    M    M  9.2 20 350   M    M  10 128    25 350
13  23   6  15  -8  50   0 0.00    M    M  8.1 17  10   M    M   2 18     23  10
14  24   5  15  -8  50   0 0.00    M    M  7.0 13 110   M    M   5 8      16 100
15  26  13  20  -3  45   0 0.00    M    M 10.7 18 240   M    M   5 18     26 240
16  30  10  20  -3  45   0    T    M    M 13.8 25 290   M    M   9 18     34 290
17  33   3  18  -5  47   0 0.00    M    M  8.4 16 130   M    M   1        23 130
18  42  30  36  13  29   0 0.02    M    M 10.4 22 240   M    M   6 18     26 240
19  31  27  29   6  36   0 0.01    M    M 10.4 20 250   M    M  10 18     27 260
20  29  20  25   2  40   0 0.02    M    M  2.6  8  40   M    M   9 18     10 310
21  32  16  24   1  41   0 0.12    M    M  7.3 16 260   M    M   8 12     21 260
22  31  24  28   5  37   0    T    M    M  8.4 14 290   M    M  10 18     19 290
23  31  22  27   3  38   0 0.00    M    M  5.0 14 270   M    M   7 18     18 260
24  30  24  27   3  38   0 0.02    M    M 10.7 20 260   M    M  10 18     26 260
25  31  24  28   4  37   0 0.04    M    M  8.2 21 260   M    M  10 18     28 260
26  24  17  21  -3  44   0 0.13    M    M  9.8 17  90   M    M  10 18     22  90
27  20   8  14 -10  51   0 0.01    M    M  8.3 17 330   M    M   9 18     23 310
28  23   4  14 -10  51   0 0.00    M    M  7.6 14 270   M    M   3 18     20 280
================================================================================
SM  788  374      1230   0  1.38    M    294.9          M      200
================================================================================
AV 28.1 13.4                              10.5 FASTST   M    M   7    MAX(MPH)
                                 MISC ---->  # 36 250               # 45  250
================================================================================
NOTES:
# LAST OF SEVERAL OCCURRENCES

COLUMN 17 PEAK WIND IN M.P.H.

PRELIMINARY LOCAL CLIMATOLOGICAL DATA (WS FORM: F-6) , PAGE 2

                                          STATION:  DUBOIS
                                          MONTH:    JANUARY
                                          YEAR:     2015
                                          LATITUDE:   41 10 N
                                          LONGITUDE:  78 54 W

[TEMPERATURE DATA]      [PRECIPITATION DATA]       SYMBOLS USED IN COLUMN 16

AVERAGE MONTHLY: 20.8   TOTAL FOR MONTH:   1.38    1 = FOG OR MIST
DPTR FM NORMAL:  -2.9   DPTR FM NORMAL:   -1.44    2 = FOG REDUCING VISIBILITY
HIGHEST:    57 ON  4    GRTST 24HR  0.55 ON  3- 4      TO 1/4 MILE OR LESS
LOWEST:     -5 ON 10                               3 = THUNDER
                        SNOW, ICE PELLETS, HAIL    4 = ICE PELLETS
                        TOTAL MONTH:    M          5 = HAIL
                        GRTST 24HR    M  ON   M    6 = FREEZING RAIN OR DRIZZLE
                        GRTST DEPTH:  M  ON   M    7 = DUSTSTORM OR SANDSTORM:
                                                       VSBY 1/2 MILE OR LESS
                                                   8 = SMOKE OR HAZE
[NO. OF DAYS WITH]      [WEATHER - DAYS WITH]      9 = BLOWING SNOW
                                                   X = TORNADO
MAX 32 OR BELOW:  21    0.01 INCH OR MORE:  14
MAX 90 OR ABOVE:   0    0.10 INCH OR MORE:   5
MIN 32 OR BELOW:  28    0.50 INCH OR MORE:   1
MIN  0 OR BELOW:   3    1.00 INCH OR MORE:   0

[HDD (BASE 65) ]
TOTAL THIS MO.  1230    CLEAR  (SCALE 0-3)   5
DPTR FM NORMAL    69    PTCLDY (SCALE 4-7)  10
TOTAL FM JUL 1  3776    CLOUDY (SCALE 8-10) 13
DPTR FM NORMAL   -47

[CDD (BASE 65) ]
TOTAL THIS MO.     0
DPTR FM NORMAL     0    [PRESSURE DATA]
TOTAL FM JAN 1     0    HIGHEST SLP  0.00 ON  7
DPTR FM NORMAL     0    LOWEST  SLP  0.00 ON  7

[REMARKS]




U.S. Dept. of Commerce
NOAA National Weather Service
1325 East West Highway
Silver Spring, MD 20910
E-mail: w-nws.webmaster@noaa.gov
Page last modified: May 16, 2007
NATIONAL WEATHER SERVICE: for Safety, for Work, for Fun - FOR LIFE