994
CXUS51 KPBZ 170901
CF6DUJ
PRELIMINARY LOCAL CLIMATOLOGICAL DATA (WS FORM: F-6)

                                          STATION:   DUBOIS
                                          MONTH:     APRIL
                                          YEAR:      2014
                                          LATITUDE:   41 10 N
                                          LONGITUDE:  78 54 W

  TEMPERATURE IN F:       :PCPN:    SNOW:  WIND      :SUNSHINE: SKY     :PK WND
================================================================================
1   2   3   4   5  6A  6B    7    8   9   10  11  12  13   14  15   16   17  18
                                     12Z  AVG MX 2MIN
DY MAX MIN AVG DEP HDD CDD  WTR  SNW DPTH SPD SPD DIR MIN PSBL S-S WX    SPD DR
================================================================================

 1  72  34  53  12  12   0 0.00    M    M 11.0 29 250   M    M   1        38 250
 2  59  42  51  10  14   0 0.00    M    M  8.2 15 250   M    M   3        21 250
 3  59  37  48   6  17   0 0.51    M    M  9.3 17 100   M    M   7 1      22  70
 4  52  41  47   5  18   0 0.27    M    M 14.0 30 270   M    M   8 1      39 260
 5  41  27  34  -9  31   0    T    M    M 14.4 31 250   M    M   8 1      38 270
 6  56  26  41  -2  24   0 0.00    M    M  4.6 12 130   M    M   0        16 130
 7  45  37  41  -2  24   0 0.36    M    M 12.9 23 130   M    M   6 1      31 130
 8  52  39  46   2  19   0 0.11    M    M 13.2 30 240   M    M   7 1      45 250
 9  56  36  46   2  19   0 0.00    M    M  8.1 21 280   M    M   3        28 320
10  68  32  50   5  15   0 0.00    M    M 12.5 25 220   M    M   2        38 220
11  63  42  53   8  12   0 0.49    M    M  5.6 20 320   M    M  10 12     30 310
12  69  39  54   9  11   0 0.00    M    M  5.4 17 230   M    M   4 12     22 230
13  81  59  70  24   0   5 0.00    M    M 12.7 26 220   M    M   2        37 250
14  76  60  68  22   0   3 0.27    M    M 10.3 35 260   M    M   5 18     45 260
15  61  24  43  -4  22   0 0.42    M    M 14.2 25 310   M    M  10 18     36 300
16  44  19  32 -15  33   0 0.00    M    M  7.6 16 330   M    M   0        22 330
================================================================================
SM  954  594       271   8  2.43    M    164.0          M       76
================================================================================
AV 59.6 37.1                              10.2 FASTST   M    M   5    MAX(MPH)
                                 MISC ---->  # 35 260               # 45  250
================================================================================
NOTES:
# LAST OF SEVERAL OCCURRENCES

COLUMN 17 PEAK WIND IN M.P.H.

PRELIMINARY LOCAL CLIMATOLOGICAL DATA (WS FORM: F-6) , PAGE 2

                                          STATION:  DUBOIS
                                          MONTH:    APRIL
                                          YEAR:     2014
                                          LATITUDE:   41 10 N
                                          LONGITUDE:  78 54 W

[TEMPERATURE DATA]      [PRECIPITATION DATA]       SYMBOLS USED IN COLUMN 16

AVERAGE MONTHLY: 48.4   TOTAL FOR MONTH:   2.43    1 = FOG OR MIST
DPTR FM NORMAL:   4.4   DPTR FM NORMAL:    0.56    2 = FOG REDUCING VISIBILITY
HIGHEST:    81 ON 13    GRTST 24HR  0.76 ON  3- 4      TO 1/4 MILE OR LESS
LOWEST:     19 ON 16                               3 = THUNDER
                        SNOW, ICE PELLETS, HAIL    4 = ICE PELLETS
                        TOTAL MONTH:    M          5 = HAIL
                        GRTST 24HR    M  ON   M    6 = FREEZING RAIN OR DRIZZLE
                        GRTST DEPTH:  M  ON   M    7 = DUSTSTORM OR SANDSTORM:
                                                       VSBY 1/2 MILE OR LESS
                                                   8 = SMOKE OR HAZE
[NO. OF DAYS WITH]      [WEATHER - DAYS WITH]      9 = BLOWING SNOW
                                                   X = TORNADO
MAX 32 OR BELOW:   0    0.01 INCH OR MORE:   7
MAX 90 OR ABOVE:   0    0.10 INCH OR MORE:   7
MIN 32 OR BELOW:   5    0.50 INCH OR MORE:   1
MIN  0 OR BELOW:   0    1.00 INCH OR MORE:   0

[HDD (BASE 65) ]
TOTAL THIS MO.   271    CLEAR  (SCALE 0-3)   7
DPTR FM NORMAL   -65    PTCLDY (SCALE 4-7)   7
TOTAL FM JUL 1  6369    CLOUDY (SCALE 8-10)  2
DPTR FM NORMAL    75

[CDD (BASE 65) ]
TOTAL THIS MO.     8
DPTR FM NORMAL     8    [PRESSURE DATA]
TOTAL FM JAN 1     8    HIGHEST SLP M ON M
DPTR FM NORMAL     8    LOWEST  SLP 29.37 ON  8

[REMARKS]




U.S. Dept. of Commerce
NOAA National Weather Service
1325 East West Highway
Silver Spring, MD 20910
E-mail: w-nws.webmaster@noaa.gov
Page last modified: May 16, 2007
NATIONAL WEATHER SERVICE: for Safety, for Work, for Fun - FOR LIFE