350
CXUS51 KPBZ 011001
CF6DUJ
PRELIMINARY LOCAL CLIMATOLOGICAL DATA (WS FORM: F-6)

                                          STATION:   DUBOIS
                                          MONTH:     NOVEMBER
                                          YEAR:      2014
                                          LATITUDE:   41 10 N
                                          LONGITUDE:  78 54 W

  TEMPERATURE IN F:       :PCPN:    SNOW:  WIND      :SUNSHINE: SKY     :PK WND
================================================================================
1   2   3   4   5  6A  6B    7    8   9   10  11  12  13   14  15   16   17  18
                                     12Z  AVG MX 2MIN
DY MAX MIN AVG DEP HDD CDD  WTR  SNW DPTH SPD SPD DIR MIN PSBL S-S WX    SPD DR
================================================================================

 1  43  32  38  -6  27   0    T    M    M 11.1 22 350   M    M  10 1      27  10
 2  42  29  36  -8  29   0    T    M    M 11.9 22 340   M    M   4        34 340
 3  51  26  39  -5  26   0 0.00    M    M 11.3 18 240   M    M   4        24 240
 4  63  42  53   9  12   0 0.00    M    M 12.2 24 230   M    M   4        32 220
 5  58  41  50   7  15   0 0.08    M    M  9.2 25 240   M    M   3 18     33 290
 6  47  40  44   1  21   0 0.62    M    M  6.5 12 250   M    M   9 1      15 260
 7  41  31  36  -6  29   0 0.07    M    M 11.2 23 330   M    M   9 1      33 330
 8  45  27  36  -6  29   0 0.00    M    M  7.5 17 270   M    M   5 1      23 250
 9  45  35  40  -2  25   0 0.01    M    M  8.2 17 240   M    M   9        23 230
10  61  40  51  10  14   0 0.00    M    M  7.7 16 140   M    M   4        24 190
11  68  42  55  14  10   0 0.00    M    M  8.3 22 230   M    M   2        28 220
12  60  33  47   6  18   0 0.07    M    M 11.0 22 280   M    M  10 18     29 250
13  33  26  30 -10  35   0 0.01    M    M  8.3 15 270   M    M  10 18     21 270
14  30  25  28 -12  37   0    T    M    M 11.7 18 270   M    M  10 18     24 260
15  34  25  30 -10  35   0    T    M    M  6.4 14 270   M    M   7 18     19 270
16  35  25  30  -9  35   0 0.06    M    M  3.6 12 230   M    M   9 18     16 220
17  36  15  26 -13  39   0 0.37    M    M 12.6 30 250   M    M  10 128    42 280
18  17  11  14 -24  51   0    T    M    M 20.0 32 250   M    M   7 18     41 230
19  33   7  20 -18  45   0    T    M    M 11.2 23 240   M    M   7 18     31 230
20  32  17  25 -13  40   0    T    M    M 17.6 30 250   M    M   8 18     40 270
21  24  13  19 -18  46   0    T    M    M  8.8 18 260   M    M   7 18     24 260
22  45  11  28  -9  37   0 0.08    M    M  7.6 17 230   M    M   6 168    24 220
23  59  42  51  15  14   0 0.20    M    M  9.7 21 120   M    M   4 1      33 130
24  67  40  54  18  11   0 0.33    M    M 16.2 35 230   M    M   7 18     45 220
25  46  29  38   2  27   0 0.00    M    M 11.8 25 220   M    M   3        32 260
26  32  27  30  -5  35   0 0.09    M    M  3.8  9  30   M    M   7 12     12  80
27  33  26  30  -5  35   0 0.05    M    M  6.0 16 260   M    M  10 18     25 310
28  27  17  22 -12  43   0    T    M    M  7.3 18 260   M    M   8 18     23 280
29  38  20  29  -5  36   0 0.01    M    M  8.0 15 130   M    M   8 18     22 140
30  59  38  49  16  16   0 0.00    M    M  9.6 22 230   M    M  10        30 220
================================================================================
SM 1304  832       872   0  2.05    M    296.3          M      211
================================================================================
AV 43.5 27.7                               9.9 FASTST   M    M   7    MAX(MPH)
                                 MISC ---->  # 35 230               # 45  220
================================================================================
NOTES:
# LAST OF SEVERAL OCCURRENCES

COLUMN 17 PEAK WIND IN M.P.H.

PRELIMINARY LOCAL CLIMATOLOGICAL DATA (WS FORM: F-6) , PAGE 2

                                          STATION:  DUBOIS
                                          MONTH:    NOVEMBER
                                          YEAR:     2014
                                          LATITUDE:   41 10 N
                                          LONGITUDE:  78 54 W

[TEMPERATURE DATA]      [PRECIPITATION DATA]       SYMBOLS USED IN COLUMN 16

AVERAGE MONTHLY: 35.6   TOTAL FOR MONTH:   2.05    1 = FOG OR MIST
DPTR FM NORMAL:  -3.6   DPTR FM NORMAL:   -1.63    2 = FOG REDUCING VISIBILITY
HIGHEST:    68 ON 11    GRTST 24HR  0.62 ON  6- 6      TO 1/4 MILE OR LESS
LOWEST:      7 ON 19                               3 = THUNDER
                        SNOW, ICE PELLETS, HAIL    4 = ICE PELLETS
                        TOTAL MONTH:    M          5 = HAIL
                        GRTST 24HR    M  ON   M    6 = FREEZING RAIN OR DRIZZLE
                        GRTST DEPTH:  M  ON   M    7 = DUSTSTORM OR SANDSTORM:
                                                       VSBY 1/2 MILE OR LESS
                                                   8 = SMOKE OR HAZE
[NO. OF DAYS WITH]      [WEATHER - DAYS WITH]      9 = BLOWING SNOW
                                                   X = TORNADO
MAX 32 OR BELOW:   6    0.01 INCH OR MORE:  14
MAX 90 OR ABOVE:   0    0.10 INCH OR MORE:   4
MIN 32 OR BELOW:  20    0.50 INCH OR MORE:   1
MIN  0 OR BELOW:   0    1.00 INCH OR MORE:   0

[HDD (BASE 65) ]
TOTAL THIS MO.   872    CLEAR  (SCALE 0-3)   2
DPTR FM NORMAL    98    PTCLDY (SCALE 4-7)  16
TOTAL FM JUL 1  1525    CLOUDY (SCALE 8-10) 12
DPTR FM NORMAL     8

[CDD (BASE 65) ]
TOTAL THIS MO.     0
DPTR FM NORMAL     0    [PRESSURE DATA]
TOTAL FM JAN 1   412    HIGHEST SLP 30.50 ON 21
DPTR FM NORMAL    50    LOWEST  SLP 29.38 ON 24

[REMARKS]
#FINAL-11-14#




U.S. Dept. of Commerce
NOAA National Weather Service
1325 East West Highway
Silver Spring, MD 20910
E-mail: w-nws.webmaster@noaa.gov
Page last modified: May 16, 2007
NATIONAL WEATHER SERVICE: for Safety, for Work, for Fun - FOR LIFE