759
CXUS51 KPBZ 310901
CF6DUJ
PRELIMINARY LOCAL CLIMATOLOGICAL DATA (WS FORM: F-6)

                                          STATION:   DUBOIS
                                          MONTH:     JULY
                                          YEAR:      2014
                                          LATITUDE:   41 10 N
                                          LONGITUDE:  78 54 W

  TEMPERATURE IN F:       :PCPN:    SNOW:  WIND      :SUNSHINE: SKY     :PK WND
================================================================================
1   2   3   4   5  6A  6B    7    8   9   10  11  12  13   14  15   16   17  18
                                     12Z  AVG MX 2MIN
DY MAX MIN AVG DEP HDD CDD  WTR  SNW DPTH SPD SPD DIR MIN PSBL S-S WX    SPD DR
================================================================================

 1  86  70  78  10   0  13 0.00    M    M  8.4 16 260   M    M   2        27 230
 2  83  67  75   7   0  10 0.01    M    M  6.0 16 240   M    M   2        21 240
 3  78  60  69   1   0   4 0.57    M    M  6.3 28 250   M    M   4 138    38 230
 4  71  55  63  -5   2   0 0.00    M    M  9.8 20 330   M    M   4        27 360
 5  76  49  63  -5   2   0 0.00    M    M  4.8 13 230   M    M   0        16 220
 6  75  53  64  -4   1   0 0.00    M    M  5.3 17 220   M    M   3        21 200
 7  80  63  72   4   0   7 0.57    M    M  9.3 21 240   M    M   5 138    30 220
 8  80  64  72   4   0   7 0.43    M    M 10.2 20 220   0    0   0        31 220
 9  80  60  70   2   0   5 0.06    M    M  7.2 20 310   M    M   4 13     28 320
10  79  59  69   1   0   4 0.00    M    M  4.6 10 350   M    M   4 12     13 360
11  82  58  70   1   0   5 0.00    M    M  4.4  9 210   M    M   1 1      13 100
12  82  63  73   4   0   8 0.00    M    M  4.6 15 260   M    M   2 1      20 270
13  82  67  75   6   0  10 1.31    M    M  8.1 21 240   M    M   6 1238   27 240
14  76  68  72   3   0   7 0.15    M    M  4.6 13 240   M    M   8 12     17 240
15  77  58  68  -1   0   3 0.18    M    M  8.5 18 240   M    M   6 138    23 230
16  72  52  62  -7   3   0 0.00    M    M  6.6 16 280   M    M   3 1      22 290
17  71  49  60  -9   5   0 0.00    M    M  4.4 13 310   M    M   4 12     18 280
18  76  49  63  -6   2   0 0.00    M    M  3.5 10 210   M    M   2 12     15 220
19  66  62  64  -5   1   0 0.30    M    M  4.9 10 180   M    M   9 1      15 170
20  76  63  70   1   0   5 0.00    M    M  4.7 12 110   M    M   8 1      13 110
21  81  62  72   3   0   7 0.00    M    M  5.0 10 130   M    M   7 1      13 140
22  85  65  75   6   0  10 0.00    M    M  4.7 12 220   M    M   3 12     15 230
23  84  63  74   5   0   9    T    M    M  9.3 21 290   M    M   3 138    27 310
24  74  56  65  -3   0   0 0.00    M    M  6.7 15 360   M    M   4        19  10
25  75  48  62  -6   3   0 0.00    M    M  2.6 12 230   M    M   0 1      14 290
26  80  57  69   1   0   4 0.09    M    M  5.6 15 250   M    M   6 13     19 250
27  82  63  73   5   0   8 0.85    M    M  7.6 16 280   M    M   7 138    23 270
28  70  54  62  -6   3   0 0.05    M    M 10.9 22 270   M    M   9 138    29 330
29  66  52  59  -9   6   0 0.00    M    M  5.4 12 250   M    M   8 1      15 250
30  72  49  61  -7   4   0 0.49    M    M  4.6 20 310   M    M   7 13     27 300
================================================================================
SM 2317 1758        32 126  5.06    M    188.6            0    131
================================================================================
AV 77.2 58.6                               6.3 FASTST    0   0   4    MAX(MPH)
                                 MISC ---->  # 28 250               # 38  230
================================================================================
NOTES:
# LAST OF SEVERAL OCCURRENCES

COLUMN 17 PEAK WIND IN M.P.H.

PRELIMINARY LOCAL CLIMATOLOGICAL DATA (WS FORM: F-6) , PAGE 2

                                          STATION:  DUBOIS
                                          MONTH:    JULY
                                          YEAR:     2014
                                          LATITUDE:   41 10 N
                                          LONGITUDE:  78 54 W

[TEMPERATURE DATA]      [PRECIPITATION DATA]       SYMBOLS USED IN COLUMN 16

AVERAGE MONTHLY: 67.9   TOTAL FOR MONTH:   5.06    1 = FOG OR MIST
DPTR FM NORMAL:  -0.5   DPTR FM NORMAL:    0.94    2 = FOG REDUCING VISIBILITY
HIGHEST:    86 ON  1    GRTST 24HR  1.33 ON 13-14      TO 1/4 MILE OR LESS
LOWEST:     48 ON 25                               3 = THUNDER
                        SNOW, ICE PELLETS, HAIL    4 = ICE PELLETS
                        TOTAL MONTH:    M          5 = HAIL
                        GRTST 24HR    M  ON   M    6 = FREEZING RAIN OR DRIZZLE
                        GRTST DEPTH:  M  ON   M    7 = DUSTSTORM OR SANDSTORM:
                                                       VSBY 1/2 MILE OR LESS
                                                   8 = SMOKE OR HAZE
[NO. OF DAYS WITH]      [WEATHER - DAYS WITH]      9 = BLOWING SNOW
                                                   X = TORNADO
MAX 32 OR BELOW:   0    0.01 INCH OR MORE:  13
MAX 90 OR ABOVE:   0    0.10 INCH OR MORE:   9
MIN 32 OR BELOW:   0    0.50 INCH OR MORE:   4
MIN  0 OR BELOW:   0    1.00 INCH OR MORE:   1

[HDD (BASE 65) ]
TOTAL THIS MO.    32    CLEAR  (SCALE 0-3)  10
DPTR FM NORMAL     2    PTCLDY (SCALE 4-7)  17
TOTAL FM JUL 1    32    CLOUDY (SCALE 8-10)  3
DPTR FM NORMAL     2

[CDD (BASE 65) ]
TOTAL THIS MO.   126
DPTR FM NORMAL     6    [PRESSURE DATA]
TOTAL FM JAN 1   297    HIGHEST SLP  0.00 ON  8
DPTR FM NORMAL    83    LOWEST  SLP  0.00 ON  8

[REMARKS]




U.S. Dept. of Commerce
NOAA National Weather Service
1325 East West Highway
Silver Spring, MD 20910
E-mail: w-nws.webmaster@noaa.gov
Page last modified: May 16, 2007
NATIONAL WEATHER SERVICE: for Safety, for Work, for Fun - FOR LIFE