003
CXUS55 KTWC 010855
CF6DUG
PRELIMINARY LOCAL CLIMATOLOGICAL DATA (WS FORM: F-6)

                                          STATION:   DOUGLAS AZ
                                          MONTH:     AUGUST
                                          YEAR:      2014
                                          LATITUDE:   31 28 N
                                          LONGITUDE: 109 36 W

  TEMPERATURE IN F:       :PCPN:    SNOW:  WIND      :SUNSHINE: SKY     :PK WND
================================================================================
1   2   3   4   5  6A  6B    7    8   9   10  11  12  13   14  15   16   17  18
                                     12Z  AVG MX 2MIN
DY MAX MIN AVG DEP HDD CDD  WTR  SNW DPTH SPD SPD DIR MIN PSBL S-S WX    SPD DR
================================================================================

 1  83  65  74  -5   0   9 0.35  0.0    0  8.5 25 360   M    M   6 13     31 360
 2  81  64  73  -5   0   8 0.30    M    0  5.5 12 110   M    M   9 3       M  M
 3  87  62  75  -3   0  10 0.01  0.0    0  4.9 14 100   M    M   1 12     16  90
 4  90  64  77  -1   0  12 0.20  0.0    0  7.6 23 350   M    M   2 3      30 360
 5  91  62  77  -1   0  12 0.00  0.0    0  3.1 12 320   M    M   0        13  20
 6  93  64  79   1   0  14    T  0.0    0  7.0 25 200   M    M   2        31 190
 7  84  69  77  -1   0  12    T  0.0    0  5.5 15 140   M    M   6        19 160
 8  91  64  78   0   0  13 0.00  0.0    0  7.1 18 120   M    M   2 3      23 120
 9  92  65  79   1   0  14 0.42  0.0    0  8.1 30 140   M    M   2 138    37 120
10  85  63  74  -4   0   9 0.44  0.0    0  5.0 28  30   M    M   4 3      40  20
11  88  63  76  -2   0  11    T  0.0    0 10.2 22 120   M    M   1        30 120
12  87  67  77  -1   0  12 0.79  0.0    0  8.7 31 120   M    M   4 13     38 120
13  87  66  77  -1   0  12 0.00  0.0    0  3.9 22 310   M    M   1 3      27 350
14  78  65  72  -6   0   7    T  0.0    0  4.9 15 180   M    M   3        17 180
15  85  66  76  -2   0  11 0.04  0.0    0  3.1 10 230   M    M   5 1      13 220
16  91  67  79   1   0  14    T  0.0    0  5.6 16 170   M    M   1 3      21 160
17  92  65  79   1   0  14 0.74  0.0    0  7.2 28 120   M    M   2 13     35 130
18  86  64  75  -3   0  10 0.11  0.0    0  4.7 21 290   M    M   2 13     27 290
19  75  64  70  -8   0   5 0.45  0.0    0  4.6 16 260   M    M   M 13     20 260
20  83  62  73  -5   0   8    T  0.0    0  4.9 23 340   M    M   M        31 340
21  86  63  75  -3   0  10 0.04  0.0    0  5.9 25 310   M    M   M 3      31 310
22  82  60  71  -7   0   6 0.05  0.0    0  4.2 21 350   M    M   2 13     33 350
23  86  59  73  -5   0   8 0.00  0.0    0  4.0 12 320   M    M   1        15 340
24  89  61  75  -3   0  10 0.00  0.0    0  4.8 31 180   M    M   1 38     39 180
25  88  62  75  -3   0  10 0.00  0.0    0  5.6 20  80   M    M   1 3      24  50
26  84  63  74  -4   0   9 0.06  0.0    0  4.8 21 350   M    M   5 13     27 350
27  88  62  75  -3   0  10 0.00  0.0    0  6.2 13 320   M    M   1 12     17 320
28  91  61  76  -2   0  11 0.00  0.0    0  6.4 13 340   M    M   0        18 350
29  92  57  75  -3   0  10 0.00  0.0    0  3.5 12 140   M    M   0        16 210
30  95  56  76  -2   0  11 0.00  0.0    0  4.7 13 220   M    M   1        18 170
31  96  59  78   0   0  13 0.00  0.0    0  6.8 17 250   M    M   0        22 180
================================================================================
SM 2706 1954         0 325  4.00     0.0 177.0          M       65
================================================================================
AV 87.3 63.0                               5.7 FASTST   M    M   2    MAX(MPH)
                                 MISC ---->  # 31 120               # 40   20
================================================================================
NOTES:
# LAST OF SEVERAL OCCURRENCES

COLUMN 17 PEAK WIND IN M.P.H.

PRELIMINARY LOCAL CLIMATOLOGICAL DATA (WS FORM: F-6) , PAGE 2

                                          STATION:  DOUGLAS AZ
                                          MONTH:    AUGUST
                                          YEAR:     2014
                                          LATITUDE:   31 28 N
                                          LONGITUDE: 109 36 W

[TEMPERATURE DATA]      [PRECIPITATION DATA]       SYMBOLS USED IN COLUMN 16

AVERAGE MONTHLY: 75.2   TOTAL FOR MONTH:   4.00    1 = FOG OR MIST
DPTR FM NORMAL:  -3.0   DPTR FM NORMAL:    0.95    2 = FOG REDUCING VISIBILITY
HIGHEST:    96 ON 31    GRTST 24HR  0.79 ON 12-12      TO 1/4 MILE OR LESS
LOWEST:     56 ON 30                               3 = THUNDER
                        SNOW, ICE PELLETS, HAIL    4 = ICE PELLETS
                        TOTAL MONTH:   0.0 INCH    5 = HAIL
                        GRTST 24HR     0.0         6 = FREEZING RAIN OR DRIZZLE
                        GRTST DEPTH:   0           7 = DUSTSTORM OR SANDSTORM:
                                                       VSBY 1/2 MILE OR LESS
                                                   8 = SMOKE OR HAZE
[NO. OF DAYS WITH]      [WEATHER - DAYS WITH]      9 = BLOWING SNOW
                                                   X = TORNADO
MAX 32 OR BELOW:   0    0.01 INCH OR MORE:  14
MAX 90 OR ABOVE:  11    0.10 INCH OR MORE:   9
MIN 32 OR BELOW:   0    0.50 INCH OR MORE:   2
MIN  0 OR BELOW:   0    1.00 INCH OR MORE:   0

[HDD (BASE 65) ]
TOTAL THIS MO.     0    CLEAR  (SCALE 0-3)  21
DPTR FM NORMAL     0    PTCLDY (SCALE 4-7)   6
TOTAL FM JUL 1     0    CLOUDY (SCALE 8-10)  1
DPTR FM NORMAL     0

[CDD (BASE 65) ]
TOTAL THIS MO.   325
DPTR FM NORMAL   -84    [PRESSURE DATA]
TOTAL FM JAN 1  1446    HIGHEST SLP M ON M
DPTR FM NORMAL   -24    LOWEST  SLP 29.68 ON 30

[REMARKS]
#FINAL-08-14#




U.S. Dept. of Commerce
NOAA National Weather Service
1325 East West Highway
Silver Spring, MD 20910
E-mail: w-nws.webmaster@noaa.gov
Page last modified: May 16, 2007
NATIONAL WEATHER SERVICE: for Safety, for Work, for Fun - FOR LIFE