557
CXUS55 KTWC 010855
CF6DUG
PRELIMINARY LOCAL CLIMATOLOGICAL DATA (WS FORM: F-6)

                                          STATION:   DOUGLAS AZ
                                          MONTH:     NOVEMBER
                                          YEAR:      2014
                                          LATITUDE:   31 28 N
                                          LONGITUDE: 109 36 W

  TEMPERATURE IN F:       :PCPN:    SNOW:  WIND      :SUNSHINE: SKY     :PK WND
================================================================================
1   2   3   4   5  6A  6B    7    8   9   10  11  12  13   14  15   16   17  18
                                     12Z  AVG MX 2MIN
DY MAX MIN AVG DEP HDD CDD  WTR  SNW DPTH SPD SPD DIR MIN PSBL S-S WX    SPD DR
================================================================================

 1  80  54  67   8   0   2 0.00  0.0    0 11.9 23 180   M    M   M        30 180
 2  76  53  65   7   0   0 0.01  0.0    0 14.7 33 190   M    M   M 3      42 190
 3  69  45  57  -1   8   0 0.00  0.0    0  8.4 23 310   M    M   M        29 320
 4  67  35  51  -7  14   0 0.00  0.0    0 11.8 28  80   M    M   M        35  80
 5  65  47  56  -1   9   0 0.00  0.0    0 11.5 24  80   M    M   3        30  90
 6  68  48  58   1   7   0 0.00  0.0    0 12.4 24  90   M    M   1        31  90
 7  74  39  57   1   8   0 0.00  0.0    0  4.9 12  70   M    M   0        17 120
 8  74  34  54  -2  11   0 0.00  0.0    0 10.3 24 110   M    M   0        33 130
 9  76  35  56   0   9   0 0.00  0.0    0  5.1 13 340   M    M   0        13 340
10  77  41  59   4   6   0 0.00  0.0    0  9.5 26 260   M    M   0        35 260
11  75  47  61   6   4   0 0.00  0.0    0  7.0 15 230   M    M   0        23 240
12  75  47  61   7   4   0 0.00  0.0    0  8.1 17 240   M    M   0        22 170
13  75  42  59   5   6   0 0.00  0.0    0  6.9 17 250   M    M   0        23 250
14  76  40  58   4   7   0 0.00  0.0    0  7.4 22 250   M    M   0        28 240
15  72  44  58   5   7   0 0.00  0.0    0  6.1 18 240   M    M   0        23 230
16  67  34  51  -2  14   0 0.00  0.0    0 12.2 25 330   M    M   1        33 320
17  61  25  43 -10  22   0 0.00  0.0    0  7.1 14  80   M    M   0        16  70
18  64  23  44  -8  21   0 0.00  0.0    0  5.7 12  60   M    M   0        14  70
19  69  19  44  -8  21   0 0.00  0.0    0  3.4 12  20   M    M   0        14 190
20  71  23  47  -5  18   0 0.00  0.0    0  3.9 18 230   M    M   0        22 220
21  65  25  45  -6  20   0 0.00  0.0    0  5.2 18 170   M    M   1        22 180
22  66  26  46  -5  19   0 0.00  0.0    0  5.3 13 350   M    M   0        20 280
23  67  30  49  -1  16   0 0.00  0.0    0 10.8 28 300   M    M   0        35 300
24  62  17  40 -10  25   0 0.00  0.0    0  8.6 24 330   M    M   0        30 320
25  60  19  40 -10  25   0 0.00  0.0    0  6.8 14 360   M    M   0        19  80
26  71  22  47  -3  18   0 0.00  0.0    0  3.9 13  10   M    M   0        15 330
27  75  27  51   2  14   0 0.00  0.0    0  6.7 15  80   M    M   0        23  60
28  75  25  50   1  15   0 0.00  0.0    0  4.1 10 160   M    M   0        12 150
29  76  27  52   3  13   0 0.00  0.0    0  5.4 18 260   M    M   0        24 260
30  71  31  51   3  14   0 0.00  0.0    0  7.1 15 190   M    M   0        20 170
================================================================================
SM 2119 1024       375   2  0.01     0.0 232.2          M        6
================================================================================
AV 70.6 34.1                               7.7 FASTST   M    M   0    MAX(MPH)
                                 MISC ---->  # 33 190               # 42  190
================================================================================
NOTES:
# LAST OF SEVERAL OCCURRENCES

COLUMN 17 PEAK WIND IN M.P.H.

PRELIMINARY LOCAL CLIMATOLOGICAL DATA (WS FORM: F-6) , PAGE 2

                                          STATION:  DOUGLAS AZ
                                          MONTH:    NOVEMBER
                                          YEAR:     2014
                                          LATITUDE:   31 28 N
                                          LONGITUDE: 109 36 W

[TEMPERATURE DATA]      [PRECIPITATION DATA]       SYMBOLS USED IN COLUMN 16

AVERAGE MONTHLY: 52.4   TOTAL FOR MONTH:   0.01    1 = FOG OR MIST
DPTR FM NORMAL:  -0.9   DPTR FM NORMAL:   -0.68    2 = FOG REDUCING VISIBILITY
HIGHEST:    80 ON  1    GRTST 24HR  0.01 ON  2- 2      TO 1/4 MILE OR LESS
LOWEST:     17 ON 24                               3 = THUNDER
                        SNOW, ICE PELLETS, HAIL    4 = ICE PELLETS
                        TOTAL MONTH:   0.0 INCH    5 = HAIL
                        GRTST 24HR     0.0         6 = FREEZING RAIN OR DRIZZLE
                        GRTST DEPTH:   0           7 = DUSTSTORM OR SANDSTORM:
                                                       VSBY 1/2 MILE OR LESS
                                                   8 = SMOKE OR HAZE
[NO. OF DAYS WITH]      [WEATHER - DAYS WITH]      9 = BLOWING SNOW
                                                   X = TORNADO
MAX 32 OR BELOW:   0    0.01 INCH OR MORE:   1
MAX 90 OR ABOVE:   0    0.10 INCH OR MORE:   0
MIN 32 OR BELOW:  14    0.50 INCH OR MORE:   0
MIN  0 OR BELOW:   0    1.00 INCH OR MORE:   0

[HDD (BASE 65) ]
TOTAL THIS MO.   375    CLEAR  (SCALE 0-3)  26
DPTR FM NORMAL    23    PTCLDY (SCALE 4-7)   0
TOTAL FM JUL 1   394    CLOUDY (SCALE 8-10)  0
DPTR FM NORMAL   -41

[CDD (BASE 65) ]
TOTAL THIS MO.     2
DPTR FM NORMAL     1    [PRESSURE DATA]
TOTAL FM JAN 1  1780    HIGHEST SLP M ON M
DPTR FM NORMAL   -33    LOWEST  SLP 29.74 ON 10

[REMARKS]
#FINAL-11-14#




U.S. Dept. of Commerce
NOAA National Weather Service
1325 East West Highway
Silver Spring, MD 20910
E-mail: w-nws.webmaster@noaa.gov
Page last modified: May 16, 2007
NATIONAL WEATHER SERVICE: for Safety, for Work, for Fun - FOR LIFE