511
CXUS53 KDTX 010800
CF6DTW
PRELIMINARY LOCAL CLIMATOLOGICAL DATA (WS FORM: F-6)

                                          STATION:   DETROIT MI
                                          MONTH:     NOVEMBER
                                          YEAR:      2014
                                          LATITUDE:   42 13 N
                                          LONGITUDE:  83 20 W

  TEMPERATURE IN F:       :PCPN:    SNOW:  WIND      :SUNSHINE: SKY     :PK WND
================================================================================
1   2   3   4   5  6A  6B    7    8   9   10  11  12  13   14  15   16   17  18
                                     12Z  AVG MX 2MIN
DY MAX MIN AVG DEP HDD CDD  WTR  SNW DPTH SPD SPD DIR MIN PSBL S-S WX    SPD DR
================================================================================

 1  43  28  36 -11  29   0 0.00  0.0    0 14.3 29 340   M    M   6        36 360
 2  48  25  37 -10  28   0 0.00  0.0    0  6.9 13 230   M    M   3        16 220
 3  60  32  46   0  19   0 0.00  0.0    0 10.6 23 210   M    M   9        28 220
 4  57  44  51   5  14   0 0.04  0.0    0 16.0 29 210   M    M  10 1      38 200
 5  58  39  49   3  16   0 0.00  0.0    0  9.5 18 210   M    M   7        22 230
 6  50  39  45   0  20   0 0.08  0.0    0  6.8 24 330   M    M  10 18     38 210
 7  44  33  39  -6  26   0 0.00  0.0    0  8.6 25 310   M    M   8        31 300
 8  45  37  41  -4  24   0 0.03  0.0    0 11.1 20 190   M    M  10        26 270
 9  44  32  38  -6  27   0 0.00  0.0    0  9.2 22 200   M    M  10        26 200
10  56  39  48   4  17   0 0.00  0.0    0  7.2 18 140   M    M   9        23 140
11  64  39  52   8  13   0    T  0.0    0 14.7 28 210   M    M   7        33 210
12  39  31  35  -8  30   0    T    T    0 11.8 23 280   M    M  10        30 270
13  37  24  31 -12  34   0 0.04  0.5    0  8.6 16 270   M    M   8 1      20 270
14  36  21  29 -13  36   0    T    T    T  8.7 14 280   M    M   5        17 250
15  34  22  28 -14  37   0 0.00  0.0    0  7.7 17 200   M    M   8        21 190
16  35  28  32 -10  33   0 0.06  0.9    1  8.1 15 190   M    M  10 18     18 200
17  31  15  23 -18  42   0 0.01  0.2    1 12.1 26 230   M    M   9 18     35 240
18  22  11  17 -24  48   0 0.00  0.0    1 19.8 30 220   M    M   4        37 220
19  30  13  22 -18  43   0 0.09  2.1    1 15.0 26 220   M    M   8 18     32 220
20  28  19  24 -16  41   0    T    T    2 15.5 32 230   M    M   8 12     39 230
21  28  13  21 -18  44   0 0.00  0.0    2  7.9 15 180   M    M   3        18 180
22  49  19  34  -5  31   0 0.12  0.0    1 10.9 16 200   M    M   9 16     23 210
23  53  44  49  11  16   0 0.76  0.0    0  9.8 23 120   M    M  10 1      30 130
24  58  35  47   9  18   0 0.42  0.0    0 26.0 46 210   M    M  10 12     58 200
25  35  30  33  -5  32   0    T    T    0 14.2 28 220   M    M  10        37 220
26  34  29  32  -5  33   0    T    T    0  3.7  9 350   M    M  10 18     12 340
27  36  22  29  -8  36   0    T    T    0  9.2 29 240   M    M   9        40 230
28  30  18  24 -12  41   0 0.01  0.3    0  7.2 17 190   M    M  10 1      20 190
29  51  30  41   5  24   0    T    T    T 12.2 25 200   M    M   9 46     33 190
30  62  42  52  16  13   0 0.01  0.0    0 15.4 24 210   M    M  10        30 220
================================================================================
SM 1297  853       865   0  1.67     4.0 338.7          M      249
================================================================================
AV 43.2 28.4                              11.3 FASTST   M    M   8    MAX(MPH)
                                 MISC ---->  # 46 210               # 58  200
================================================================================
NOTES:
# LAST OF SEVERAL OCCURRENCES

COLUMN 17 PEAK WIND IN M.P.H.

PRELIMINARY LOCAL CLIMATOLOGICAL DATA (WS FORM: F-6) , PAGE 2

                                          STATION:  DETROIT MI
                                          MONTH:    NOVEMBER
                                          YEAR:     2014
                                          LATITUDE:   42 13 N
                                          LONGITUDE:  83 20 W

[TEMPERATURE DATA]      [PRECIPITATION DATA]       SYMBOLS USED IN COLUMN 16

AVERAGE MONTHLY: 35.8   TOTAL FOR MONTH:   1.67    1 = FOG OR MIST
DPTR FM NORMAL:  -5.7   DPTR FM NORMAL:   -1.12    2 = FOG REDUCING VISIBILITY
HIGHEST:    64 ON 11    GRTST 24HR  1.14 ON 23-24      TO 1/4 MILE OR LESS
LOWEST:     11 ON 18                               3 = THUNDER
                        SNOW, ICE PELLETS, HAIL    4 = ICE PELLETS
                        TOTAL MONTH:   4.0 INCHES  5 = HAIL
                        GRTST 24HR   2.1 ON   M    6 = FREEZING RAIN OR DRIZZLE
                        GRTST DEPTH:   2 ON 21,20  7 = DUSTSTORM OR SANDSTORM:
                                                       VSBY 1/2 MILE OR LESS
                                                   8 = SMOKE OR HAZE
[NO. OF DAYS WITH]      [WEATHER - DAYS WITH]      9 = BLOWING SNOW
                                                   X = TORNADO
MAX 32 OR BELOW:   6    0.01 INCH OR MORE:  12
MAX 90 OR ABOVE:   0    0.10 INCH OR MORE:   3
MIN 32 OR BELOW:  20    0.50 INCH OR MORE:   1
MIN  0 OR BELOW:   0    1.00 INCH OR MORE:   0

[HDD (BASE 65) ]
TOTAL THIS MO.   865    CLEAR  (SCALE 0-3)   1
DPTR FM NORMAL   161    PTCLDY (SCALE 4-7)   6
TOTAL FM JUL 1  1377    CLOUDY (SCALE 8-10) 23
DPTR FM NORMAL   162

[CDD (BASE 65) ]
TOTAL THIS MO.     0
DPTR FM NORMAL     0    [PRESSURE DATA]
TOTAL FM JAN 1   704    HIGHEST SLP 30.52 ON 21
DPTR FM NORMAL   -99    LOWEST  SLP 29.07 ON 24

[REMARKS]
#FINAL-11-14#




U.S. Dept. of Commerce
NOAA National Weather Service
1325 East West Highway
Silver Spring, MD 20910
E-mail: w-nws.webmaster@noaa.gov
Page last modified: May 16, 2007
NATIONAL WEATHER SERVICE: for Safety, for Work, for Fun - FOR LIFE