261
CXUS53 KDTX 240800
CF6DTW
PRELIMINARY LOCAL CLIMATOLOGICAL DATA (WS FORM: F-6)

                                          STATION:   DETROIT MI
                                          MONTH:     APRIL
                                          YEAR:      2014
                                          LATITUDE:   42 13 N
                                          LONGITUDE:  83 20 W

  TEMPERATURE IN F:       :PCPN:    SNOW:  WIND      :SUNSHINE: SKY     :PK WND
================================================================================
1   2   3   4   5  6A  6B    7    8   9   10  11  12  13   14  15   16   17  18
                                     12Z  AVG MX 2MIN
DY MAX MIN AVG DEP HDD CDD  WTR  SNW DPTH SPD SPD DIR MIN PSBL S-S WX    SPD DR
================================================================================

 1  64  39  52   8  13   0 0.01  0.0    0 16.2 39 220   M    M   8        45 210
 2  58  34  46   2  19   0 0.00  0.0    0  6.2 14  30   M    M   7        18  30
 3  40  34  37  -7  28   0 0.30  0.0    0 11.5 20  70   M    M  10 18     28  80
 4  50  36  43  -2  22   0 0.12  0.0    0 12.9 32 230   M    M  10 128    40 220
 5  51  32  42  -3  23   0    T    T    0 12.5 26 260   M    M   5 1      36 260
 6  55  28  42  -4  23   0 0.00  0.0    0  2.6 10  90   M    M   4        28 270
 7  54  33  44  -2  21   0 0.40  0.0    0  7.7 17  50   M    M  10 1      23  40
 8  63  39  51   5  14   0 0.07  0.0    0  8.0 16 340   M    M   8 1      23 340
 9  58  36  47   0  18   0 0.00  0.0    0  7.8 17 200   M    M   4        21 160
10  71  43  57  10   8   0 0.01  0.0    0 16.8 40 200   M    M   8        48 200
11  69  42  56   8   9   0 0.00  0.0    0  4.6 21 250   M    M   6 8      29 250
12  72  40  56   8   9   0    T  0.0    0  6.9 24 160   M    M   8 1      32 150
13  79  48  64  16   1   0 0.00  0.0    0 13.6 33 200   M    M   8 18     41 210
14  71  32  52   3  13   0 0.14  0.6    0 18.8  M   M   M    M  10 1      29 290
15  33  26  30 -19  35   0 0.17  2.6    3 11.3 22 280   M    M   9 1      38 230
16  41  22  32 -18  33   0 0.00  0.0    1  6.4 17 130   M    M   5        23 120
17  63  32  48  -2  17   0 0.00  0.0    0  6.8 17 160   M    M   7        21 150
18  65  41  53   3  12   0 0.00  0.0    0  4.6 17  10   M    M   8        22  20
19  56  35  46  -5  19   0 0.00  0.0    0  7.8 17  20   M    M   3        22  20
20  72  37  55   4  10   0 0.00  0.0    0  3.9 13 150   M    M   7        25 260
21  80  43  62  11   3   0 0.01  0.0    0  7.9 22 190   M    M   9 8      29 220
22  62  41  52   0  13   0 0.01  0.0    0 15.6 26 310   M    M   8 18     35 280
23  57  38  48  -4  17   0 0.00  0.0    0  9.1 18 320   M    M   7        23 310
================================================================================
SM 1384  831       380   0  1.24     3.2 219.5          M      169
================================================================================
AV 60.2 36.1                               9.5 FASTST   M    M   7    MAX(MPH)
                                 MISC ---->  # 40 200               # 48  200
================================================================================
NOTES:
# LAST OF SEVERAL OCCURRENCES

COLUMN 17 PEAK WIND IN M.P.H.

PRELIMINARY LOCAL CLIMATOLOGICAL DATA (WS FORM: F-6) , PAGE 2

                                          STATION:  DETROIT MI
                                          MONTH:    APRIL
                                          YEAR:     2014
                                          LATITUDE:   42 13 N
                                          LONGITUDE:  83 20 W

[TEMPERATURE DATA]      [PRECIPITATION DATA]       SYMBOLS USED IN COLUMN 16

AVERAGE MONTHLY: 48.2   TOTAL FOR MONTH:   1.24    1 = FOG OR MIST
DPTR FM NORMAL:   0.2   DPTR FM NORMAL:   -0.98    2 = FOG REDUCING VISIBILITY
HIGHEST:    80 ON 21    GRTST 24HR  0.47 ON  7- 8      TO 1/4 MILE OR LESS
LOWEST:     22 ON 16                               3 = THUNDER
                        SNOW, ICE PELLETS, HAIL    4 = ICE PELLETS
                        TOTAL MONTH:   3.2 INCHES  5 = HAIL
                        GRTST 24HR   2.6 ON   M    6 = FREEZING RAIN OR DRIZZLE
                        GRTST DEPTH:   3 ON 15     7 = DUSTSTORM OR SANDSTORM:
                                                       VSBY 1/2 MILE OR LESS
                                                   8 = SMOKE OR HAZE
[NO. OF DAYS WITH]      [WEATHER - DAYS WITH]      9 = BLOWING SNOW
                                                   X = TORNADO
MAX 32 OR BELOW:   0    0.01 INCH OR MORE:  10
MAX 90 OR ABOVE:   0    0.10 INCH OR MORE:   5
MIN 32 OR BELOW:   6    0.50 INCH OR MORE:   0
MIN  0 OR BELOW:   0    1.00 INCH OR MORE:   0

[HDD (BASE 65) ]
TOTAL THIS MO.   380    CLEAR  (SCALE 0-3)   1
DPTR FM NORMAL   -16    PTCLDY (SCALE 4-7)  13
TOTAL FM JUL 1  6749    CLOUDY (SCALE 8-10)  9
DPTR FM NORMAL   938

[CDD (BASE 65) ]
TOTAL THIS MO.     0
DPTR FM NORMAL     0    [PRESSURE DATA]
TOTAL FM JAN 1     0    HIGHEST SLP M ON M
DPTR FM NORMAL     0    LOWEST  SLP 29.37 ON 14

[REMARKS]




U.S. Dept. of Commerce
NOAA National Weather Service
1325 East West Highway
Silver Spring, MD 20910
E-mail: w-nws.webmaster@noaa.gov
Page last modified: May 16, 2007
NATIONAL WEATHER SERVICE: for Safety, for Work, for Fun - FOR LIFE