993
CXUS53 KDTX 270800
CF6DTW
PRELIMINARY LOCAL CLIMATOLOGICAL DATA (WS FORM: F-6)

                                          STATION:   DETROIT MI
                                          MONTH:     AUGUST
                                          YEAR:      2014
                                          LATITUDE:   42 13 N
                                          LONGITUDE:  83 20 W

  TEMPERATURE IN F:       :PCPN:    SNOW:  WIND      :SUNSHINE: SKY     :PK WND
================================================================================
1   2   3   4   5  6A  6B    7    8   9   10  11  12  13   14  15   16   17  18
                                     12Z  AVG MX 2MIN
DY MAX MIN AVG DEP HDD CDD  WTR  SNW DPTH SPD SPD DIR MIN PSBL S-S WX    SPD DR
================================================================================

 1  83  60  72  -1   0   7 0.00  0.0    0  4.3 13 170   M    M   6 18     21 300
 2  76  64  70  -3   0   5 0.01  0.0    0  2.9 14  20   M    M   8 18     21  20
 3  84  60  72  -1   0   7 0.00  0.0    0  2.8 12 120   M    M   4 18     12 160
 4  86  63  75   2   0  10 0.12  0.0    0  3.6 17 190   M    M   7 138     M  M
 5  78  65  72  -1   0   7 0.02  0.0    0  3.5 14 290   M    M  10 1       M  M
 6  79  60  70  -3   0   5 0.00  0.0    0  4.5 10  10   M    M   7 1      16  20
 7  84  59  72  -1   0   7 0.00  0.0    0  2.8 10  60   M    M   5 8      20 190
 8  81  61  71  -2   0   6 0.00  0.0    0  4.9 12  10   M    M   7 18     17  40
 9  81  58  70  -3   0   5 0.00  0.0    0  6.9 16  20   M    M   3 18     22  40
10  84  62  73   0   0   8 0.00  0.0    0  6.0 12 100   M    M   6 1      16  60
11  73  66  70  -3   0   5 4.57  0.0    0  6.8 22 320   M    M  10 13     25  10
12  78  62  70  -3   0   5 0.28  0.0    0  8.6 18 220   M    M   9 1238   29 220
13  78  57  68  -4   0   3 0.00  0.0    0 10.6 21 310   M    M   5        29 300
14  72  53  63  -9   2   0 0.00  0.0    0  9.9 20 300   M    M   4        25 270
15  75  49  62 -10   3   0 0.00  0.0    0  7.0 15 270   M    M   5        20 240
16  83  52  68  -4   0   3    T  0.0    0 10.4 21 210   M    M   6        28 230
17  74  65  70  -2   0   5 0.42  0.0    0  3.8 10  40   M    M   9 1      13  40
18  79  63  71  -1   0   6 0.00  0.0    0  5.0 10 160   M    M   8        17 120
19  85  66  76   4   0  11 0.29  0.0    0  5.4 40 260   M    M   9 13     51 250
20  84  66  75   3   0  10 0.01  0.0    0  6.6 22 240   M    M   8 18     28 230
21  81  67  74   2   0   9 0.01  0.0    0  3.4 14 160   M    M   9 1      18 340
22  83  70  77   5   0  12 0.00  0.0    0  3.6  8  70   M    M   9 18      9  10
23  80  66  73   2   0   8 0.00  0.0    0  5.4 10  30   M    M   8 18     18 220
24  80  68  74   3   0   9 0.00  0.0    0  6.7 12 120   M    M   8 18     20 120
25  84  68  76   5   0  11 0.00  0.0    0  4.5 14 150   M    M   7 18     22 150
26  90  70  80   9   0  15 0.55  0.0    0  7.3 37 290   M    M   7 138    49 300
================================================================================
SM 2095 1620         5 179  6.28     0.0 147.2          M      184
================================================================================
AV 80.6 62.3                               5.7 FASTST   M    M   7    MAX(MPH)
                                 MISC ---->  # 40 260               # 51  250
================================================================================
NOTES:
# LAST OF SEVERAL OCCURRENCES

COLUMN 17 PEAK WIND IN M.P.H.

PRELIMINARY LOCAL CLIMATOLOGICAL DATA (WS FORM: F-6) , PAGE 2

                                          STATION:  DETROIT MI
                                          MONTH:    AUGUST
                                          YEAR:     2014
                                          LATITUDE:   42 13 N
                                          LONGITUDE:  83 20 W

[TEMPERATURE DATA]      [PRECIPITATION DATA]       SYMBOLS USED IN COLUMN 16

AVERAGE MONTHLY: 71.4   TOTAL FOR MONTH:   6.28    1 = FOG OR MIST
DPTR FM NORMAL:  -0.9   DPTR FM NORMAL:    3.76    2 = FOG REDUCING VISIBILITY
HIGHEST:    90 ON 26    GRTST 24HR  4.59 ON 11-12      TO 1/4 MILE OR LESS
LOWEST:     49 ON 15                               3 = THUNDER
                        SNOW, ICE PELLETS, HAIL    4 = ICE PELLETS
                        TOTAL MONTH:   0.0 INCH    5 = HAIL
                        GRTST 24HR     0.0         6 = FREEZING RAIN OR DRIZZLE
                        GRTST DEPTH:   0           7 = DUSTSTORM OR SANDSTORM:
                                                       VSBY 1/2 MILE OR LESS
                                                   8 = SMOKE OR HAZE
[NO. OF DAYS WITH]      [WEATHER - DAYS WITH]      9 = BLOWING SNOW
                                                   X = TORNADO
MAX 32 OR BELOW:   0    0.01 INCH OR MORE:  10
MAX 90 OR ABOVE:   1    0.10 INCH OR MORE:   6
MIN 32 OR BELOW:   0    0.50 INCH OR MORE:   2
MIN  0 OR BELOW:   0    1.00 INCH OR MORE:   1

[HDD (BASE 65) ]
TOTAL THIS MO.     5    CLEAR  (SCALE 0-3)   1
DPTR FM NORMAL     5    PTCLDY (SCALE 4-7)  18
TOTAL FM JUL 1    13    CLOUDY (SCALE 8-10)  7
DPTR FM NORMAL    11

[CDD (BASE 65) ]
TOTAL THIS MO.   179
DPTR FM NORMAL   -16    [PRESSURE DATA]
TOTAL FM JAN 1   595    HIGHEST SLP M ON M
DPTR FM NORMAL   -86    LOWEST  SLP 29.66 ON 12

[REMARKS]




U.S. Dept. of Commerce
NOAA National Weather Service
1325 East West Highway
Silver Spring, MD 20910
E-mail: w-nws.webmaster@noaa.gov
Page last modified: May 16, 2007
NATIONAL WEATHER SERVICE: for Safety, for Work, for Fun - FOR LIFE