966
CXUS53 KDTX 300800
CF6DTW
PRELIMINARY LOCAL CLIMATOLOGICAL DATA (WS FORM: F-6)

                                          STATION:   DETROIT MI
                                          MONTH:     SEPTEMBER
                                          YEAR:      2014
                                          LATITUDE:   42 13 N
                                          LONGITUDE:  83 20 W

  TEMPERATURE IN F:       :PCPN:    SNOW:  WIND      :SUNSHINE: SKY     :PK WND
================================================================================
1   2   3   4   5  6A  6B    7    8   9   10  11  12  13   14  15   16   17  18
                                     12Z  AVG MX 2MIN
DY MAX MIN AVG DEP HDD CDD  WTR  SNW DPTH SPD SPD DIR MIN PSBL S-S WX    SPD DR
================================================================================

 1  86  69  78   8   0  13 0.52  0.0    0  9.0 29 190   M    M   7 18     38 180
 2  79  64  72   3   0   7 0.40  0.0    0  7.4 15 180   M    M   8 1      20 270
 3  81  61  71   2   0   6 0.00  0.0    0  4.3 14 160   M    M   4 1      18 160
 4  87  63  75   6   0  10 0.58  0.0    0  9.2 25 320   M    M   5 13     30 310
 5  93  68  81  13   0  16 0.59  0.0    0 10.8 46 250   M    M   7 138    60 250
 6  74  59  67  -1   0   2 0.05  0.0    0  7.5 14 340   M    M   7 1      17 310
 7  75  55  65  -3   0   0 0.00  0.0    0  2.3 12 160   M    M   1        16 330
 8  76  56  66  -1   0   1 0.00  0.0    0  4.5 12 110   M    M   3        17 130
 9  78  61  70   3   0   5 0.00  0.0    0  3.9 14 210   M    M   8 1      17 210
10  75  67  71   4   0   6 1.39  0.0    0 10.1 26 180   M    M  10 1      37 190
11  74  52  63  -3   2   0 0.02  0.0    0 11.0 23 280   M    M  10 1      31 280
12  61  51  56 -10   9   0 0.02  0.0    0  5.6 13 340   M    M   9 1      16 350
13  58  46  52 -14  13   0 0.33  0.0    0  7.6 23 290   M    M   7 1      32 290
14  64  43  54 -11  11   0 0.00  0.0    0  2.8 13 240   M    M   4 18     17 220
15  61  47  54 -11  11   0 0.01  0.0    0  4.6 12 210   M    M   8 1      14 220
16  67  49  58  -6   7   0 0.00  0.0    0  4.7 10 220   M    M   5        15 250
17  68  45  57  -7   8   0 0.00  0.0    0  3.1 10 250   M    M   3 1      21 210
18  69  48  59  -5   6   0 0.00  0.0    0  5.3 13  70   M    M   5        17 350
19  66  43  55  -8  10   0 0.00  0.0    0  3.5 12 160   M    M   5 18     16 100
20  81  51  66   3   0   1 0.44  0.0    0 12.4 39 220   M    M   7 3      53 220
21  69  50  60  -2   5   0 0.18  0.0    0 14.6 25 230   M    M   8 18     32 220
22  63  48  56  -6   9   0 0.00  0.0    0  8.1 15 260   M    M   7        20 300
23  71  44  58  -3   7   0 0.00    M    0  2.5  9 140   M    M   1 1      15 220
24  74  50  62   1   3   0 0.00  0.0    0  3.6 10 110   M    M   2 18     15 110
25  75  54  65   5   0   0 0.00  0.0    0  3.4 12 160   M    M   5 128    20 250
26  76  51  64   4   1   0 0.00  0.0    0  2.6  9 110   M    M   4 128    13 110
27  77  54  66   6   0   1 0.00  0.0    0  3.9 10  50   M    M   3 18     15  40
28  78  55  67   8   0   2 0.00  0.0    0  2.3  8 170   M    M   7 18     13  40
29  79  55  67   8   0   2 0.00  0.0    0  3.1 10 240   M    M   4 18     13 240
================================================================================
SM 2135 1559       102  72  4.53     0.0 173.7          M      164
================================================================================
AV 73.6 53.8                               6.0 FASTST   M    M   6    MAX(MPH)
                                 MISC ---->  # 46 250               # 60  250
================================================================================
NOTES:
# LAST OF SEVERAL OCCURRENCES

COLUMN 17 PEAK WIND IN M.P.H.

PRELIMINARY LOCAL CLIMATOLOGICAL DATA (WS FORM: F-6) , PAGE 2

                                          STATION:  DETROIT MI
                                          MONTH:    SEPTEMBER
                                          YEAR:     2014
                                          LATITUDE:   42 13 N
                                          LONGITUDE:  83 20 W

[TEMPERATURE DATA]      [PRECIPITATION DATA]       SYMBOLS USED IN COLUMN 16

AVERAGE MONTHLY: 63.7   TOTAL FOR MONTH:   4.53    1 = FOG OR MIST
DPTR FM NORMAL:  -0.9   DPTR FM NORMAL:    1.36    2 = FOG REDUCING VISIBILITY
HIGHEST:    93 ON  5    GRTST 24HR  1.40 ON 10-11      TO 1/4 MILE OR LESS
LOWEST:     43 ON 19,14                            3 = THUNDER
                        SNOW, ICE PELLETS, HAIL    4 = ICE PELLETS
                        TOTAL MONTH:   0.0 INCH    5 = HAIL
                        GRTST 24HR     0.0         6 = FREEZING RAIN OR DRIZZLE
                        GRTST DEPTH:   0           7 = DUSTSTORM OR SANDSTORM:
                                                       VSBY 1/2 MILE OR LESS
                                                   8 = SMOKE OR HAZE
[NO. OF DAYS WITH]      [WEATHER - DAYS WITH]      9 = BLOWING SNOW
                                                   X = TORNADO
MAX 32 OR BELOW:   0    0.01 INCH OR MORE:  12
MAX 90 OR ABOVE:   1    0.10 INCH OR MORE:   8
MIN 32 OR BELOW:   0    0.50 INCH OR MORE:   4
MIN  0 OR BELOW:   0    1.00 INCH OR MORE:   1

[HDD (BASE 65) ]
TOTAL THIS MO.   102    CLEAR  (SCALE 0-3)   4
DPTR FM NORMAL     6    PTCLDY (SCALE 4-7)  21
TOTAL FM JUL 1   115    CLOUDY (SCALE 8-10)  4
DPTR FM NORMAL     9

[CDD (BASE 65) ]
TOTAL THIS MO.    72
DPTR FM NORMAL   -10    [PRESSURE DATA]
TOTAL FM JAN 1   704    HIGHEST SLP M ON M
DPTR FM NORMAL   -89    LOWEST  SLP 29.53 ON 10

[REMARKS]




U.S. Dept. of Commerce
NOAA National Weather Service
1325 East West Highway
Silver Spring, MD 20910
E-mail: w-nws.webmaster@noaa.gov
Page last modified: May 16, 2007
NATIONAL WEATHER SERVICE: for Safety, for Work, for Fun - FOR LIFE