415
CXUS53 KDMX 011232
CF6DSM
PRELIMINARY LOCAL CLIMATOLOGICAL DATA (WS FORM: F-6)

                                          STATION:   DES MOINES IA
                                          MONTH:     NOVEMBER
                                          YEAR:      2014
                                          LATITUDE:   41 31 N
                                          LONGITUDE:  93 39 W

  TEMPERATURE IN F:       :PCPN:    SNOW:  WIND      :SUNSHINE: SKY     :PK WND
================================================================================
1   2   3   4   5  6A  6B    7    8   9   10  11  12  13   14  15   16   17  18
                                     12Z  AVG MX 2MIN
DY MAX MIN AVG DEP HDD CDD  WTR  SNW DPTH SPD SPD DIR MIN PSBL S-S WX    SPD DR
================================================================================

 1  48  23  36 -11  29   0 0.00  0.0    0  8.6 17 150   M    M   2        22 150
 2  61  39  50   4  15   0 0.00  0.0    0 15.4 26 190   M    M   7        33 200
 3  66  46  56  10   9   0 0.02  0.0    0 15.0 28 320   M    M   8        33 310
 4  60  43  52   7  13   0 0.00  0.0    0 10.9 26 330   M    M   5        32 320
 5  60  39  50   5  15   0 0.08  0.0    0 12.3 33 320   M    M   7        39 310
 6  50  34  42  -2  23   0 0.00  0.0    0 14.4 31 330   M    M   5        44 330
 7  58  31  45   1  20   0 0.00  0.0    0 12.0 28 340   M    M   6        38 350
 8  52  35  44   1  21   0 0.00  0.0    0 14.8 30 340   M    M   7        39 340
 9  56  38  47   4  18   0 0.00  0.0    0  8.2 16 250   M    M   9        20 210
10  66  31  49   7  16   0    T  0.0    0 14.3 32 330   M    M   9 6      38 330
11  31  23  27 -15  38   0 0.01  0.3    T 18.5 29 320   M    M   9 16     36 350
12  27  18  23 -18  42   0    T    T    0 15.8 24 310   M    M   8        30 310
13  27  17  22 -19  43   0    T    T    0 14.7 23 310   M    M   9        29 310
14  30  11  21 -19  44   0 0.00  0.0    0  5.1 10 310   M    M   3        14 310
15  30  21  26 -14  39   0 0.11  2.0    0  6.0 10 160   M    M   9 128    18 120
16  27  12  20 -19  45   0 0.01  0.5    2 11.5 23 320   M    M   6 189    26 320
17  19  11  15 -23  50   0    T    T    1 19.6 33 310   M    M   4        40 310
18  27   8  18 -20  47   0    T    T    1 10.7 21 250   M    M   7        25 270
19  31  21  26 -11  39   0    T    T    1 16.9 37 300   M    M   9        49 300
20  30  14  22 -15  43   0    T    T    1  8.2 20 310   M    M   2        24 300
21  39  13  26 -10  39   0    T  0.0    T 11.3 20 170   M    M   5        24 170
22  57  38  48  12  17   0    T  0.0    0 13.1 23 210   M    M   9 18     28 210
23  55  36  46  11  19   0 0.10    T    0 12.3 32 330   M    M  10 18     43 330
24  36  25  31  -4  34   0    T    T    0 23.4 32 300   M    M  10        42 330
25  37  17  27  -7  38   0 0.00  0.0    0  9.0 22 320   M    M   3        30 310
26  33  22  28  -6  37   0 0.25  3.0    2 11.1 18 320   M    M  10 16     24  10
27  22   4  13 -20  52   0    T    T    2  9.0 22 320   M    M   7        27 340
28  44  14  29  -3  36   0 0.00  0.0    2  9.5 20 160   M    M   5        23 160
29  59  33  46  14  19   0 0.00  0.0    1  8.2 17 200   M    M   5        22 200
30  45  14  30  -1  35   0    T    T    0 16.6 25 350   M    M   6 1      35 330
================================================================================
SM 1283  731       935   0  0.58     5.8 376.4          M      201
================================================================================
AV 42.8 24.4                              12.5 FASTST   M    M   7    MAX(MPH)
                                 MISC ---->  # 37 300               # 49  300
================================================================================
NOTES:
# LAST OF SEVERAL OCCURRENCES

COLUMN 17 PEAK WIND IN M.P.H.

PRELIMINARY LOCAL CLIMATOLOGICAL DATA (WS FORM: F-6) , PAGE 2

                                          STATION:  DES MOINES IA
                                          MONTH:    NOVEMBER
                                          YEAR:     2014
                                          LATITUDE:   41 31 N
                                          LONGITUDE:  93 39 W

[TEMPERATURE DATA]      [PRECIPITATION DATA]       SYMBOLS USED IN COLUMN 16

AVERAGE MONTHLY: 33.6   TOTAL FOR MONTH:   0.58    1 = FOG OR MIST
DPTR FM NORMAL:  -5.6   DPTR FM NORMAL:   -1.61    2 = FOG REDUCING VISIBILITY
HIGHEST:    66 ON 10, 3 GRTST 24HR  0.25 ON 25-26      TO 1/4 MILE OR LESS
LOWEST:      4 ON 27                               3 = THUNDER
                        SNOW, ICE PELLETS, HAIL    4 = ICE PELLETS
                        TOTAL MONTH:   5.8 INCHES  5 = HAIL
                        GRTST 24HR   3.0 ON 26-26  6 = FREEZING RAIN OR DRIZZLE
                        GRTST DEPTH:   2 ON 28,27  7 = DUSTSTORM OR SANDSTORM:
                                                       VSBY 1/2 MILE OR LESS
                                                   8 = SMOKE OR HAZE
[NO. OF DAYS WITH]      [WEATHER - DAYS WITH]      9 = BLOWING SNOW
                                                   X = TORNADO
MAX 32 OR BELOW:  11    0.01 INCH OR MORE:   7
MAX 90 OR ABOVE:   0    0.10 INCH OR MORE:   3
MIN 32 OR BELOW:  20    0.50 INCH OR MORE:   0
MIN  0 OR BELOW:   0    1.00 INCH OR MORE:   0

[HDD (BASE 65) ]
TOTAL THIS MO.   935    CLEAR  (SCALE 0-3)   3
DPTR FM NORMAL   161    PTCLDY (SCALE 4-7)  16
TOTAL FM JUL 1  1317    CLOUDY (SCALE 8-10) 11
DPTR FM NORMAL    59

[CDD (BASE 65) ]
TOTAL THIS MO.     0
DPTR FM NORMAL     0    [PRESSURE DATA]
TOTAL FM JAN 1  1075    HIGHEST SLP M ON M
DPTR FM NORMAL     9    LOWEST  SLP 29.34 ON 23

[REMARKS]
#FINAL-11-14#




U.S. Dept. of Commerce
NOAA National Weather Service
1325 East West Highway
Silver Spring, MD 20910
E-mail: w-nws.webmaster@noaa.gov
Page last modified: May 16, 2007
NATIONAL WEATHER SERVICE: for Safety, for Work, for Fun - FOR LIFE