754
CXUS53 KDMX 010920
CF6DSM
PRELIMINARY LOCAL CLIMATOLOGICAL DATA (WS FORM: F-6)

                                          STATION:   DES MOINES IA
                                          MONTH:     AUGUST
                                          YEAR:      2014
                                          LATITUDE:   41 31 N
                                          LONGITUDE:  93 39 W

  TEMPERATURE IN F:       :PCPN:    SNOW:  WIND      :SUNSHINE: SKY     :PK WND
================================================================================
1   2   3   4   5  6A  6B    7    8   9   10  11  12  13   14  15   16   17  18
                                     12Z  AVG MX 2MIN
DY MAX MIN AVG DEP HDD CDD  WTR  SNW DPTH SPD SPD DIR MIN PSBL S-S WX    SPD DR
================================================================================

 1  85  63  74  -2   0   9 0.00  0.0    0  2.6  9  80   M    M   3 18     11  70
 2  87  61  74  -2   0   9 0.00  0.0    0  4.3 13 180   M    M   3        16 150
 3  88  68  78   2   0  13 0.00  0.0    0  6.5 14 190   M    M   5 8      17 180
 4  89  68  79   3   0  14    T  0.0    0  4.6 13  50   M    M   5 8      15  40
 5  83  67  75  -1   0  10 0.00  0.0    0  4.6 13  60   M    M   8        15  50
 6  73  67  70  -6   0   5 1.86  0.0    0  8.8 15  80   M    M  10 138    22  80
 7  71  68  70  -5   0   5 0.03  0.0    0  7.7 13 120   M    M  10 18     19 110
 8  80  66  73  -2   0   8    T  0.0    0  6.9 15  60   M    M   8 18     19  70
 9  80  68  74  -1   0   9    T  0.0    0  6.1 13 110   M    M   7 18     16 120
10  79  67  73  -2   0   8    T  0.0    0  3.2  8 100   M    M   7 18     11 120
11  81  64  73  -2   0   8 0.00  0.0    0 11.5 22 350   M    M   4 18     28 320
12  80  58  69  -6   0   4 0.00  0.0    0  8.5 18 340   M    M   1        23 330
13  84  57  71  -4   0   6 0.00  0.0    0  3.9 13 270   M    M   1 8      17 280
14  85  63  74  -1   0   9    T  0.0    0  4.1 12 140   M    M   5 8      16 150
15  73  68  71  -4   0   6 0.32  0.0    0  6.9 15 160   M    M  10 13     18 150
16  79  68  74  -1   0   9 0.10  0.0    0  6.9 13  80   M    M   9 1      16  60
17  85  64  75   1   0  10 0.00  0.0    0  3.6 12 150   M    M   4 128    18 120
18  89  69  79   5   0  14 0.00  0.0    0  9.0 16 230   M    M   4 18     19 190
19  87  70  79   5   0  14 0.00  0.0    0  5.1 12 280   M    M   2        14 270
20  84  68  76   2   0  11 2.10  0.0    0  8.5 33 290   M    M   7 135    46 290
21  88  76  82   8   0  17 0.11  0.0    0  8.4 21 200   M    M   6 13     24 220
22  90  73  82   8   0  17 0.12  0.0    0  4.9 29 260   M    M   9 3      36 270
23  89  72  81   7   0  16 0.93  0.0    0 10.6 23 250   M    M   7 123    30 260
24  93  75  84  11   0  19 0.00  0.0    0 10.7 20 160   M    M   4 1      23 180
25  92  73  83  10   0  18 0.01  0.0    0  6.8 16 360   M    M   5 3      20 310
26  82  67  75   2   0  10 0.05  0.0    0  7.5 33 310   M    M   7 3      41 300
27  76  68  72  -1   0   7 0.01  0.0    0  5.2 12 130   M    M   9 8      16 100
28  81  67  74   2   0   9 3.38  0.0    0  8.1 25 270   M    M   9 13     29 270
29  85  68  77   5   0  12 0.49  0.0    0  8.9 17 200   M    M   7 13     21 190
30  84  66  75   3   0  10    T  0.0    0  5.8 15 270   M    M   5        19 270
31  89  67  78   6   0  13 1.85  0.0    0 13.2 44 350   M    M   6 13     50 340
================================================================================
SM 2591 2084         0 329 11.36     0.0 213.4          M      187
================================================================================
AV 83.6 67.2                               6.9 FASTST   M    M   6    MAX(MPH)
                                 MISC ---->  # 44 350               # 50  340
================================================================================
NOTES:
# LAST OF SEVERAL OCCURRENCES

COLUMN 17 PEAK WIND IN M.P.H.

PRELIMINARY LOCAL CLIMATOLOGICAL DATA (WS FORM: F-6) , PAGE 2

                                          STATION:  DES MOINES IA
                                          MONTH:    AUGUST
                                          YEAR:     2014
                                          LATITUDE:   41 31 N
                                          LONGITUDE:  93 39 W

[TEMPERATURE DATA]      [PRECIPITATION DATA]       SYMBOLS USED IN COLUMN 16

AVERAGE MONTHLY: 75.4   TOTAL FOR MONTH:  11.36    1 = FOG OR MIST
DPTR FM NORMAL:   1.1   DPTR FM NORMAL:    7.23    2 = FOG REDUCING VISIBILITY
HIGHEST:    93 ON 24    GRTST 24HR  3.60 ON 28-29      TO 1/4 MILE OR LESS
LOWEST:     57 ON 13                               3 = THUNDER
                        SNOW, ICE PELLETS, HAIL    4 = ICE PELLETS
                        TOTAL MONTH:   0.0 INCH    5 = HAIL
                        GRTST 24HR     0.0         6 = FREEZING RAIN OR DRIZZLE
                        GRTST DEPTH:   0           7 = DUSTSTORM OR SANDSTORM:
                                                       VSBY 1/2 MILE OR LESS
                                                   8 = SMOKE OR HAZE
[NO. OF DAYS WITH]      [WEATHER - DAYS WITH]      9 = BLOWING SNOW
                                                   X = TORNADO
MAX 32 OR BELOW:   0    0.01 INCH OR MORE:  14
MAX 90 OR ABOVE:   3    0.10 INCH OR MORE:  10
MIN 32 OR BELOW:   0    0.50 INCH OR MORE:   5
MIN  0 OR BELOW:   0    1.00 INCH OR MORE:   4

[HDD (BASE 65) ]
TOTAL THIS MO.     0    CLEAR  (SCALE 0-3)   4
DPTR FM NORMAL    -5    PTCLDY (SCALE 4-7)  20
TOTAL FM JUL 1     2    CLOUDY (SCALE 8-10)  7
DPTR FM NORMAL    -4

[CDD (BASE 65) ]
TOTAL THIS MO.   329
DPTR FM NORMAL    36    [PRESSURE DATA]
TOTAL FM JAN 1   969    HIGHEST SLP M ON M
DPTR FM NORMAL    30    LOWEST  SLP 29.56 ON 31

[REMARKS]
#FINAL-08-14#




U.S. Dept. of Commerce
NOAA National Weather Service
1325 East West Highway
Silver Spring, MD 20910
E-mail: w-nws.webmaster@noaa.gov
Page last modified: May 16, 2007
NATIONAL WEATHER SERVICE: for Safety, for Work, for Fun - FOR LIFE