667
CXUS54 KEWX 160910
CF6DRT
PRELIMINARY LOCAL CLIMATOLOGICAL DATA (WS FORM: F-6)

                                          STATION:   DEL RIO
                                          MONTH:     APRIL
                                          YEAR:      2014
                                          LATITUDE:   29 22 N
                                          LONGITUDE: 100 55 W

  TEMPERATURE IN F:       :PCPN:    SNOW:  WIND      :SUNSHINE: SKY     :PK WND
================================================================================
1   2   3   4   5  6A  6B    7    8   9   10  11  12  13   14  15   16   17  18
                                     12Z  AVG MX 2MIN
DY MAX MIN AVG DEP HDD CDD  WTR  SNW DPTH SPD SPD DIR MIN PSBL S-S WX    SPD DR
================================================================================

 1  88  64  76   8   0  11 0.00  0.0    0 11.8 23 140   M    M   3 18     28 110
 2  93  73  83  15   0  18 0.00  0.0    0 10.8 17  80   M    M   4 18     25 120
 3  95  72  84  15   0  19 0.00  0.0    0 10.3 17 130   M    M   2        22 100
 4  82  59  71   2   0   6 0.00  0.0    0  9.3 17 140   M    M   1        24 300
 5  72  58  65  -4   0   0 0.00  0.0    0 11.7 23 150   M    M   5        30 100
 6  84  56  70   1   0   5 0.00  0.0    0  9.0 28 260   M    M   4        39 250
 7  85  50  68  -2   0   3 0.00  0.0    0  9.9 37 290   M    M   0        47 300
 8  83  50  67  -3   0   2 0.00  0.0    0  6.2 16 300   M    M   0        22 270
 9  92  53  73   3   0   8 0.00  0.0    0 11.0 22 150   M    M   0        27 150
10  93  61  77   7   0  12 0.00  0.0    0 11.6 18 140   M    M   0        24 160
11  88  62  75   5   0  10 0.00  0.0    0 10.3 16 120   M    M   0        24 120
12  86  65  76   5   0  11 0.00  0.0    0 11.5 20 150   M    M   2        25 130
13  86  73  80   9   0  15 0.00  0.0    0 10.4 21 130   M    M   3        29 140
14  78  54  66  -5   0   1 0.00  0.0    0 15.9 31 320   M    M   2        42 310
15  70  38  54 -18  11   0 0.00  0.0    0  6.8 16 140   M    M   0        22 120
================================================================================
SM 1275  888        11 121  0.00     0.0 156.5          M       26
================================================================================
AV 85.0 59.2                              10.4 FASTST   M    M   2    MAX(MPH)
                                 MISC ---->  # 37 290               # 47  300
================================================================================
NOTES:
# LAST OF SEVERAL OCCURRENCES

COLUMN 17 PEAK WIND IN M.P.H.

PRELIMINARY LOCAL CLIMATOLOGICAL DATA (WS FORM: F-6) , PAGE 2

                                          STATION:  DEL RIO
                                          MONTH:    APRIL
                                          YEAR:     2014
                                          LATITUDE:   29 22 N
                                          LONGITUDE: 100 55 W

[TEMPERATURE DATA]      [PRECIPITATION DATA]       SYMBOLS USED IN COLUMN 16

AVERAGE MONTHLY: 72.1   TOTAL FOR MONTH:   0.00    1 = FOG OR MIST
DPTR FM NORMAL:   2.3   DPTR FM NORMAL:   -0.70    2 = FOG REDUCING VISIBILITY
HIGHEST:    95 ON  3    GRTST 24HR  0.00 ON 15-15      TO 1/4 MILE OR LESS
LOWEST:     38 ON 15                               3 = THUNDER
                        SNOW, ICE PELLETS, HAIL    4 = ICE PELLETS
                        TOTAL MONTH:   0.0 INCH    5 = HAIL
                        GRTST 24HR     0.0         6 = FREEZING RAIN OR DRIZZLE
                        GRTST DEPTH:   0           7 = DUSTSTORM OR SANDSTORM:
                                                       VSBY 1/2 MILE OR LESS
                                                   8 = SMOKE OR HAZE
[NO. OF DAYS WITH]      [WEATHER - DAYS WITH]      9 = BLOWING SNOW
                                                   X = TORNADO
MAX 32 OR BELOW:   0    0.01 INCH OR MORE:   0
MAX 90 OR ABOVE:   4    0.10 INCH OR MORE:   0
MIN 32 OR BELOW:   0    0.50 INCH OR MORE:   0
MIN  0 OR BELOW:   0    1.00 INCH OR MORE:   0

[HDD (BASE 65) ]
TOTAL THIS MO.    11    CLEAR  (SCALE 0-3)  11
DPTR FM NORMAL    -8    PTCLDY (SCALE 4-7)   4
TOTAL FM JUL 1  1552    CLOUDY (SCALE 8-10)  0
DPTR FM NORMAL   183

[CDD (BASE 65) ]
TOTAL THIS MO.   121
DPTR FM NORMAL    31    [PRESSURE DATA]
TOTAL FM JAN 1   250    HIGHEST SLP M ON M
DPTR FM NORMAL    54    LOWEST  SLP 29.60 ON 13

[REMARKS]




U.S. Dept. of Commerce
NOAA National Weather Service
1325 East West Highway
Silver Spring, MD 20910
E-mail: w-nws.webmaster@noaa.gov
Page last modified: May 16, 2007
NATIONAL WEATHER SERVICE: for Safety, for Work, for Fun - FOR LIFE