908
CXUS55 KGJT 281000
CF6DRO
PRELIMINARY LOCAL CLIMATOLOGICAL DATA (WS FORM: F-6)

                                          STATION:   DURANGO AIRPORT CO
                                          MONTH:     NOVEMBER
                                          YEAR:      2014
                                          LATITUDE:   37  9 N
                                          LONGITUDE: 107 45 W

  TEMPERATURE IN F:       :PCPN:    SNOW:  WIND      :SUNSHINE: SKY     :PK WND
================================================================================
1   2   3   4   5  6A  6B    7    8   9   10  11  12  13   14  15   16   17  18
                                     12Z  AVG MX 2MIN
DY MAX MIN AVG DEP HDD CDD  WTR  SNW DPTH SPD SPD DIR MIN PSBL S-S WX    SPD DR
================================================================================

 1  62  45  54  13  11   0 0.07    M    M  6.4 17 160   M    M   7 13     23 160
 2  50  38  44   4  21   0 0.57    M    M  5.4 20 220   M    M   6 13     30 230
 3  47  28  38  -2  27   0    T    M    M  2.8 13 260   M    M   2        16 260
 4  52  24  38  -2  27   0 0.00    M    M  4.5 10  10   M    M   0        14 260
 5  59  24  42   3  23   0 0.00    M    M  2.8 10  70   M    M   0        12  70
 6  61  25  43   4  22   0 0.00    M    M  4.1 13 250   M    M   0        16 220
 7  61  25  43   5  22   0 0.00    M    M  3.7 12 220   M    M   0        14 220
 8  60  24  42   4  23   0 0.00    M    M  4.8 10 360   M    M   0        15 150
 9  61  24  43   5  22   0 0.00    M    M  3.5 14 210   M    M   0        18 190
10  62  24  43   5  22   0 0.00    M    M  9.8 33 250   M    M   1        42 260
11  57  22  40   3  25   0 0.00    M    M  7.1 31 250   M    M   0        37 250
12  55  29  42   5  23   0 0.00    M    M  7.7 24 250   M    M   4 8      29 270
13  46  33  40   4  25   0    T    M    M  5.5 14 230   M    M   8 8      18 230
14  44  32  38   2  27   0 0.32    M    M  6.2 21 260   M    M   7 13     26 260
15  46  32  39   3  26   0 0.03    M    M  9.5 24 260   M    M   5        29 250
16  41  19  30  -5  35   0    T    M    M  7.8 22 310   M    M   2 1      28 310
17  36  13  25 -10  40   0 0.00    M    M  4.1 14 210   M    M   0        18 240
18  40  13  27  -8  38   0 0.00    M    M  4.6 14 220   M    M   0        19 210
19  44  14  29  -5  36   0 0.00    M    M  3.4 10  20   M    M   0        13  90
20  47  16  32  -2  33   0 0.00    M    M  3.3 10  10   M    M   4        12  10
21  50  18  34   0  31   0 0.00    M    M  3.1  9 360   M    M   0        11 260
22  49  18  34   1  31   0 0.01    M    M  5.2 18 250   M    M   3 1      23 250
23  42  24  33   0  32   0 0.00    M    M 13.8 31 310   M    M   3        38 330
24  37  17  27  -5  38   0 0.00    M    M 11.3 31 350   M    M   1        37 360
25  46  10  28  -4  37   0 0.00    M    M  6.2 20 270   M    M   0        24 260
26  55  19  37   5  28   0 0.00    M    M  6.4 12 210   M    M   0        15 210
27  55  18  37   6  28   0 0.00    M    M  4.5 12  10   M    M   0        12 200
================================================================================
SM 1365  628       753   0  1.00    M    157.5          M       53
================================================================================
AV 50.6 23.3                               5.8 FASTST   M    M   2    MAX(MPH)
                                 MISC ---->  # 33 250               # 42  260
================================================================================
NOTES:
# LAST OF SEVERAL OCCURRENCES

COLUMN 17 PEAK WIND IN M.P.H.

PRELIMINARY LOCAL CLIMATOLOGICAL DATA (WS FORM: F-6) , PAGE 2

                                          STATION:  DURANGO AIRPORT CO
                                          MONTH:    NOVEMBER
                                          YEAR:     2014
                                          LATITUDE:   37  9 N
                                          LONGITUDE: 107 45 W

[TEMPERATURE DATA]      [PRECIPITATION DATA]       SYMBOLS USED IN COLUMN 16

AVERAGE MONTHLY: 36.9   TOTAL FOR MONTH:   1.00    1 = FOG OR MIST
DPTR FM NORMAL:   0.9   DPTR FM NORMAL:   -0.56    2 = FOG REDUCING VISIBILITY
HIGHEST:    62 ON 10, 1 GRTST 24HR  0.57 ON  2- 2      TO 1/4 MILE OR LESS
LOWEST:     10 ON 25                               3 = THUNDER
                        SNOW, ICE PELLETS, HAIL    4 = ICE PELLETS
                        TOTAL MONTH:    M          5 = HAIL
                        GRTST 24HR    M  ON   M    6 = FREEZING RAIN OR DRIZZLE
                        GRTST DEPTH:  M  ON   M    7 = DUSTSTORM OR SANDSTORM:
                                                       VSBY 1/2 MILE OR LESS
                                                   8 = SMOKE OR HAZE
[NO. OF DAYS WITH]      [WEATHER - DAYS WITH]      9 = BLOWING SNOW
                                                   X = TORNADO
MAX 32 OR BELOW:   0    0.01 INCH OR MORE:   5
MAX 90 OR ABOVE:   0    0.10 INCH OR MORE:   2
MIN 32 OR BELOW:  24    0.50 INCH OR MORE:   1
MIN  0 OR BELOW:   0    1.00 INCH OR MORE:   0

[HDD (BASE 65) ]
TOTAL THIS MO.   753    CLEAR  (SCALE 0-3)  20
DPTR FM NORMAL   -29    PTCLDY (SCALE 4-7)   7
TOTAL FM JUL 1  1326    CLOUDY (SCALE 8-10)  0
DPTR FM NORMAL  -244

[CDD (BASE 65) ]
TOTAL THIS MO.     0
DPTR FM NORMAL     0    [PRESSURE DATA]
TOTAL FM JAN 1   305    HIGHEST SLP M ON M
DPTR FM NORMAL    62    LOWEST  SLP 29.41 ON 10

[REMARKS]




U.S. Dept. of Commerce
NOAA National Weather Service
1325 East West Highway
Silver Spring, MD 20910
E-mail: w-nws.webmaster@noaa.gov
Page last modified: May 16, 2007
NATIONAL WEATHER SERVICE: for Safety, for Work, for Fun - FOR LIFE