530
CXUS55 KGJT 011000
CF6DRO
PRELIMINARY LOCAL CLIMATOLOGICAL DATA (WS FORM: F-6)

                                          STATION:   DURANGO AIRPORT CO
                                          MONTH:     JANUARY
                                          YEAR:      2015
                                          LATITUDE:   37  9 N
                                          LONGITUDE: 107 45 W

  TEMPERATURE IN F:       :PCPN:    SNOW:  WIND      :SUNSHINE: SKY     :PK WND
================================================================================
1   2   3   4   5  6A  6B    7    8   9   10  11  12  13   14  15   16   17  18
                                     12Z  AVG MX 2MIN
DY MAX MIN AVG DEP HDD CDD  WTR  SNW DPTH SPD SPD DIR MIN PSBL S-S WX    SPD DR
================================================================================

 1  30  -4  13 -11  52   0 0.14    M    M  4.5 12 170   M    M   8 1      15 170
 2  31  -9  11 -13  54   0 0.00    M    M  3.5  9 360   M    M   0 1      12 250
 3  22   0  11 -12  54   0    T    M    M  3.7 12 120   M    M   5 12     14 130
 4  31  -2  15  -8  50   0 0.00    M    M  4.2 10 360   M    M   0        12  70
 5  37   5  21  -2  44   0 0.00    M    M  3.9  9  10   M    M   0        10 340
 6  47  14  31   8  34   0 0.00    M    M  2.3  8  50   M    M   0         8  50
 7  53  20  37  14  28   0 0.00    M    M  4.1 12  10   M    M   0        13  10
 8  48  22  35  12  30   0 0.00    M    M  3.9  9  10   M    M   0        11 270
 9  46  24  35  12  30   0 0.00    M    M  4.3  9 180   M    M   1        12 180
10  46  22  34  11  31   0 0.00    M    M  4.6  9 250   M    M   2        13 250
11  41  28  35  12  30   0 0.09    M    M  3.8 18 250   M    M   7 12     24 290
12  43  25  34  11  31   0 0.21    M    M  3.7 10 170   M    M   8 12     14 130
13  34  31  33  10  32   0 0.53    M    M  5.1 10  90   M    M  10 12     14  90
14  36  23  30   7  35   0 0.01    M    M  3.5 12 250   M    M   9 12     13 210
15  37  17  27   4  38   0 0.00    M    M  4.1 12 360   M    M   5 12     13 350
16  40   7  24   1  41   0 0.00    M    M  3.3 12 360   M    M   1 12     12 360
17  30  11  21  -2  44   0 0.00    M    M  3.6 10  90   M    M   8 128    12  90
18  38  10  24   0  41   0 0.00    M    M  3.8 12  10   M    M   1 128    13  10
19  43  13  28   4  37   0 0.00    M    M  3.5  8  40   M    M   1         9  30
20  41  17  29   5  36   0 0.00    M    M  3.2 13 220   M    M   2 12     14 210
21  39  22  31   7  34   0 0.00    M    M  4.6 14 120   M    M   4        21 120
22  34  15  25   1  40   0    T    M    M  8.2 17 220   M    M   3        26 110
23  38  10  24   0  41   0 0.00    M    M  2.8  9  10   M    M   0        10  10
24  38  14  26   2  39   0 0.00    M    M  3.6 13  10   M    M   0        15  10
25  48  15  32   8  33   0 0.00    M    M  3.4 12  10   M    M   0        12  10
26  58  20  39  15  26   0 0.00    M    M  3.1 13 230   M    M   0        17 220
27  51  26  39  15  26   0    T    M    M  3.5 14 250   M    M   3        15 260
28  50  28  39  15  26   0 0.00    M    M  4.9 16 260   M    M   2        20 250
29  47  28  38  13  27   0 0.03    M    M  3.3 10  40   M    M   6        13  50
30  36  30  33   8  32   0 0.57    M    M  5.3 12  50   M    M  10 1      14  60
31  37  31  34   9  31   0 0.13    M    M  2.9 12 250   M    M  10 12     14 210
================================================================================
SM 1250  513      1127   0  1.71    M    122.2          M      106
================================================================================
AV 40.3 16.5                               3.9 FASTST   M    M   3    MAX(MPH)
                                 MISC ---->  # 18 250               # 26  110
================================================================================
NOTES:
# LAST OF SEVERAL OCCURRENCES

COLUMN 17 PEAK WIND IN M.P.H.

PRELIMINARY LOCAL CLIMATOLOGICAL DATA (WS FORM: F-6) , PAGE 2

                                          STATION:  DURANGO AIRPORT CO
                                          MONTH:    JANUARY
                                          YEAR:     2015
                                          LATITUDE:   37  9 N
                                          LONGITUDE: 107 45 W

[TEMPERATURE DATA]      [PRECIPITATION DATA]       SYMBOLS USED IN COLUMN 16

AVERAGE MONTHLY: 28.4   TOTAL FOR MONTH:   1.71    1 = FOG OR MIST
DPTR FM NORMAL:   4.7   DPTR FM NORMAL:    0.59    2 = FOG REDUCING VISIBILITY
HIGHEST:    58 ON 26    GRTST 24HR  0.74 ON 12-13      TO 1/4 MILE OR LESS
LOWEST:     -9 ON  2                               3 = THUNDER
                        SNOW, ICE PELLETS, HAIL    4 = ICE PELLETS
                        TOTAL MONTH:    M          5 = HAIL
                        GRTST 24HR    M  ON   M    6 = FREEZING RAIN OR DRIZZLE
                        GRTST DEPTH:  M  ON   M    7 = DUSTSTORM OR SANDSTORM:
                                                       VSBY 1/2 MILE OR LESS
                                                   8 = SMOKE OR HAZE
[NO. OF DAYS WITH]      [WEATHER - DAYS WITH]      9 = BLOWING SNOW
                                                   X = TORNADO
MAX 32 OR BELOW:   5    0.01 INCH OR MORE:   8
MAX 90 OR ABOVE:   0    0.10 INCH OR MORE:   5
MIN 32 OR BELOW:  31    0.50 INCH OR MORE:   2
MIN  0 OR BELOW:   4    1.00 INCH OR MORE:   0

[HDD (BASE 65) ]
TOTAL THIS MO.  1127    CLEAR  (SCALE 0-3)  19
DPTR FM NORMAL  -153    PTCLDY (SCALE 4-7)   8
TOTAL FM JUL 1  3631    CLOUDY (SCALE 8-10)  4
DPTR FM NORMAL  -523

[CDD (BASE 65) ]
TOTAL THIS MO.     0
DPTR FM NORMAL     0    [PRESSURE DATA]
TOTAL FM JAN 1     0    HIGHEST SLP 30.81 ON  5
DPTR FM NORMAL     0    LOWEST  SLP 29.83 ON  1

[REMARKS]
#FINAL-01-15#




U.S. Dept. of Commerce
NOAA National Weather Service
1325 East West Highway
Silver Spring, MD 20910
E-mail: w-nws.webmaster@noaa.gov
Page last modified: May 16, 2007
NATIONAL WEATHER SERVICE: for Safety, for Work, for Fun - FOR LIFE