504
CXUS55 KGJT 011000
CF6DRO
PRELIMINARY LOCAL CLIMATOLOGICAL DATA (WS FORM: F-6)

                                          STATION:   DURANGO AIRPORT CO
                                          MONTH:     SEPTEMBER
                                          YEAR:      2014
                                          LATITUDE:   37  9 N
                                          LONGITUDE: 107 45 W

  TEMPERATURE IN F:       :PCPN:    SNOW:  WIND      :SUNSHINE: SKY     :PK WND
================================================================================
1   2   3   4   5  6A  6B    7    8   9   10  11  12  13   14  15   16   17  18
                                     12Z  AVG MX 2MIN
DY MAX MIN AVG DEP HDD CDD  WTR  SNW DPTH SPD SPD DIR MIN PSBL S-S WX    SPD DR
================================================================================

 1  84  43  64   0   1   0 0.00    M    M  8.1 28 290   M    M   0        37 290
 2  87  44  66   3   0   1 0.00    M    M  5.3 21 220   M    M   0        28 210
 3  86  44  65   2   0   0 0.00    M    M  5.7 22 210   M    M   0 8      28 190
 4  78  47  63   0   2   0    T    M    M  7.6 30 270   M    M   3        38 270
 5  81  45  63   1   2   0 0.01    M    M  4.0 17  40   M    M   0 3      20  40
 6  81  46  64   2   1   0    T    M    M  5.5 20 290   M    M   1        23 280
 7  83  48  66   4   0   1 0.00    M    M  5.2 26 320   M    M   3 3      35 320
 8  81  57  69   7   0   4 0.03    M    M  5.0 20 210   M    M   4        25 210
 9  70  50  60  -1   5   0 0.18    M    M  5.1 24 250   M    M   8 1      34 250
10  73  46  60  -1   5   0 0.00    M    M  5.2 17 250   M    M   4 12     23 220
11  78  39  59  -1   6   0 0.00    M    M  5.8 18 270   M    M   0        23 260
12  80  41  61   1   4   0 0.00    M    M  7.3 21 270   M    M   0        27 270
13  79  42  61   1   4   0 0.00    M    M  6.0 15 260   M    M   0        20 220
14  82  42  62   3   3   0 0.00    M    M  3.9 16 250   M    M   1        24 260
15  84  49  67   8   0   2    T    M    M  5.2 18 230   M    M   1        23 220
16  82  48  65   6   0   0 0.00    M    M  6.0 21 340   M    M   1 3      27 340
17  77  49  63   5   2   0 0.03    M    M  5.4 22  70   M    M   2 3      30 350
18  84  41  63   5   2   0 0.00    M    M  3.9 15 140   M    M   0        20 160
19  84  46  65   7   0   0 0.00    M    M  5.2 20 280   M    M   0        24 270
20  85  46  66   9   0   1 0.04    M    M  6.5 23 140   M    M   2 3      33 130
21  78  55  67  10   0   2 1.37    M    M  5.2 18  60   M    M   5 13     22 360
22  74  50  62   6   3   0 0.47    M    M  5.0 16 250   M    M   6 13     20 250
23  77  45  61   5   4   0 0.00    M    M  4.8 17 280   M    M   0        21 210
24  79  45  62   6   3   0 0.00    M    M  3.7 10 360   M    M   0        15 290
25  82  49  66  11   0   1 0.00    M    M  6.0 15 270   M    M   1        18 250
26  82  49  66  11   0   1 0.00    M    M  5.1 23  20   M    M   1 3      28  30
27  77  50  64  10   1   0    T    M    M  5.6 25 210   M    M   3 38     34 200
28  61  47  54   0  11   0 1.07    M    M  6.7 24 260   M    M   8 13     30 250
29  57  42  50  -4  15   0 0.41    M    M  6.6 23 260   M    M   5 13     29 260
30  61  35  48  -5  17   0 0.00    M    M  6.4 18 280   M    M   1 1      23 230
================================================================================
SM 2347 1380        91  13  3.61    M    167.0          M       60
================================================================================
AV 78.2 46.0                               5.6 FASTST   M    M   2    MAX(MPH)
                                 MISC ---->  # 30 270               # 38  270
================================================================================
NOTES:
# LAST OF SEVERAL OCCURRENCES

COLUMN 17 PEAK WIND IN M.P.H.

PRELIMINARY LOCAL CLIMATOLOGICAL DATA (WS FORM: F-6) , PAGE 2

                                          STATION:  DURANGO AIRPORT CO
                                          MONTH:    SEPTEMBER
                                          YEAR:     2014
                                          LATITUDE:   37  9 N
                                          LONGITUDE: 107 45 W

[TEMPERATURE DATA]      [PRECIPITATION DATA]       SYMBOLS USED IN COLUMN 16

AVERAGE MONTHLY: 62.1   TOTAL FOR MONTH:   3.61    1 = FOG OR MIST
DPTR FM NORMAL:   3.4   DPTR FM NORMAL:    1.70    2 = FOG REDUCING VISIBILITY
HIGHEST:    87 ON  2    GRTST 24HR  1.41 ON 20-21      TO 1/4 MILE OR LESS
LOWEST:     35 ON 30                               3 = THUNDER
                        SNOW, ICE PELLETS, HAIL    4 = ICE PELLETS
                        TOTAL MONTH:    M          5 = HAIL
                        GRTST 24HR    M  ON   M    6 = FREEZING RAIN OR DRIZZLE
                        GRTST DEPTH:  M  ON   M    7 = DUSTSTORM OR SANDSTORM:
                                                       VSBY 1/2 MILE OR LESS
                                                   8 = SMOKE OR HAZE
[NO. OF DAYS WITH]      [WEATHER - DAYS WITH]      9 = BLOWING SNOW
                                                   X = TORNADO
MAX 32 OR BELOW:   0    0.01 INCH OR MORE:   9
MAX 90 OR ABOVE:   0    0.10 INCH OR MORE:   5
MIN 32 OR BELOW:   0    0.50 INCH OR MORE:   2
MIN  0 OR BELOW:   0    1.00 INCH OR MORE:   2

[HDD (BASE 65) ]
TOTAL THIS MO.    91    CLEAR  (SCALE 0-3)  23
DPTR FM NORMAL  -104    PTCLDY (SCALE 4-7)   6
TOTAL FM JUL 1   118    CLOUDY (SCALE 8-10)  1
DPTR FM NORMAL  -106

[CDD (BASE 65) ]
TOTAL THIS MO.    13
DPTR FM NORMAL     7    [PRESSURE DATA]
TOTAL FM JAN 1   305    HIGHEST SLP 30.20 ON  6
DPTR FM NORMAL    62    LOWEST  SLP 29.73 ON 27

[REMARKS]
#FINAL-09-14#




U.S. Dept. of Commerce
NOAA National Weather Service
1325 East West Highway
Silver Spring, MD 20910
E-mail: w-nws.webmaster@noaa.gov
Page last modified: May 16, 2007
NATIONAL WEATHER SERVICE: for Safety, for Work, for Fun - FOR LIFE