786
CXUS55 KVEF 310940
CF6DRA
PRELIMINARY LOCAL CLIMATOLOGICAL DATA (WS FORM: F-6)

                                          STATION:   DESERT ROCK-MERCURY NV
                                          MONTH:     JULY
                                          YEAR:      2014
                                          LATITUDE:   36 37 N
                                          LONGITUDE: 116  1 W

  TEMPERATURE IN F:       :PCPN:    SNOW:  WIND      :SUNSHINE: SKY     :PK WND
================================================================================
1   2   3   4   5  6A  6B    7    8   9   10  11  12  13   14  15   16   17  18
                                     12Z  AVG MX 2MIN
DY MAX MIN AVG DEP HDD CDD  WTR  SNW DPTH SPD SPD DIR MIN PSBL S-S WX    SPD DR
================================================================================

 1 108  81  95  12   0  30 0.00  0.0    0  9.4 23 220   M    M   0        31 230
 2 107  79  93  10   0  28 0.00  0.0    0  9.9 25 240   M    M   0        33 230
 3 103  76  90   7   0  25 0.00  0.0    0  9.7 30 220   M    M   0        38 220
 4 101  73  87   3   0  22 0.00  0.0    0 11.6 23 230   M    M   0        32 230
 5 101  77  89   5   0  24 0.01  0.0    0 11.0 31 250   M    M   1        37 250
 6 101  73  87   3   0  22    T  0.0    0  8.0 47  20   M    M   2 8      58  20
 7 101  72  87   3   0  22 0.07  0.0    0  9.8 28  40   M    M   1        36  40
 8  98  76  87   3   0  22    T  0.0    0  6.2 25 120   M    M   1        32 120
 9 100  75  88   4   0  23 0.00  0.0    0  9.3 23 230   M    M   0        28 240
10  94  77  86   1   0  21 0.00  0.0    0  8.5 20 130   M    M   2        26 200
11 100  75  88   3   0  23 0.00  0.0    0  7.4 21 220   M    M   2        27 240
12 102  67  85   0   0  20 0.00  0.0    0  5.5 14 270   M    M   0        20 240
13 111  72  92   7   0  27 0.00  0.0    0  7.1 23 190   M    M   0        30 180
14 103  85  94   9   0  29    T  0.0    0 11.8 22 220   M    M   1        26 230
15  98  77  88   3   0  23 0.11  0.0    0  8.7 25 180   M    M   1        32 190
16 103  75  89   4   0  24 0.00  0.0    0  7.2 22 230   M    M   0        28 250
17 105  74  90   5   0  25 0.00  0.0    0  9.2 22 250   M    M   0        31 240
18 103  73  88   2   0  23 0.00  0.0    0  9.5 21 260   M    M   0        28 220
19 100  70  85  -1   0  20 0.00  0.0    0 10.4 26 220   M    M   0        37 230
20 100  69  85  -1   0  20 0.00  0.0    0  9.7 29 200   M    M   0        37 200
21  98  74  86   0   0  21 0.00  0.0    0 12.9 29 210   M    M   0        34 210
22 103  66  85  -1   0  20 0.00  0.0    0  8.0 28 220   M    M   0        38 230
23 105  68  87   1   0  22 0.00  0.0    0 10.9 25 230   M    M   0        33 240
24 106  78  92   6   0  27 0.00  0.0    0 10.2 24 210   M    M   0        32 210
25 105  82  94   8   0  29 0.00  0.0    0 15.7 28 170   M    M   0        36 190
26 103  79  91   5   0  26 0.00  0.0    0 11.6 23 120   M    M   0        31 250
27 100  77  89   3   0  24    T  0.0    0 10.5 28 170   M    M   2 8      35 170
28  91  76  84  -2   0  19 0.01  0.0    0  8.3 24 110   M    M   4        29 120
29  94  73  84  -2   0  19 0.00  0.0    0  6.2 17 220   M    M   3        22 230
30 103  78  91   6   0  26 0.00  0.0    0 10.8 33 300   M    M   0        40 300
================================================================================
SM 3047 2247         0 706  0.20     0.0 285.0          M       20
================================================================================
AV101.6 74.9                               9.5 FASTST   M    M   1    MAX(MPH)
                                 MISC ---->  # 47  20               # 58   20
================================================================================
NOTES:
# LAST OF SEVERAL OCCURRENCES

COLUMN 17 PEAK WIND IN M.P.H.

PRELIMINARY LOCAL CLIMATOLOGICAL DATA (WS FORM: F-6) , PAGE 2

                                          STATION:  DESERT ROCK-MERCURY NV
                                          MONTH:    JULY
                                          YEAR:     2014
                                          LATITUDE:   36 37 N
                                          LONGITUDE: 116  1 W

[TEMPERATURE DATA]      [PRECIPITATION DATA]       SYMBOLS USED IN COLUMN 16

AVERAGE MONTHLY: 88.2   TOTAL FOR MONTH:   0.20    1 = FOG OR MIST
DPTR FM NORMAL:   3.2   DPTR FM NORMAL:   -0.24    2 = FOG REDUCING VISIBILITY
HIGHEST:   111 ON 13    GRTST 24HR  0.11 ON 15-15      TO 1/4 MILE OR LESS
LOWEST:     66 ON 22                               3 = THUNDER
                        SNOW, ICE PELLETS, HAIL    4 = ICE PELLETS
                        TOTAL MONTH:   0.0 INCH    5 = HAIL
                        GRTST 24HR     0.0         6 = FREEZING RAIN OR DRIZZLE
                        GRTST DEPTH:   0           7 = DUSTSTORM OR SANDSTORM:
                                                       VSBY 1/2 MILE OR LESS
                                                   8 = SMOKE OR HAZE
[NO. OF DAYS WITH]      [WEATHER - DAYS WITH]      9 = BLOWING SNOW
                                                   X = TORNADO
MAX 32 OR BELOW:   0    0.01 INCH OR MORE:   4
MAX 90 OR ABOVE:  30    0.10 INCH OR MORE:   1
MIN 32 OR BELOW:   0    0.50 INCH OR MORE:   0
MIN  0 OR BELOW:   0    1.00 INCH OR MORE:   0

[HDD (BASE 65) ]
TOTAL THIS MO.     0    CLEAR  (SCALE 0-3)  29
DPTR FM NORMAL     0    PTCLDY (SCALE 4-7)   1
TOTAL FM JUL 1     0    CLOUDY (SCALE 8-10)  0
DPTR FM NORMAL     0

[CDD (BASE 65) ]
TOTAL THIS MO.   706
DPTR FM NORMAL   108    [PRESSURE DATA]
TOTAL FM JAN 1  1483    HIGHEST SLP M ON M
DPTR FM NORMAL   250    LOWEST  SLP 29.64 ON  1

[REMARKS]




U.S. Dept. of Commerce
NOAA National Weather Service
1325 East West Highway
Silver Spring, MD 20910
E-mail: w-nws.webmaster@noaa.gov
Page last modified: May 16, 2007
NATIONAL WEATHER SERVICE: for Safety, for Work, for Fun - FOR LIFE