643
CXUS55 KVEF 300940
CF6DRA
PRELIMINARY LOCAL CLIMATOLOGICAL DATA (WS FORM: F-6)

                                          STATION:   DESERT ROCK-MERCURY NV
                                          MONTH:     SEPTEMBER
                                          YEAR:      2014
                                          LATITUDE:   36 37 N
                                          LONGITUDE: 116  1 W

  TEMPERATURE IN F:       :PCPN:    SNOW:  WIND      :SUNSHINE: SKY     :PK WND
================================================================================
1   2   3   4   5  6A  6B    7    8   9   10  11  12  13   14  15   16   17  18
                                     12Z  AVG MX 2MIN
DY MAX MIN AVG DEP HDD CDD  WTR  SNW DPTH SPD SPD DIR MIN PSBL S-S WX    SPD DR
================================================================================

 1  99  63  81   1   0  16 0.00  0.0    0  4.7 17 230   M    M   0        21 230
 2 101  66  84   4   0  19 0.00  0.0    0  9.4 24 220   M    M   0        33 210
 3  98  68  83   4   0  18 0.00  0.0    0 10.2 25 210   M    M   0        33 230
 4  97  63  80   1   0  15 0.00  0.0    0  8.0 25 230   M    M   0        33 220
 5  96  62  79   0   0  14 0.00  0.0    0  8.1 28 230   M    M   0        36 230
 6  97  67  82   3   0  17 0.00  0.0    0  7.3 21 210   M    M   0        28 210
 7  97  70  84   6   0  19 0.00  0.0    0  9.6 30 190   M    M   1        37 190
 8  82  68  75  -3   0  10 0.19  0.0    0  7.4 20 110   M    M   2 1      23 120
 9  90  63  77  -1   0  12 0.00  0.0    0  7.1 21 220   M    M   1        26 230
10  92  60  76  -1   0  11 0.00  0.0    0  3.5 13 230   M    M   0        16 250
11  95  61  78   1   0  13 0.00  0.0    0  3.9 13 200   M    M   0        19 240
12  96  63  80   3   0  15 0.00  0.0    0  6.6 18  40   M    M   0        24  40
13  98  62  80   4   0  15 0.00  0.0    0  5.5 22 220   M    M   0        27 210
14  97  65  81   5   0  16 0.00  0.0    0  5.0 16 220   M    M   0        21 230
15 100  68  84   8   0  19 0.00  0.0    0  4.5 15 140   M    M   0        21 150
16  98  69  84   9   0  19 0.00  0.0    0  5.0 16 170   M    M   1        21 160
17  96  70  83   8   0  18 0.00  0.0    0  6.3 17 220   M    M   1        21 110
18  94  74  84  10   0  19 0.00  0.0    0 13.7 30 210   M    M   1        38 180
19  90  63  77   3   0  12 0.00  0.0    0  5.7 16 240   M    M   0        20 220
20  88  64  76   2   0  11 0.15  0.0    0  7.6 23  50   M    M   3 8      27  50
21  88  66  77   4   0  12 0.00  0.0    0  8.4 20 260   M    M   2        25  60
22  90  63  77   4   0  12 0.00  0.0    0  4.9 16  30   M    M   0        21 240
23  93  60  77   5   0  12 0.00  0.0    0  4.3 15 220   M    M   0        21 240
24  95  59  77   5   0  12 0.00  0.0    0  6.1 20 230   M    M   0        25 240
25  94  63  79   7   0  14 0.00  0.0    0 12.0 29 210   M    M   1        41 210
26  91  71  81  10   0  16 0.00  0.0    0 15.9 31 220   M    M   1        40 220
27  75  54  65  -6   0   0 0.00  0.0    0 12.3 35 200   M    M   0        44 190
28  73  49  61  -9   4   0 0.00  0.0    0  6.2 18 210   M    M   1        23 220
29  77  49  63  -7   2   0 0.00  0.0    0  5.6 16 230   M    M   1        23 220
================================================================================
SM 2677 1843         6 386  0.34     0.0 214.8          M       16
================================================================================
AV 92.3 63.6                               7.4 FASTST   M    M   1    MAX(MPH)
                                 MISC ---->  # 35 200               # 44  190
================================================================================
NOTES:
# LAST OF SEVERAL OCCURRENCES

COLUMN 17 PEAK WIND IN M.P.H.

PRELIMINARY LOCAL CLIMATOLOGICAL DATA (WS FORM: F-6) , PAGE 2

                                          STATION:  DESERT ROCK-MERCURY NV
                                          MONTH:    SEPTEMBER
                                          YEAR:     2014
                                          LATITUDE:   36 37 N
                                          LONGITUDE: 116  1 W

[TEMPERATURE DATA]      [PRECIPITATION DATA]       SYMBOLS USED IN COLUMN 16

AVERAGE MONTHLY: 77.9   TOTAL FOR MONTH:   0.34    1 = FOG OR MIST
DPTR FM NORMAL:   2.6   DPTR FM NORMAL:   -0.24    2 = FOG REDUCING VISIBILITY
HIGHEST:   101 ON  2    GRTST 24HR  0.19 ON  8- 8      TO 1/4 MILE OR LESS
LOWEST:     49 ON 29,28                            3 = THUNDER
                        SNOW, ICE PELLETS, HAIL    4 = ICE PELLETS
                        TOTAL MONTH:   0.0 INCH    5 = HAIL
                        GRTST 24HR     0.0         6 = FREEZING RAIN OR DRIZZLE
                        GRTST DEPTH:   0           7 = DUSTSTORM OR SANDSTORM:
                                                       VSBY 1/2 MILE OR LESS
                                                   8 = SMOKE OR HAZE
[NO. OF DAYS WITH]      [WEATHER - DAYS WITH]      9 = BLOWING SNOW
                                                   X = TORNADO
MAX 32 OR BELOW:   0    0.01 INCH OR MORE:   2
MAX 90 OR ABOVE:  23    0.10 INCH OR MORE:   2
MIN 32 OR BELOW:   0    0.50 INCH OR MORE:   0
MIN  0 OR BELOW:   0    1.00 INCH OR MORE:   0

[HDD (BASE 65) ]
TOTAL THIS MO.     6    CLEAR  (SCALE 0-3)  29
DPTR FM NORMAL     1    PTCLDY (SCALE 4-7)   0
TOTAL FM JUL 1     6    CLOUDY (SCALE 8-10)  0
DPTR FM NORMAL     1

[CDD (BASE 65) ]
TOTAL THIS MO.   386
DPTR FM NORMAL    78    [PRESSURE DATA]
TOTAL FM JAN 1  2397    HIGHEST SLP M ON M
DPTR FM NORMAL   273    LOWEST  SLP 29.55 ON  3

[REMARKS]




U.S. Dept. of Commerce
NOAA National Weather Service
1325 East West Highway
Silver Spring, MD 20910
E-mail: w-nws.webmaster@noaa.gov
Page last modified: May 16, 2007
NATIONAL WEATHER SERVICE: for Safety, for Work, for Fun - FOR LIFE