016
CXUS55 KVEF 020402
CF6DRA
PRELIMINARY LOCAL CLIMATOLOGICAL DATA (WS FORM: F-6)

                                          STATION:   DESERT ROCK-MERCURY NV
                                          MONTH:     NOVEMBER
                                          YEAR:      2014
                                          LATITUDE:   36 37 N
                                          LONGITUDE: 116  1 W

  TEMPERATURE IN F:       :PCPN:    SNOW:  WIND      :SUNSHINE: SKY     :PK WND
================================================================================
1   2   3   4   5  6A  6B    7    8   9   10  11  12  13   14  15   16   17  18
                                     12Z  AVG MX 2MIN
DY MAX MIN AVG DEP HDD CDD  WTR  SNW DPTH SPD SPD DIR MIN PSBL S-S WX    SPD DR
================================================================================

 1  62  44  53  -4  12   0 0.00  0.0    0   M   M   M   M    M   M         M  M
 2  61  40  51  -5  14   0 0.00  0.0    0   M   M   M   M    M   M         M  M
 3  60  42  51  -5  14   0 0.00  0.0    0   M   M   M   M    M   M         M  M
 4  66  42  54  -1  11   0 0.00  0.0    0   M   M   M   M    M   M         M  M
 5  73  51  62   7   3   0 0.00  0.0    0   M   M   M   M    M   M         M  M
 6  81  47  64   9   1   0 0.00  0.0    0  4.1 14 130   M    M   0        17 150
 7  77  42  60   6   5   0 0.00  0.0    0  4.0 12 220   M    M   0        15 220
 8  80  48  64  10   1   0 0.00  0.0    0  8.1 18  30   M    M   0        22  30
 9  78  46  62   9   3   0 0.00  0.0    0  6.5 14 250   M    M   0         M  M
10  76  45  61   8   4   0 0.00  0.0    0  6.3 17 240   M    M   0        22 230
11  72  40  56   4   9   0 0.00  0.0    0  4.1 12 240   M    M   0        16 240
12  69  40  55   3  10   0 0.00  0.0    0  4.6 14 220   M    M   0        16 220
13  70  43  57   5   8   0 0.00  0.0    0  5.3 24 220   M    M   0        28 220
14  67  48  58   7   7   0 0.00  0.0    0  6.2 16 210   M    M   0        20 220
15  65  40  53   2  12   0 0.00  0.0    0  8.9 37  20   M    M   0        46  30
16  53  34  44  -6  21   0 0.00  0.0    0 14.4 33  20   M    M   0        44  10
17  60  37  49  -1  16   0 0.00  0.0    0 10.5 20  30   M    M   0        26 120
18  64  33  49  -1  16   0 0.00  0.0    0  5.7 18  40   M    M   0        21  40
19  60  37  49   0  16   0 0.00  0.0    0  7.0 16 110   M    M   0        19 110
20  61  31  46  -3  19   0 0.00  0.0    0  4.0 17 150   M    M   1        22 150
21  66  38  52   4  13   0 0.00  0.0    0  2.9 12  10   M    M   0        14  30
22  67  36  52   4  13   0 0.00  0.0    0  9.1 24 350   M    M   0        31 230
23  59  35  47  -1  18   0 0.00  0.0    0  9.1 23 350   M    M   0        29 340
24  62  29  46  -1  19   0 0.00  0.0    0  8.0 18  30   M    M   0        23  30
25  62  28  45  -2  20   0 0.00  0.0    0  4.0 13 250   M    M   0        16 220
26  73  32  53   6  12   0 0.00  0.0    0  3.4 13 230   M    M   0        14 230
27  64  39  52   6  13   0 0.00  0.0    0  5.1 13 100   M    M   0        15 110
28  68  33  51   5  14   0 0.00  0.0    0  4.8 14 130   M    M   0        17 120
29  72  35  54   8  11   0 0.00  0.0    0 13.7 31 200   M    M   0        43 210
30  65  46  56  10   9   0 0.00  0.0    0 15.8 28 210   M    M   0        36 220
================================================================================
SM 2013 1181       344   0  0.00     0.0 175.6          M        1
================================================================================
AV 67.1 39.4                               7.0 FASTST   M    M   0    MAX(MPH)
                                 MISC ---->  # 37  20               # 46   30
================================================================================
NOTES:
# LAST OF SEVERAL OCCURRENCES

COLUMN 17 PEAK WIND IN M.P.H.

PRELIMINARY LOCAL CLIMATOLOGICAL DATA (WS FORM: F-6) , PAGE 2

                                          STATION:  DESERT ROCK-MERCURY NV
                                          MONTH:    NOVEMBER
                                          YEAR:     2014
                                          LATITUDE:   36 37 N
                                          LONGITUDE: 116  1 W

[TEMPERATURE DATA]      [PRECIPITATION DATA]       SYMBOLS USED IN COLUMN 16

AVERAGE MONTHLY: 53.2   TOTAL FOR MONTH:   0.00    1 = FOG OR MIST
DPTR FM NORMAL:   2.5   DPTR FM NORMAL:   -0.34    2 = FOG REDUCING VISIBILITY
HIGHEST:    81 ON  6    GRTST 24HR  0.00 ON 30-30      TO 1/4 MILE OR LESS
LOWEST:     28 ON 25                               3 = THUNDER
                        SNOW, ICE PELLETS, HAIL    4 = ICE PELLETS
                        TOTAL MONTH:   0.0 INCH    5 = HAIL
                        GRTST 24HR     0.0         6 = FREEZING RAIN OR DRIZZLE
                        GRTST DEPTH:   0           7 = DUSTSTORM OR SANDSTORM:
                                                       VSBY 1/2 MILE OR LESS
                                                   8 = SMOKE OR HAZE
[NO. OF DAYS WITH]      [WEATHER - DAYS WITH]      9 = BLOWING SNOW
                                                   X = TORNADO
MAX 32 OR BELOW:   0    0.01 INCH OR MORE:   0
MAX 90 OR ABOVE:   0    0.10 INCH OR MORE:   0
MIN 32 OR BELOW:   4    0.50 INCH OR MORE:   0
MIN  0 OR BELOW:   0    1.00 INCH OR MORE:   0

[HDD (BASE 65) ]
TOTAL THIS MO.   344    CLEAR  (SCALE 0-3)  25
DPTR FM NORMAL   -85    PTCLDY (SCALE 4-7)   0
TOTAL FM JUL 1   362    CLOUDY (SCALE 8-10)  0
DPTR FM NORMAL  -195

[CDD (BASE 65) ]
TOTAL THIS MO.     0
DPTR FM NORMAL    -1    [PRESSURE DATA]
TOTAL FM JAN 1  2503    HIGHEST SLP 30.49 ON 25
DPTR FM NORMAL   308    LOWEST  SLP 26.75 ON  8

[REMARKS]
#FINAL-11-14#




U.S. Dept. of Commerce
NOAA National Weather Service
1325 East West Highway
Silver Spring, MD 20910
E-mail: w-nws.webmaster@noaa.gov
Page last modified: May 16, 2007
NATIONAL WEATHER SERVICE: for Safety, for Work, for Fun - FOR LIFE