978
CXUS55 KVEF 260940
CF6DRA
PRELIMINARY LOCAL CLIMATOLOGICAL DATA (WS FORM: F-6)

                                          STATION:   DESERT ROCK-MERCURY NV
                                          MONTH:     JANUARY
                                          YEAR:      2015
                                          LATITUDE:   36 37 N
                                          LONGITUDE: 116  1 W

  TEMPERATURE IN F:       :PCPN:    SNOW:  WIND      :SUNSHINE: SKY     :PK WND
================================================================================
1   2   3   4   5  6A  6B    7    8   9   10  11  12  13   14  15   16   17  18
                                     12Z  AVG MX 2MIN
DY MAX MIN AVG DEP HDD CDD  WTR  SNW DPTH SPD SPD DIR MIN PSBL S-S WX    SPD DR
================================================================================

 1  49  25  37  -6  28   0 0.00  0.0    0  6.6 14  60   M    M   1        17  20
 2  49  23  36  -7  29   0 0.00  0.0    0  4.4 13 120   M    M   0        16 110
 3  51  23  37  -6  28   0 0.00  0.0    0  3.6 10 240   M    M   0        13 240
 4  50  26  38  -5  27   0 0.00  0.0    0  5.4 13 120   M    M   0        15 110
 5  65  30  48   5  17   0 0.00  0.0    0  5.4 15 110   M    M   0        19 120
 6  69  40  55  12  10   0 0.00  0.0    0  4.3 16  40   M    M   0        18 120
 7  71  42  57  14   8   0 0.00  0.0    0  7.7 16 120   M    M   0        20 130
 8  69  39  54  11  11   0 0.00  0.0    0  3.4  9 220   M    M   0        11 100
 9  64  36  50   7  15   0 0.00  0.0    0  4.0 13 130   M    M   3        15 130
10  64  41  53  10  12   0 0.00  0.0    0  6.0 16 220   M    M   1        20 230
11  51  42  47   3  18   0 0.00  0.0    0  3.4 12 130   M    M   6        13 110
12  56  36  46   2  19   0 0.00  0.0    0  4.0 14 230   M    M   4        17 230
13  58  36  47   3  18   0 0.00  0.0    0 11.0 21  10   M    M   1        26  30
14  59  37  48   4  17   0 0.00  0.0    0 10.2 21  30   M    M   0        24  30
15  59  32  46   2  19   0 0.00  0.0    0  6.3 15 120   M    M   0        18 120
16  61  30  46   2  19   0 0.00  0.0    0  3.5 13 110   M    M   0        16 120
17  66  36  51   7  14   0 0.00  0.0    0  6.6 18  30   M    M   0        21  50
18  64  39  52   8  13   0 0.00  0.0    0  2.8  9 300   M    M   0        11 120
19  65  38  52   8  13   0 0.00  0.0    0  3.6 13 210   M    M   0        15 230
20  58  36  47   3  18   0 0.00  0.0    0  7.5 13 110   M    M   3         M  M
21  61  40  51   7  14   0 0.00  0.0    0 13.3 23  40   M    M   0        27  40
22  57  34  46   2  19   0 0.00  0.0    0 10.2 18  30   M    M   0        22  30
23  66  31  49   5  16   0 0.00  0.0    0  6.8 17  20   M    M   0        21  30
24  68  41  55  11  10   0 0.00  0.0    0 12.7 20 120   M    M   0        26 120
25  72  47  60  15   5   0 0.00  0.0    0 12.6 20 130   M    M   0        33  70
================================================================================
SM 1522  880       417   0  0.00     0.0 165.3          M       19
================================================================================
AV 60.9 35.2                               6.6 FASTST   M    M   1    MAX(MPH)
                                 MISC ---->  # 23  40               # 33   70
================================================================================
NOTES:
# LAST OF SEVERAL OCCURRENCES

COLUMN 17 PEAK WIND IN M.P.H.

PRELIMINARY LOCAL CLIMATOLOGICAL DATA (WS FORM: F-6) , PAGE 2

                                          STATION:  DESERT ROCK-MERCURY NV
                                          MONTH:    JANUARY
                                          YEAR:     2015
                                          LATITUDE:   36 37 N
                                          LONGITUDE: 116  1 W

[TEMPERATURE DATA]      [PRECIPITATION DATA]       SYMBOLS USED IN COLUMN 16

AVERAGE MONTHLY: 48.0   TOTAL FOR MONTH:   0.00    1 = FOG OR MIST
DPTR FM NORMAL:   4.4   DPTR FM NORMAL:   -0.61    2 = FOG REDUCING VISIBILITY
HIGHEST:    72 ON 25    GRTST 24HR  0.00 ON 25-25      TO 1/4 MILE OR LESS
LOWEST:     23 ON  3, 2                            3 = THUNDER
                        SNOW, ICE PELLETS, HAIL    4 = ICE PELLETS
                        TOTAL MONTH:   0.0 INCH    5 = HAIL
                        GRTST 24HR     0.0         6 = FREEZING RAIN OR DRIZZLE
                        GRTST DEPTH:   0           7 = DUSTSTORM OR SANDSTORM:
                                                       VSBY 1/2 MILE OR LESS
                                                   8 = SMOKE OR HAZE
[NO. OF DAYS WITH]      [WEATHER - DAYS WITH]      9 = BLOWING SNOW
                                                   X = TORNADO
MAX 32 OR BELOW:   0    0.01 INCH OR MORE:   0
MAX 90 OR ABOVE:   0    0.10 INCH OR MORE:   0
MIN 32 OR BELOW:   8    0.50 INCH OR MORE:   0
MIN  0 OR BELOW:   0    1.00 INCH OR MORE:   0

[HDD (BASE 65) ]
TOTAL THIS MO.   417    CLEAR  (SCALE 0-3)  21
DPTR FM NORMAL  -117    PTCLDY (SCALE 4-7)   4
TOTAL FM JUL 1  1383    CLOUDY (SCALE 8-10)  0
DPTR FM NORMAL  -385

[CDD (BASE 65) ]
TOTAL THIS MO.     0
DPTR FM NORMAL     0    [PRESSURE DATA]
TOTAL FM JAN 1     0    HIGHEST SLP M ON M
DPTR FM NORMAL     0    LOWEST  SLP 29.86 ON 21

[REMARKS]




U.S. Dept. of Commerce
NOAA National Weather Service
1325 East West Highway
Silver Spring, MD 20910
E-mail: w-nws.webmaster@noaa.gov
Page last modified: May 16, 2007
NATIONAL WEATHER SERVICE: for Safety, for Work, for Fun - FOR LIFE