478
CXUS55 KVEF 310940
CF6DRA
PRELIMINARY LOCAL CLIMATOLOGICAL DATA (WS FORM: F-6)

                                          STATION:   DESERT ROCK-MERCURY NV
                                          MONTH:     AUGUST
                                          YEAR:      2014
                                          LATITUDE:   36 37 N
                                          LONGITUDE: 116  1 W

  TEMPERATURE IN F:       :PCPN:    SNOW:  WIND      :SUNSHINE: SKY     :PK WND
================================================================================
1   2   3   4   5  6A  6B    7    8   9   10  11  12  13   14  15   16   17  18
                                     12Z  AVG MX 2MIN
DY MAX MIN AVG DEP HDD CDD  WTR  SNW DPTH SPD SPD DIR MIN PSBL S-S WX    SPD DR
================================================================================

 1 104  78  91   6   0  26 0.00  0.0    0 10.6 32  30   M    M   0        50  30
 2  95  78  87   2   0  22 0.00  0.0    0  9.2 26  40   M    M   0        33  40
 3  82  68  75 -10   0  10 0.12  0.0    0  5.4 16 140   M    M   7 1      20 130
 4  78  63  71 -14   0   6 0.92  0.0    0  6.5 25 270   M    M   6 138    30 270
 5  91  64  78  -7   0  13 0.00  0.0    0  6.1 20 210   M    M   0        24 220
 6  94  62  78  -7   0  13 0.00  0.0    0  4.3 16 210   M    M   0        20 210
 7  97  66  82  -3   0  17 0.00  0.0    0  5.9 18  40   M    M   0        23  40
 8  98  70  84  -1   0  19 0.00  0.0    0  6.8 21 220   M    M   0        28 210
 9  98  70  84   0   0  19 0.00  0.0    0  7.8 24 200   M    M   0        33 210
10  96  69  83  -1   0  18 0.00  0.0    0  7.7 23 110   M    M   2        29 120
11  90  68  79  -5   0  14 0.11  0.0    0  9.5 22  50   M    M   4 13     28 280
12  95  69  82  -2   0  17 0.05  0.0    0  8.5 25 130   M    M   3        35 120
13  94  71  83  -1   0  18 0.00  0.0    0  9.7 23 190   M    M   2        31 190
14  96  74  85   1   0  20 0.00  0.0    0 13.4 23 220   M    M   0        33 200
15  97  68  83  -1   0  18 0.00  0.0    0  8.5 24 220   M    M   0        37 250
16  99  65  82  -1   0  17 0.00  0.0    0  6.1 21 230   M    M   0        27 240
17 102  65  84   1   0  19 0.00  0.0    0  6.9 20 230   M    M   0        27 230
18  96  67  82  -1   0  17 0.00  0.0    0  9.6 26 210   M    M   3        35 190
19  94  73  84   1   0  19 0.00  0.0    0 11.0 23 190   M    M   2        30 230
20  91  66  79  -4   0  14 0.00  0.0    0 11.5 28 210   M    M   1        37 210
21  94  63  79  -3   0  14 0.00  0.0    0  6.4 24 170   M    M   0        35 170
22  92  63  78  -4   0  13 0.00  0.0    0 13.1 32 220   M    M   0        42 210
23  91  67  79  -3   0  14 0.00  0.0    0  6.5 20 230   M    M   0        26 230
24  95  63  79  -3   0  14 0.00  0.0    0  9.8 25 210   M    M   0        35 190
25  93  70  82   0   0  17 0.00  0.0    0 17.9 36 210   M    M   0        45 210
26  90  73  82   0   0  17 0.00  0.0    0 10.5 21 230   M    M   0        29 210
27  93  63  78  -3   0  13 0.00  0.0    0  5.0 14 240   M    M   0        19 240
28  97  62  80  -1   0  15 0.00  0.0    0  4.1 15 240   M    M   0        19 260
29 101  64  83   2   0  18 0.00  0.0    0  5.8 18 220   M    M   0        26 240
30 102  65  84   4   0  19 0.00  0.0    0  7.5 24 220   M    M   0        30 210
================================================================================
SM 2835 2027         0 490  1.20     0.0 251.6          M       30
================================================================================
AV 94.5 67.6                               8.4 FASTST   M    M   1    MAX(MPH)
                                 MISC ---->  # 36 210               # 50   30
================================================================================
NOTES:
# LAST OF SEVERAL OCCURRENCES

COLUMN 17 PEAK WIND IN M.P.H.

PRELIMINARY LOCAL CLIMATOLOGICAL DATA (WS FORM: F-6) , PAGE 2

                                          STATION:  DESERT ROCK-MERCURY NV
                                          MONTH:    AUGUST
                                          YEAR:     2014
                                          LATITUDE:   36 37 N
                                          LONGITUDE: 116  1 W

[TEMPERATURE DATA]      [PRECIPITATION DATA]       SYMBOLS USED IN COLUMN 16

AVERAGE MONTHLY: 81.0   TOTAL FOR MONTH:   1.20    1 = FOG OR MIST
DPTR FM NORMAL:  -2.2   DPTR FM NORMAL:    0.55    2 = FOG REDUCING VISIBILITY
HIGHEST:   104 ON  1    GRTST 24HR  0.95 ON  3- 4      TO 1/4 MILE OR LESS
LOWEST:     62 ON 28, 6                            3 = THUNDER
                        SNOW, ICE PELLETS, HAIL    4 = ICE PELLETS
                        TOTAL MONTH:   0.0 INCH    5 = HAIL
                        GRTST 24HR     0.0         6 = FREEZING RAIN OR DRIZZLE
                        GRTST DEPTH:   0           7 = DUSTSTORM OR SANDSTORM:
                                                       VSBY 1/2 MILE OR LESS
                                                   8 = SMOKE OR HAZE
[NO. OF DAYS WITH]      [WEATHER - DAYS WITH]      9 = BLOWING SNOW
                                                   X = TORNADO
MAX 32 OR BELOW:   0    0.01 INCH OR MORE:   4
MAX 90 OR ABOVE:  28    0.10 INCH OR MORE:   3
MIN 32 OR BELOW:   0    0.50 INCH OR MORE:   1
MIN  0 OR BELOW:   0    1.00 INCH OR MORE:   0

[HDD (BASE 65) ]
TOTAL THIS MO.     0    CLEAR  (SCALE 0-3)  27
DPTR FM NORMAL     0    PTCLDY (SCALE 4-7)   3
TOTAL FM JUL 1     0    CLOUDY (SCALE 8-10)  0
DPTR FM NORMAL     0

[CDD (BASE 65) ]
TOTAL THIS MO.   490
DPTR FM NORMAL   -59    [PRESSURE DATA]
TOTAL FM JAN 1  1994    HIGHEST SLP M ON M
DPTR FM NORMAL   193    LOWEST  SLP 29.59 ON 19

[REMARKS]




U.S. Dept. of Commerce
NOAA National Weather Service
1325 East West Highway
Silver Spring, MD 20910
E-mail: w-nws.webmaster@noaa.gov
Page last modified: May 16, 2007
NATIONAL WEATHER SERVICE: for Safety, for Work, for Fun - FOR LIFE