590
CXUS55 KVEF 240940
CF6DRA
PRELIMINARY LOCAL CLIMATOLOGICAL DATA (WS FORM: F-6)

                                          STATION:   DESERT ROCK-MERCURY NV
                                          MONTH:     APRIL
                                          YEAR:      2014
                                          LATITUDE:   36 37 N
                                          LONGITUDE: 116  1 W

  TEMPERATURE IN F:       :PCPN:    SNOW:  WIND      :SUNSHINE: SKY     :PK WND
================================================================================
1   2   3   4   5  6A  6B    7    8   9   10  11  12  13   14  15   16   17  18
                                     12Z  AVG MX 2MIN
DY MAX MIN AVG DEP HDD CDD  WTR  SNW DPTH SPD SPD DIR MIN PSBL S-S WX    SPD DR
================================================================================

 1  61  45  53  -3  12   0 0.00  0.0    0 16.3 30 200   M    M   1        39 200
 2  54  38  46 -10  19   0 0.01  0.0    0  8.0 20 240   M    M   4        25 250
 3  63  35  49  -7  16   0 0.00  0.0    0  6.9 15 240   M    M   0        24 240
 4  65  44  55  -2  10   0 0.00  0.0    0  8.8 22 190   M    M   1        27 190
 5  68  36  52  -5  13   0 0.00  0.0    0  6.1 22 340   M    M   2        27  20
 6  76  47  62   5   3   0 0.00  0.0    0 10.5 23  40   M    M   M        28  40
 7  80  52  66   9   0   1 0.00  0.0    0  8.1 22  40   M    M   0        25  50
 8  86  45  66   8   0   1 0.00  0.0    0  5.8 17 230   M    M   0        22 230
 9  84  52  68  10   0   3 0.00  0.0    0  6.6 21 200   M    M   0        27 210
10  85  51  68  10   0   3 0.00  0.0    0  6.3 17 240   M    M   0        22 240
11  87  53  70  12   0   5 0.00  0.0    0  6.9 22 230   M    M   0        34 210
12  84  54  69  11   0   4 0.00  0.0    0  9.4 23 310   M    M   0        31 310
13  78  53  66   7   0   1 0.00  0.0    0 13.8 28 340   M    M   0        37 300
14  74  48  61   2   4   0 0.00  0.0    0  9.2 21 110   M    M   0        27 110
15  79  43  61   2   4   0 0.00  0.0    0  6.4 17 230   M    M   0        27 270
16  85  49  67   7   0   2 0.00  0.0    0  6.3 18 280   M    M   0        22 280
17  87  58  73  13   0   8 0.00  0.0    0 13.2 26 180   M    M   0        34 220
18  78  61  70  10   0   5 0.00  0.0    0 11.2 26 220   M    M   0        33 220
19  81  53  67   7   0   2 0.00  0.0    0  4.8 15 270   M    M   0        19 200
20  85  53  69   8   0   4 0.00  0.0    0  7.5 18 250   M    M   0        23 220
21  88  54  71  10   0   6 0.00  0.0    0 11.1 28 200   M    M   0        39 220
22  78  55  67   5   0   2 0.00  0.0    0 21.8 39 180   M    M   0        53 170
23  72  50  61  -1   4   0 0.00  0.0    0  7.7 20  40   M    M   0        28  60
================================================================================
SM 1778 1129        85  47  0.01     0.0 212.7          M        8
================================================================================
AV 77.3 49.1                               9.2 FASTST   M    M   0    MAX(MPH)
                                 MISC ---->  # 39 180               # 53  170
================================================================================
NOTES:
# LAST OF SEVERAL OCCURRENCES

COLUMN 17 PEAK WIND IN M.P.H.

PRELIMINARY LOCAL CLIMATOLOGICAL DATA (WS FORM: F-6) , PAGE 2

                                          STATION:  DESERT ROCK-MERCURY NV
                                          MONTH:    APRIL
                                          YEAR:     2014
                                          LATITUDE:   36 37 N
                                          LONGITUDE: 116  1 W

[TEMPERATURE DATA]      [PRECIPITATION DATA]       SYMBOLS USED IN COLUMN 16

AVERAGE MONTHLY: 63.2   TOTAL FOR MONTH:   0.01    1 = FOG OR MIST
DPTR FM NORMAL:   4.5   DPTR FM NORMAL:   -0.26    2 = FOG REDUCING VISIBILITY
HIGHEST:    88 ON 21    GRTST 24HR  0.01 ON  2- 2      TO 1/4 MILE OR LESS
LOWEST:     35 ON  3                               3 = THUNDER
                        SNOW, ICE PELLETS, HAIL    4 = ICE PELLETS
                        TOTAL MONTH:   0.0 INCH    5 = HAIL
                        GRTST 24HR     0.0         6 = FREEZING RAIN OR DRIZZLE
                        GRTST DEPTH:   0           7 = DUSTSTORM OR SANDSTORM:
                                                       VSBY 1/2 MILE OR LESS
                                                   8 = SMOKE OR HAZE
[NO. OF DAYS WITH]      [WEATHER - DAYS WITH]      9 = BLOWING SNOW
                                                   X = TORNADO
MAX 32 OR BELOW:   0    0.01 INCH OR MORE:   1
MAX 90 OR ABOVE:   0    0.10 INCH OR MORE:   0
MIN 32 OR BELOW:   0    0.50 INCH OR MORE:   0
MIN  0 OR BELOW:   0    1.00 INCH OR MORE:   0

[HDD (BASE 65) ]
TOTAL THIS MO.    85    CLEAR  (SCALE 0-3)  21
DPTR FM NORMAL   -79    PTCLDY (SCALE 4-7)   1
TOTAL FM JUL 1  2446    CLOUDY (SCALE 8-10)  0
DPTR FM NORMAL  -471

[CDD (BASE 65) ]
TOTAL THIS MO.    47
DPTR FM NORMAL    30    [PRESSURE DATA]
TOTAL FM JAN 1    47    HIGHEST SLP M ON M
DPTR FM NORMAL    28    LOWEST  SLP 29.53 ON 22

[REMARKS]




U.S. Dept. of Commerce
NOAA National Weather Service
1325 East West Highway
Silver Spring, MD 20910
E-mail: w-nws.webmaster@noaa.gov
Page last modified: May 16, 2007
NATIONAL WEATHER SERVICE: for Safety, for Work, for Fun - FOR LIFE