685
CXUS55 KCAE 281400
CF6DNL
PRELIMINARY LOCAL CLIMATOLOGICAL DATA (WS FORM: F-6)

                                          STATION:   AUGUSTA DANIEL FIELD GA
                                          MONTH:     JULY
                                          YEAR:      2014
                                          LATITUDE:   33 28 N
                                          LONGITUDE:  82  2 W

  TEMPERATURE IN F:       :PCPN:    SNOW:  WIND      :SUNSHINE: SKY     :PK WND
================================================================================
1   2   3   4   5  6A  6B    7    8   9   10  11  12  13   14  15   16   17  18
                                     12Z  AVG MX 2MIN
DY MAX MIN AVG DEP HDD CDD  WTR  SNW DPTH SPD SPD DIR MIN PSBL S-S WX    SPD DR
================================================================================

 1  94  74  84   3   0  19    T    M    M  3.6  9 170   M    M   2 1      12 180
 2  96  76  86   4   0  21 0.00    M    M  5.4 14 160   M    M   1        18 150
 3  95  77  86   4   0  21    T    M    M  4.0 16 290   M    M   1 3      26 290
 4  91  68  80  -2   0  15 0.00    M    M  5.8 13  70   M    M   2        17  30
 5  89  72  81  -1   0  16 0.00    M    M 10.2 17  50   M    M   1        23  20
 6  90  73  82   0   0  17 0.04    M    M  6.2 13  30   M    M   5        16  70
 7  93  72  83   1   0  18 0.00    M    M  4.9 18 180   M    M   2 1      23 180
 8  97  75  86   4   0  21 0.00    M    M  6.2 15 200   M    M   3        21 200
 9  97  75  86   4   0  21    T    M    M  5.9 26 320   M    M   2        40 320
10  94  72  83   1   0  18 0.00    M    M  4.4 15 160   M    M   1        20 150
11  89  73  81  -1   0  16 0.00    M    M  4.1 17  40   M    M   1 3      22  40
12  96  75  86   4   0  21 0.03    M    M  4.2 18 110   M    M   3        23 110
13  95  72  84   2   0  19 0.00    M    M  3.4 10 130   M    M   4 12     13 170
14  97  75  86   4   0  21    T    M    M  5.5 15 250   M    M   1 3      24 250
15  94  75  85   3   0  20 0.22    M    M  6.8 20 300   M    M   3 38     30 310
16  91  73  82   0   0  17 0.00    M    M  4.0 12  30   M    M   5        18  30
17  90  69  80  -2   0  15 0.00    M    M  6.5 14 130   M    M   2        20  90
18  90  72  81  -1   0  16 0.00    M    M  6.4 13 150   M    M   2        18 160
19  79  72  76  -6   0  11 0.24    M    M  5.2 13 300   M    M   7 1      17 310
20  87  73  80  -2   0  15 0.03    M    M  3.3 10 190   M    M   8 13     13 150
21  89  73  81  -1   0  16 0.52    M    M  4.4 15  10   M    M   6 13     23 350
22  90  73  82   0   0  17 0.03    M    M  4.8 13  50   M    M   6 1      15  50
23  91  74  83   1   0  18    T    M    M  3.5 12 300   M    M   4 3      16 170
24  94  76  85   3   0  20    T    M    M  4.9 14 220   M    M   2        20 230
25  93  74  84   2   0  19    T    M    M  4.9 13 120   M    M   4 3      17 110
26  95  73  84   2   0  19 0.00    M    M  3.1 12 220   M    M   1 1      16 260
27  96  77  87   5   0  22 0.00    M    M  4.9 15 240   M    M   0        22 230
================================================================================
SM 2492 1983         0 489  1.11    M    136.5          M       79
================================================================================
AV 92.3 73.4                               5.1 FASTST   M    M   3    MAX(MPH)
                                 MISC ---->  # 26 320               # 40  320
================================================================================
NOTES:
# LAST OF SEVERAL OCCURRENCES

COLUMN 17 PEAK WIND IN M.P.H.

PRELIMINARY LOCAL CLIMATOLOGICAL DATA (WS FORM: F-6) , PAGE 2

                                          STATION:  AUGUSTA DANIEL FIELD GA
                                          MONTH:    JULY
                                          YEAR:     2014
                                          LATITUDE:   33 28 N
                                          LONGITUDE:  82  2 W

[TEMPERATURE DATA]      [PRECIPITATION DATA]       SYMBOLS USED IN COLUMN 16

AVERAGE MONTHLY: 82.9   TOTAL FOR MONTH:   1.11    1 = FOG OR MIST
DPTR FM NORMAL:   0.9   DPTR FM NORMAL:   -3.48    2 = FOG REDUCING VISIBILITY
HIGHEST:    97 ON 14, 9 GRTST 24HR  0.52 ON 21-21      TO 1/4 MILE OR LESS
LOWEST:     68 ON  4                               3 = THUNDER
                        SNOW, ICE PELLETS, HAIL    4 = ICE PELLETS
                        TOTAL MONTH:    M          5 = HAIL
                        GRTST 24HR    M  ON   M    6 = FREEZING RAIN OR DRIZZLE
                        GRTST DEPTH:  M  ON   M    7 = DUSTSTORM OR SANDSTORM:
                                                       VSBY 1/2 MILE OR LESS
                                                   8 = SMOKE OR HAZE
[NO. OF DAYS WITH]      [WEATHER - DAYS WITH]      9 = BLOWING SNOW
                                                   X = TORNADO
MAX 32 OR BELOW:   0    0.01 INCH OR MORE:   7
MAX 90 OR ABOVE:  22    0.10 INCH OR MORE:   3
MIN 32 OR BELOW:   0    0.50 INCH OR MORE:   1
MIN  0 OR BELOW:   0    1.00 INCH OR MORE:   0

[HDD (BASE 65) ]
TOTAL THIS MO.     0    CLEAR  (SCALE 0-3)  18
DPTR FM NORMAL     0    PTCLDY (SCALE 4-7)   9
TOTAL FM JUL 1     0    CLOUDY (SCALE 8-10)  0
DPTR FM NORMAL     0

[CDD (BASE 65) ]
TOTAL THIS MO.   489
DPTR FM NORMAL    32    [PRESSURE DATA]
TOTAL FM JAN 1  1453    HIGHEST SLP M ON M
DPTR FM NORMAL   205    LOWEST  SLP 29.78 ON 15

[REMARKS]




U.S. Dept. of Commerce
NOAA National Weather Service
1325 East West Highway
Silver Spring, MD 20910
E-mail: w-nws.webmaster@noaa.gov
Page last modified: May 16, 2007
NATIONAL WEATHER SERVICE: for Safety, for Work, for Fun - FOR LIFE