250
CXUS55 KEAX 310736
CF6DMO
PRELIMINARY LOCAL CLIMATOLOGICAL DATA (WS FORM: F-6)

                                          STATION:   SEDALIA MO
                                          MONTH:     JULY
                                          YEAR:      2014
                                          LATITUDE:   38 42 N
                                          LONGITUDE:  93  6 W

  TEMPERATURE IN F:       :PCPN:    SNOW:  WIND      :SUNSHINE: SKY     :PK WND
================================================================================
1   2   3   4   5  6A  6B    7    8   9   10  11  12  13   14  15   16   17  18
                                     12Z  AVG MX 2MIN
DY MAX MIN AVG DEP HDD CDD  WTR  SNW DPTH SPD SPD DIR MIN PSBL S-S WX    SPD DR
================================================================================

 1  84  70  77  -1   0  12 0.15    M    M  8.2 20 350   M    M   3 13     24 360
 2  75  58  67 -11   0   2    T    M    M 10.3 20 330   M    M   5        27 310
 3  80  56  68 -10   0   3 0.00    M    M  5.4 14  20   M    M   0        19  10
 4  82  56  69  -9   0   4 0.00    M    M  5.7 13 150   M    M   1        17 120
 5  83  64  74  -5   0   9 0.00    M    M 11.6 22 190   M    M   2        27 190
 6  87  69  78  -1   0  13 0.03    M    M 11.9 26 220   M    M   3 3      33 210
 7  91  76  84   5   0  19    M    M    M 10.1 15 210   M    M   0 3      21 240
 8  91  67  79   0   0  14 0.18    M    M  8.3 41 340   M    M   1 13     57 330
 9  83  63  73  -6   0   8 0.00    M    M  5.8 14 310   M    M   0        17 320
10  83  64  74  -5   0   9 0.00    M    M  7.3 14 130   M    M   1        18 150
11  91  65  78  -1   0  13 0.00    M    M 10.2 20 210   M    M   1        24 220
12  92  77  85   6   0  20 0.00    M    M 10.8 17 210   M    M   1        24 230
13  85  70  78  -1   0  13 0.14    M    M  4.6 17 320   M    M   3 13     24 320
14  85  60  73  -6   0   8 0.04    M    M  8.8 29 330   M    M   2 13     41 340
15  74  55  65 -14   0   0 0.00    M    M  7.2 17 330   M    M   3        21 360
16  78  54  66 -13   0   1 0.00    M    M  2.7 10 320   M    M   5 8      14  30
17  79  56  68 -11   0   3 0.00    M    M  2.7 12 120   M    M   1        14 110
18  81  58  70  -9   0   5 0.00    M    M  4.8 14 170   M    M   2        17 110
19  83  58  71  -8   0   6 0.00    M    M  4.2  8 170   M    M   1 18     13 210
20  84  64  74  -5   0   9 0.00    M    M  8.4 16 210   M    M   2 18     20 200
21  91  67  79   0   0  14 0.00    M    M  9.4 16 180   M    M   1 18     20 170
22  94  71  83   4   0  18 0.00    M    M  7.8 17 220   M    M   0 18     20 220
23  88  69  79   0   0  14 0.00    M    M  9.4 17  40   M    M   0 18     23  10
24  83  61  72  -7   0   7 0.00    M    M  6.6 14 120   M    M   0 8      18  80
25  95  64  80   1   0  15 0.00    M    M 12.1 22 190   M    M   0        29 210
26  90  78  84   4   0  19 0.04    M    M 11.2 24 220   M    M   2 18     31 230
27  88  65  77  -3   0  12 0.00    M    M 10.0 20 300   M    M   1 18     27 310
28  82  61  72  -8   0   7 0.00    M    M  7.6 16 360   M    M   2        22  10
29  83  58  71  -9   0   6 0.00    M    M  4.1 13 340   M    M   1 18     16 320
30  81  59  70 -10   0   5 0.00    M    M  3.0 10 220   M    M   2 8      12 220
================================================================================
SM 2546 1913         0 288  0.58    M    230.2          M       46
================================================================================
AV 84.9 63.8                               7.7 FASTST   M    M   2    MAX(MPH)
                                 MISC ---->  # 41 340               # 57  330
================================================================================
NOTES:
# LAST OF SEVERAL OCCURRENCES

COLUMN 17 PEAK WIND IN M.P.H.

PRELIMINARY LOCAL CLIMATOLOGICAL DATA (WS FORM: F-6) , PAGE 2

                                          STATION:  SEDALIA MO
                                          MONTH:    JULY
                                          YEAR:     2014
                                          LATITUDE:   38 42 N
                                          LONGITUDE:  93  6 W

[TEMPERATURE DATA]      [PRECIPITATION DATA]       SYMBOLS USED IN COLUMN 16

AVERAGE MONTHLY: 74.3   TOTAL FOR MONTH:   0.58    1 = FOG OR MIST
DPTR FM NORMAL:  -4.7   DPTR FM NORMAL:   -3.52    2 = FOG REDUCING VISIBILITY
HIGHEST:    95 ON 25    GRTST 24HR  0.22 ON 30- 1      TO 1/4 MILE OR LESS
LOWEST:     54 ON 16                               3 = THUNDER
                        SNOW, ICE PELLETS, HAIL    4 = ICE PELLETS
                        TOTAL MONTH:    M          5 = HAIL
                        GRTST 24HR    M  ON   M    6 = FREEZING RAIN OR DRIZZLE
                        GRTST DEPTH:  M  ON   M    7 = DUSTSTORM OR SANDSTORM:
                                                       VSBY 1/2 MILE OR LESS
                                                   8 = SMOKE OR HAZE
[NO. OF DAYS WITH]      [WEATHER - DAYS WITH]      9 = BLOWING SNOW
                                                   X = TORNADO
MAX 32 OR BELOW:   0    0.01 INCH OR MORE:   6
MAX 90 OR ABOVE:   8    0.10 INCH OR MORE:   3
MIN 32 OR BELOW:   0    0.50 INCH OR MORE:   0
MIN  0 OR BELOW:   0    1.00 INCH OR MORE:   0

[HDD (BASE 65) ]
TOTAL THIS MO.     0    CLEAR  (SCALE 0-3)  27
DPTR FM NORMAL     0    PTCLDY (SCALE 4-7)   3
TOTAL FM JUL 1     0    CLOUDY (SCALE 8-10)  0
DPTR FM NORMAL     0

[CDD (BASE 65) ]
TOTAL THIS MO.   288
DPTR FM NORMAL  -129    [PRESSURE DATA]
TOTAL FM JAN 1   795    HIGHEST SLP  0.00 ON M
DPTR FM NORMAL   -65    LOWEST  SLP  0.00 ON M

[REMARKS]




U.S. Dept. of Commerce
NOAA National Weather Service
1325 East West Highway
Silver Spring, MD 20910
E-mail: w-nws.webmaster@noaa.gov
Page last modified: May 16, 2007
NATIONAL WEATHER SERVICE: for Safety, for Work, for Fun - FOR LIFE