095
CXUS54 KEPZ 281200
CF6DMN
PRELIMINARY LOCAL CLIMATOLOGICAL DATA (WS FORM: F-6)

                                          STATION:   DEMING
                                          MONTH:     JULY
                                          YEAR:      2014
                                          LATITUDE:   32 15 N
                                          LONGITUDE: 107 42 W

  TEMPERATURE IN F:       :PCPN:    SNOW:  WIND      :SUNSHINE: SKY     :PK WND
================================================================================
1   2   3   4   5  6A  6B    7    8   9   10  11  12  13   14  15   16   17  18
                                     12Z  AVG MX 2MIN
DY MAX MIN AVG DEP HDD CDD  WTR  SNW DPTH SPD SPD DIR MIN PSBL S-S WX    SPD DR
================================================================================

 1 100  71  86   5   0  21 0.00  0.0    0 11.5 37  40   M    M   1 38     45  50
 2  93  66  80  -1   0  15 0.01  0.0    0  9.6 31 340   M    M   1 38     38 330
 3  94  70  82   1   0  17 0.00  0.0    0  9.5 20 100   M    M   1        28  90
 4  95  68  82   1   0  17 0.00  0.0    0  9.3 28 260   M    M   2 8      34 270
 5  96  73  85   4   0  20 0.00  0.0    0  7.5 21 280   M    M   3 3      27 280
 6  94  68  81   0   0  16 0.01  0.0    0  9.9 25 320   M    M   3        30 320
 7  93  64  79  -2   0  14 0.00  0.0    0  5.5 22  80   M    M   0        26  70
 8  96  65  81   0   0  16 0.22  0.0    0  7.5 25  40   M    M   1 3      33  40
 9  94  70  82   1   0  17 0.00  0.0    0  7.6 21  60   M    M   2 3      25  50
10  96  63  80  -1   0  15 0.03  0.0    0  6.1 16 280   M    M   2        21 290
11  96  66  81   0   0  16 0.32  0.0    0  8.2 25 330   M    M   4 38     37 270
12  95  66  81   0   0  16    T  0.0    0  8.8 31 120   M    M   3 8      43 130
13  92  68  80  -1   0  15    T  0.0    0  8.6 20  80   M    M   2 3      25  90
14  97  67  82   1   0  17 0.08  0.0    0  9.9 35  30   M    M   1 38     42  30
15  89  66  78  -3   0  13 0.04  0.0    0  5.7 23  50   M    M   1        28  40
16  93  64  79  -2   0  14    T  0.0    0 10.7 29 340   M    M   2 38     36 340
17  96  69  83   2   0  18    T  0.0    0 10.0 26 260   M    M   1        42 310
18  98  66  82   1   0  17 0.00  0.0    0 10.9 25 240   M    M   0        31 240
19 100  69  85   4   0  20 0.00  0.0    0  9.5 20 250   M    M   0        25 250
20 101  71  86   5   0  21 0.00  0.0    0 10.4 25 230   M    M   0        35 260
21  98  73  86   6   0  21    T  0.0    0  7.7 22 190   M    M   2        30 190
22 101  66  84   4   0  19 0.68  0.0    0  4.8 25 120   M    M   3 138    36 110
23  94  67  81   1   0  16    T  0.0    0  8.2 22 130   M    M   2        29 140
24  96  68  82   2   0  17 0.00  0.0    0  8.7 18 150   M    M   1        30 160
25  99  68  84   4   0  19 0.00  0.0    0  5.5 14 110   M    M   0        18 270
26 104  70  87   7   0  22 0.00  0.0    0  6.4 16 110   M    M   0        23 170
27 101  73  87   7   0  22    T  0.0    0 10.4 29 210   M    M   1 8      38 210
================================================================================
SM 2601 1835         0 471  1.39     0.0 228.4          M       39
================================================================================
AV 96.3 68.0                               8.5 FASTST   M    M   1    MAX(MPH)
                                 MISC ---->  # 37  40               # 45   50
================================================================================
NOTES:
# LAST OF SEVERAL OCCURRENCES

COLUMN 17 PEAK WIND IN M.P.H.

PRELIMINARY LOCAL CLIMATOLOGICAL DATA (WS FORM: F-6) , PAGE 2

                                          STATION:  DEMING
                                          MONTH:    JULY
                                          YEAR:     2014
                                          LATITUDE:   32 15 N
                                          LONGITUDE: 107 42 W

[TEMPERATURE DATA]      [PRECIPITATION DATA]       SYMBOLS USED IN COLUMN 16

AVERAGE MONTHLY: 82.1   TOTAL FOR MONTH:   1.39    1 = FOG OR MIST
DPTR FM NORMAL:   1.4   DPTR FM NORMAL:   -0.49    2 = FOG REDUCING VISIBILITY
HIGHEST:   104 ON 26    GRTST 24HR  0.68 ON 22-22      TO 1/4 MILE OR LESS
LOWEST:     63 ON 10                               3 = THUNDER
                        SNOW, ICE PELLETS, HAIL    4 = ICE PELLETS
                        TOTAL MONTH:   0.0 INCH    5 = HAIL
                        GRTST 24HR     0.0         6 = FREEZING RAIN OR DRIZZLE
                        GRTST DEPTH:   0           7 = DUSTSTORM OR SANDSTORM:
                                                       VSBY 1/2 MILE OR LESS
                                                   8 = SMOKE OR HAZE
[NO. OF DAYS WITH]      [WEATHER - DAYS WITH]      9 = BLOWING SNOW
                                                   X = TORNADO
MAX 32 OR BELOW:   0    0.01 INCH OR MORE:   8
MAX 90 OR ABOVE:  26    0.10 INCH OR MORE:   3
MIN 32 OR BELOW:   0    0.50 INCH OR MORE:   1
MIN  0 OR BELOW:   0    1.00 INCH OR MORE:   0

[HDD (BASE 65) ]
TOTAL THIS MO.     0    CLEAR  (SCALE 0-3)  26
DPTR FM NORMAL     0    PTCLDY (SCALE 4-7)   1
TOTAL FM JUL 1     0    CLOUDY (SCALE 8-10)  0
DPTR FM NORMAL     0

[CDD (BASE 65) ]
TOTAL THIS MO.   471
DPTR FM NORMAL    45    [PRESSURE DATA]
TOTAL FM JAN 1  1121    HIGHEST SLP M ON M
DPTR FM NORMAL   151    LOWEST  SLP 29.56 ON  1

[REMARKS]




U.S. Dept. of Commerce
NOAA National Weather Service
1325 East West Highway
Silver Spring, MD 20910
E-mail: w-nws.webmaster@noaa.gov
Page last modified: May 16, 2007
NATIONAL WEATHER SERVICE: for Safety, for Work, for Fun - FOR LIFE