715
CXUS54 KEPZ 011200
CF6DMN
PRELIMINARY LOCAL CLIMATOLOGICAL DATA (WS FORM: F-6)

                                          STATION:   DEMING
                                          MONTH:     AUGUST
                                          YEAR:      2014
                                          LATITUDE:   32 15 N
                                          LONGITUDE: 107 42 W

  TEMPERATURE IN F:       :PCPN:    SNOW:  WIND      :SUNSHINE: SKY     :PK WND
================================================================================
1   2   3   4   5  6A  6B    7    8   9   10  11  12  13   14  15   16   17  18
                                     12Z  AVG MX 2MIN
DY MAX MIN AVG DEP HDD CDD  WTR  SNW DPTH SPD SPD DIR MIN PSBL S-S WX    SPD DR
================================================================================

 1  81  64  73  -6   0   8 0.05  0.0    0  6.8 20  60   M    M   6        27  50
 2  79  68  74  -5   0   9 0.00  0.0    0 10.8 20 110   M    M   9        27 140
 3  82  65  74  -5   0   9 0.06  0.0    0  7.6 16  90   M    M   7 1      23  90
 4  86  65  76  -3   0  11 0.11  0.0    0  7.7 20 170   M    M   5 138    25 160
 5  89  61  75  -4   0  10 0.00  0.0    0  3.9 13 190   M    M   0 1      18 180
 6  94  65  80   1   0  15 0.00  0.0    0  4.9 12 200   M    M   1 3      16 220
 7  89  68  79   0   0  14 0.03  0.0    0  7.6 21 260   M    M   6 3      25 260
 8  91  66  79   0   0  14 0.00  0.0    0  5.2 15 340   M    M   2        20 350
 9  93  64  79   0   0  14 0.02  0.0    0  7.0 29  20   M    M   2 38     36  20
10  90  67  79   0   0  14 0.02  0.0    0  6.4 23 110   M    M   2 3      28  90
11  89  69  79   1   0  14    T  0.0    0 11.7 23  90   M    M   4 3      30 130
12  88  69  79   1   0  14 0.01  0.0    0  9.3 25 150   M    M   6 3      32 150
13  91  67  79   1   0  14 0.30  0.0    0  6.5 18 330   M    M   5 13     23 320
14  88  66  77  -1   0  12 0.08  0.0    0  7.7 17  30   M    M   3 13     22  40
15  92  67  80   2   0  15    T  0.0    0  6.6 23 350   M    M   2 3      28 350
16  96  67  82   4   0  17 0.00  0.0    0  7.1 17 340   M    M   1        22 210
17  95  64  80   2   0  15 0.00  0.0    0  3.7 18 310   M    M   0 3      24 320
18  93  65  79   1   0  14 0.00  0.0    0  4.5 15 340   M    M   1        19 360
19  89  66  78   0   0  13    T  0.0    0 13.1 37 260   M    M   1 8      46 250
20  90  63  77  -1   0  12 0.00  0.0    0 11.7 23 260   M    M   0        30 260
21  90  61  76  -2   0  11 0.00  0.0    0  8.4 20 270   M    M   0        24 260
22  85  64  75  -3   0  10 0.31  0.0    0  6.7 38 210   M    M   4 138    53 210
23  88  60  74  -3   0   9 0.00  0.0    0  5.7 20 240   M    M   1        36 260
24  92  59  76  -1   0  11    T  0.0    0  7.2 21 200   M    M   2 3      29 210
25  89  63  76  -1   0  11 0.00  0.0    0  6.1 23 140   M    M   2 3      29 130
26  84  64  74  -3   0   9 0.02  0.0    0  6.2 15 280   M    M   4        20 300
27  88  62  75  -2   0  10 0.00  0.0    0  6.8 23  50   M    M   2        29  30
28  92  60  76  -1   0  11 0.00  0.0    0  5.7 14 270   M    M   0        22  60
29  94  59  77   0   0  12 0.00  0.0    0  5.7 18  60   M    M   0        23  70
30  95  64  80   3   0  15 0.00  0.0    0  5.4 17 160   M    M   2        24 150
31  98  64  81   5   0  16 0.00  0.0    0 10.1 24 270   M    M   0        30 270
================================================================================
SM 2780 1996         0 383  1.01     0.0 223.8          M       80
================================================================================
AV 89.7 64.4                               7.2 FASTST   M    M   3    MAX(MPH)
                                 MISC ---->  # 38 210               # 53  210
================================================================================
NOTES:
# LAST OF SEVERAL OCCURRENCES

COLUMN 17 PEAK WIND IN M.P.H.

PRELIMINARY LOCAL CLIMATOLOGICAL DATA (WS FORM: F-6) , PAGE 2

                                          STATION:  DEMING
                                          MONTH:    AUGUST
                                          YEAR:     2014
                                          LATITUDE:   32 15 N
                                          LONGITUDE: 107 42 W

[TEMPERATURE DATA]      [PRECIPITATION DATA]       SYMBOLS USED IN COLUMN 16

AVERAGE MONTHLY: 77.0   TOTAL FOR MONTH:   1.01    1 = FOG OR MIST
DPTR FM NORMAL:  -1.0   DPTR FM NORMAL:   -1.28    2 = FOG REDUCING VISIBILITY
HIGHEST:    98 ON 31    GRTST 24HR  0.38 ON 31- 1      TO 1/4 MILE OR LESS
LOWEST:     59 ON 29,24                            3 = THUNDER
                        SNOW, ICE PELLETS, HAIL    4 = ICE PELLETS
                        TOTAL MONTH:   0.0 INCH    5 = HAIL
                        GRTST 24HR     0.0         6 = FREEZING RAIN OR DRIZZLE
                        GRTST DEPTH:   0           7 = DUSTSTORM OR SANDSTORM:
                                                       VSBY 1/2 MILE OR LESS
                                                   8 = SMOKE OR HAZE
[NO. OF DAYS WITH]      [WEATHER - DAYS WITH]      9 = BLOWING SNOW
                                                   X = TORNADO
MAX 32 OR BELOW:   0    0.01 INCH OR MORE:  11
MAX 90 OR ABOVE:  16    0.10 INCH OR MORE:   3
MIN 32 OR BELOW:   0    0.50 INCH OR MORE:   0
MIN  0 OR BELOW:   0    1.00 INCH OR MORE:   0

[HDD (BASE 65) ]
TOTAL THIS MO.     0    CLEAR  (SCALE 0-3)  20
DPTR FM NORMAL     0    PTCLDY (SCALE 4-7)  10
TOTAL FM JUL 1     0    CLOUDY (SCALE 8-10)  1
DPTR FM NORMAL     0

[CDD (BASE 65) ]
TOTAL THIS MO.   383
DPTR FM NORMAL   -20    [PRESSURE DATA]
TOTAL FM JAN 1  1568    HIGHEST SLP 30.06 ON 12
DPTR FM NORMAL   138    LOWEST  SLP 29.71 ON 31

[REMARKS]
#FINAL-08-14#




U.S. Dept. of Commerce
NOAA National Weather Service
1325 East West Highway
Silver Spring, MD 20910
E-mail: w-nws.webmaster@noaa.gov
Page last modified: May 16, 2007
NATIONAL WEATHER SERVICE: for Safety, for Work, for Fun - FOR LIFE