684
CXUS54 KEPZ 281202
CF6DMN
PRELIMINARY LOCAL CLIMATOLOGICAL DATA (WS FORM: F-6)

                                          STATION:   DEMING
                                          MONTH:     NOVEMBER
                                          YEAR:      2014
                                          LATITUDE:   32 15 N
                                          LONGITUDE: 107 42 W

  TEMPERATURE IN F:       :PCPN:    SNOW:  WIND      :SUNSHINE: SKY     :PK WND
================================================================================
1   2   3   4   5  6A  6B    7    8   9   10  11  12  13   14  15   16   17  18
                                     12Z  AVG MX 2MIN
DY MAX MIN AVG DEP HDD CDD  WTR  SNW DPTH SPD SPD DIR MIN PSBL S-S WX    SPD DR
================================================================================

 1  75  52  64   9   1   0 0.00  0.0    0  9.0 15  80   M    M   1        20  50
 2  76  45  61   6   4   0 0.41    M    0  9.5 28 270   M    M   4 13     38 270
 3  62  50  56   1   9   0 0.10  0.0    0  4.9 10 230   M    M   8 1      13 230
 4  62  42  52  -2  13   0 0.00  0.0    0 14.6 32  30   M    M   3        38  20
 5  64  40  52  -2  13   0 0.00  0.0    0  8.5 20  60   M    M   3        24  60
 6  62  43  53   0  12   0    T    M    0  8.1 17 120   M    M   7        23 120
 7  67  35  51  -2  14   0 0.00  0.0    0  5.9 14 240   M    M   0        18 200
 8  68  37  53   0  12   0 0.00  0.0    0  8.5 26  40   M    M   0        35  30
 9  67  35  51  -1  14   0 0.00  0.0    0  4.6 10 210   M    M   0        13 280
10  74  38  56   4   9   0 0.00  0.0    0 12.1 36 280   M    M   0        44 280
11  72  41  57   5   8   0 0.00  0.0    0  7.6 17 280   M    M   0        24 260
12  66  37  52   1  13   0 0.00  0.0    0  6.4 17  60   M    M   3        24  80
13  51  29  40 -11  25   0 0.00  0.0    0  7.5 16  80   M    M   3        21  80
14  68  31  50   0  15   0 0.00  0.0    0  4.8 15 270   M    M   1        21 290
15  67  42  55   5  10   0 0.00  0.0    0 10.9 24 280   M    M   0        32 280
16  61  33  47  -3  18   0    T  0.0    0 13.5 32 350   M    M   2        42 330
17  50  25  38 -11  27   0 0.00  0.0    0  6.8 13  80   M    M   0        16  70
18  56  20  38 -11  27   0 0.00  0.0    0  5.0 13  60   M    M   0        16  80
19  59  19  39  -9  26   0 0.00  0.0    0  2.9  9 300   M    M   0        10  80
20  67  27  47  -1  18   0 0.00  0.0    0  8.4 20 260   M    M   0        26 280
21  64  27  46  -2  19   0 0.00  0.0    0  3.5  9 200   M    M   0        12 220
22  65  34  50   3  15   0 0.00  0.0    0  9.0 24 260   M    M   1        32 260
23  62  38  50   3  15   0 0.00  0.0    0 20.7 39 280   M    M   0 8      51 310
24  58  20  39  -8  26   0 0.00  0.0    0  9.5 26 350   M    M   0        34 350
25  54  23  39  -7  26   0 0.00  0.0    0  7.1 14 270   M    M   0        18 270
26  66  25  46   0  19   0 0.00  0.0    0  3.6 13 230   M    M   0        16 230
27  68  29  49   3  16   0 0.00  0.0    0  4.0 16  70   M    M   0        19  80
================================================================================
SM 1731  917       424   0  0.51     0.0 216.9          M       36
================================================================================
AV 64.1 34.0                               8.0 FASTST   M    M   1    MAX(MPH)
                                 MISC ---->  # 39 280               # 51  310
================================================================================
NOTES:
# LAST OF SEVERAL OCCURRENCES

COLUMN 17 PEAK WIND IN M.P.H.

PRELIMINARY LOCAL CLIMATOLOGICAL DATA (WS FORM: F-6) , PAGE 2

                                          STATION:  DEMING
                                          MONTH:    NOVEMBER
                                          YEAR:     2014
                                          LATITUDE:   32 15 N
                                          LONGITUDE: 107 42 W

[TEMPERATURE DATA]      [PRECIPITATION DATA]       SYMBOLS USED IN COLUMN 16

AVERAGE MONTHLY: 49.0   TOTAL FOR MONTH:   0.51    1 = FOG OR MIST
DPTR FM NORMAL:  -1.4   DPTR FM NORMAL:   -0.12    2 = FOG REDUCING VISIBILITY
HIGHEST:    76 ON  2    GRTST 24HR  0.49 ON  2- 3      TO 1/4 MILE OR LESS
LOWEST:     19 ON 19                               3 = THUNDER
                        SNOW, ICE PELLETS, HAIL    4 = ICE PELLETS
                        TOTAL MONTH:   0.0 INCH    5 = HAIL
                        GRTST 24HR     0.0         6 = FREEZING RAIN OR DRIZZLE
                        GRTST DEPTH:   0           7 = DUSTSTORM OR SANDSTORM:
                                                       VSBY 1/2 MILE OR LESS
                                                   8 = SMOKE OR HAZE
[NO. OF DAYS WITH]      [WEATHER - DAYS WITH]      9 = BLOWING SNOW
                                                   X = TORNADO
MAX 32 OR BELOW:   0    0.01 INCH OR MORE:   2
MAX 90 OR ABOVE:   0    0.10 INCH OR MORE:   2
MIN 32 OR BELOW:  11    0.50 INCH OR MORE:   0
MIN  0 OR BELOW:   0    1.00 INCH OR MORE:   0

[HDD (BASE 65) ]
TOTAL THIS MO.   424    CLEAR  (SCALE 0-3)  23
DPTR FM NORMAL    31    PTCLDY (SCALE 4-7)   4
TOTAL FM JUL 1   472    CLOUDY (SCALE 8-10)  0
DPTR FM NORMAL   -65

[CDD (BASE 65) ]
TOTAL THIS MO.     0
DPTR FM NORMAL     0    [PRESSURE DATA]
TOTAL FM JAN 1  1832    HIGHEST SLP M ON M
DPTR FM NORMAL   132    LOWEST  SLP 29.64 ON M

[REMARKS]




U.S. Dept. of Commerce
NOAA National Weather Service
1325 East West Highway
Silver Spring, MD 20910
E-mail: w-nws.webmaster@noaa.gov
Page last modified: May 16, 2007
NATIONAL WEATHER SERVICE: for Safety, for Work, for Fun - FOR LIFE