263
CXUS51 KLWX 010620
CF6DMH
PRELIMINARY LOCAL CLIMATOLOGICAL DATA (WS FORM: F-6)

                                          STATION:   BALTIMORE INNER HARBOR MD
                                          MONTH:     NOVEMBER
                                          YEAR:      2014
                                          LATITUDE:   39 16 N
                                          LONGITUDE:  76 37 W

  TEMPERATURE IN F:       :PCPN:    SNOW:  WIND      :SUNSHINE: SKY     :PK WND
================================================================================
1   2   3   4   5  6A  6B    7    8   9   10  11  12  13   14  15   16   17  18
                                     12Z  AVG MX 2MIN
DY MAX MIN AVG DEP HDD CDD  WTR  SNW DPTH SPD SPD DIR MIN PSBL S-S WX    SPD DR
================================================================================

 1  52  46  49  -6  16   0 0.08    M    M   M   M   M   M    M   M         M  M
 2  50  44  47  -8  18   0 0.00    M    M   M   M   M   M    M   M         M  M
 3  58  40  49  -6  16   0 0.00    M    M   M   M   M   M    M   M         M  M
 4  67  47  57   3   8   0 0.00    M    M   M   M   M   M    M   M         M  M
 5  69  53  61   7   4   0 0.09    M    M   M   M   M   M    M   M         M  M
 6  58  49  54   0  11   0 0.69    M    M   M   M   M   M    M   M         M  M
 7  54  41  48  -5  17   0 0.00    M    M   M   M   M   M    M   M         M  M
 8  51  36  44  -9  21   0 0.00    M    M   M   M   M   M    M   M         M  M
 9  58  44  51  -2  14   0 0.00    M    M   M   M   M   M    M   M         M  M
10  60  42  51  -1  14   0 0.00    M    M   M   M   M   M    M   M         M  M
11  65  46  56   4   9   0 0.00    M    M   M   M   M   M    M   M         M  M
12  66  44  55   3  10   0 0.00    M    M   M   M   M   M    M   M         M  M
13  46  37  42  -9  23   0 0.07    M    M   M   M   M   M    M   M         M  M
14  41  34  38 -13  27   0 0.00    M    M   M   M   M   M    M   M         M  M
15  44  32  38 -13  27   0 0.00    M    M   M   M   M   M    M   M         M  M
16  46  36  41  -9  24   0 0.03    M    M   M   M   M   M    M   M         M  M
17  47  38  43  -7  22   0 0.95    M    M   M   M   M   M    M   M         M  M
18  38  23  31 -19  34   0 0.00    M    M   M   M   M   M    M   M         M  M
19  37  21  29 -20  36   0 0.00    M    M   M   M   M   M    M   M         M  M
20  52  32  42  -7  23   0 0.00    M    M   M   M   M   M    M   M         M  M
21  37  29  33 -15  32   0 0.00    M    M   M   M   M   M    M   M         M  M
22  49  26  38 -10  27   0 0.00    M    M   M   M   M   M    M   M         M  M
23  52  40  46  -2  19   0 0.03    M    M   M   M   M   M    M   M         M  M
24  71  50  61  14   4   0 0.31    M    M   M   M   M   M    M   M         M  M
25  65  48  57  10   8   0 0.00    M    M   M   M   M   M    M   M         M  M
26  50  34  42  -4  23   0 1.15    M    M   M   M   M   M    M   M         M  M
27  43  34  39  -7  26   0 0.00    M    M   M   M   M   M    M   M         M  M
28  38  32  35 -11  30   0 0.00    M    M   M   M   M   M    M   M         M  M
29  45  32  39  -6  26   0 0.00    M    M   M   M   M   M    M   M         M  M
30  60  40  50   5  15   0 0.00    M    M   M   M   M   M    M   M         M  M
================================================================================
SM 1569 1150       584   0  3.40    M        M          M        M
================================================================================
AV 52.3 38.3                                 M FASTST   M    M   5    MAX(MPH)
                                 MISC ---->     M   M                  M    M
================================================================================
NOTES:
# LAST OF SEVERAL OCCURRENCES

COLUMN 17 PEAK WIND IN M.P.H.

PRELIMINARY LOCAL CLIMATOLOGICAL DATA (WS FORM: F-6) , PAGE 2

                                          STATION:  BALTIMORE INNER HARBOR MD
                                          MONTH:    NOVEMBER
                                          YEAR:     2014
                                          LATITUDE:   39 16 N
                                          LONGITUDE:  76 37 W

[TEMPERATURE DATA]      [PRECIPITATION DATA]       SYMBOLS USED IN COLUMN 16

AVERAGE MONTHLY: 45.3   TOTAL FOR MONTH:   3.40    1 = FOG OR MIST
DPTR FM NORMAL:  -5.0   DPTR FM NORMAL:    0.43    2 = FOG REDUCING VISIBILITY
HIGHEST:    71 ON 24    GRTST 24HR  1.15 ON 26-26      TO 1/4 MILE OR LESS
LOWEST:     21 ON 19                               3 = THUNDER
                        SNOW, ICE PELLETS, HAIL    4 = ICE PELLETS
                        TOTAL MONTH:    M          5 = HAIL
                        GRTST 24HR    M  ON   M    6 = FREEZING RAIN OR DRIZZLE
                        GRTST DEPTH:  M  ON   M    7 = DUSTSTORM OR SANDSTORM:
                                                       VSBY 1/2 MILE OR LESS
                                                   8 = SMOKE OR HAZE
[NO. OF DAYS WITH]      [WEATHER - DAYS WITH]      9 = BLOWING SNOW
                                                   X = TORNADO
MAX 32 OR BELOW:   0    0.01 INCH OR MORE:   9
MAX 90 OR ABOVE:   0    0.10 INCH OR MORE:   4
MIN 32 OR BELOW:   8    0.50 INCH OR MORE:   3
MIN  0 OR BELOW:   0    1.00 INCH OR MORE:   1

[HDD (BASE 65) ]
TOTAL THIS MO.   584    CLEAR  (SCALE 0-3)   0
DPTR FM NORMAL   142    PTCLDY (SCALE 4-7)   0
TOTAL FM JUL 1   735    CLOUDY (SCALE 8-10)  0
DPTR FM NORMAL    84

[CDD (BASE 65) ]
TOTAL THIS MO.     0
DPTR FM NORMAL    -1    [PRESSURE DATA]
TOTAL FM JAN 1  1456    HIGHEST SLP M ON M
DPTR FM NORMAL  -209    LOWEST  SLP 29.56 ON 17

[REMARKS]
#FINAL-11-14#




U.S. Dept. of Commerce
NOAA National Weather Service
1325 East West Highway
Silver Spring, MD 20910
E-mail: w-nws.webmaster@noaa.gov
Page last modified: May 16, 2007
NATIONAL WEATHER SERVICE: for Safety, for Work, for Fun - FOR LIFE