661
CXUS56 KTFX 011441
CF6DLN
PRELIMINARY LOCAL CLIMATOLOGICAL DATA (WS FORM: F-6)

                                          STATION:   DILLON AIRPORT MT
                                          MONTH:     NOVEMBER
                                          YEAR:      2014
                                          LATITUDE:   45 15 N
                                          LONGITUDE: 112 33 W

  TEMPERATURE IN F:       :PCPN:    SNOW:  WIND      :SUNSHINE: SKY     :PK WND
================================================================================
1   2   3   4   5  6A  6B    7    8   9   10  11  12  13   14  15   16   17  18
                                     12Z  AVG MX 2MIN
DY MAX MIN AVG DEP HDD CDD  WTR  SNW DPTH SPD SPD DIR MIN PSBL S-S WX    SPD DR
================================================================================

 1  61  36  49  11  16   0 0.02    M    0  9.4 36 160   M    M   3        53 160
 2  46  28  37   0  28   0    T    M    0 12.3 23 230   M    M   7        29 250
 3  48  17  33  -4  32   0 0.00    M    0  8.1 16 210   M    M   2        20 200
 4  51  29  40   4  25   0    T    M    0 16.9 28 230   M    M   2        35 230
 5  56  36  46  10  19   0    T    M    0 15.1 25 210   M    M   2        35 230
 6  61  33  47  12  18   0 0.00    M    0  8.8 17 180   M    M   1        23 180
 7  55  27  41   6  24   0 0.00    M    0  7.3 22 240   M    M   3        26 270
 8  61  26  44  10  21   0 0.00    M    0 12.2 23 240   M    M   0        28 230
 9  65  26  46  12  19   0 0.01    M    0 19.3 41 250   M    M   5        55 240
10  26   7  17 -16  48   0 0.03    M    1 13.8 32  50   M    M  10 1      39  50
11   7 -10  -1 -34  66   0    T    M    1 13.1 23  40   M    M   5 1      29  40
12   5 -15  -5 -37  70   0    T    M    1  4.1  9 130   M    M   4 18     11 190
13  12 -15  -1 -33  66   0 0.02    M    1  3.5 10 200   M    M   3 1      12 200
14  12   4   8 -23  57   0 0.10    M    2 11.9 24  50   M    M  10 18     27  40
15   6 -13  -3 -34  68   0    T    M    3  6.0 13 210   M    M   4 1      15 210
16  17 -13   2 -28  63   0 0.00    M    3  5.2 14 220   M    M   3        15 230
17  22  -3  10 -20  55   0 0.00    M    1  7.1 16 220   M    M   0        20 230
18  30  11  21  -8  44   0 0.00    M    1  9.2 21 220   M    M   1        26 220
19  37  16  27  -2  38   0 0.00    M    1  6.0 14 210   M    M   5        17 200
20  38  25  32   4  33   0 0.00    M    1 11.3 21 210   M    M   5        23 210
21  40  25  33   5  32   0 0.00    M    T 10.8 21 220   M    M   M        25 220
22  43  24  34   7  31   0 0.05    M    0 14.7 33 280   M    M   5 1      41 280
23  38  24  31   4  34   0    T    M    0 13.8 30 230   M    M   7        36 230
24  38  24  31   5  34   0 0.00    M    0 13.8 30 240   M    M   3        35 230
25  44  30  37  11  28   0 0.05    M    0 12.5 26 250   M    M   7 1      32 230
26  52  27  40  15  25   0    T    M    0 11.8 28 240   M    M   4 1      39 240
27  59  33  46  21  19   0    T    M    0 13.1 28 230   M    M   4        36 220
28  55  35  45  21  20   0 0.00    M    0 16.8 37 230   M    M   2        47 220
29  50   0  25   1  40   0 0.14    M    0 17.3 39 220   M    M   6 128    52 220
30  13 -16  -1 -24  66   0    T    M    3  2.5 13  60   M    M   1 18     15  60
================================================================================
SM 1148  458      1139   0  0.42    M    327.7          M      114
================================================================================
AV 38.3 15.3                              10.9 FASTST   M    M   4    MAX(MPH)
                                 MISC ---->  # 41 250               # 55  240
================================================================================
NOTES:
# LAST OF SEVERAL OCCURRENCES

COLUMN 17 PEAK WIND IN M.P.H.

PRELIMINARY LOCAL CLIMATOLOGICAL DATA (WS FORM: F-6) , PAGE 2

                                          STATION:  DILLON AIRPORT MT
                                          MONTH:    NOVEMBER
                                          YEAR:     2014
                                          LATITUDE:   45 15 N
                                          LONGITUDE: 112 33 W

[TEMPERATURE DATA]      [PRECIPITATION DATA]       SYMBOLS USED IN COLUMN 16

AVERAGE MONTHLY: 26.8   TOTAL FOR MONTH:   0.42    1 = FOG OR MIST
DPTR FM NORMAL:  -3.7   DPTR FM NORMAL:    0.05    2 = FOG REDUCING VISIBILITY
HIGHEST:    65 ON  9    GRTST 24HR  0.14 ON 29-29      TO 1/4 MILE OR LESS
LOWEST:    -16 ON 30                               3 = THUNDER
                        SNOW, ICE PELLETS, HAIL    4 = ICE PELLETS
                        TOTAL MONTH:    M          5 = HAIL
                        GRTST 24HR    M  ON   M    6 = FREEZING RAIN OR DRIZZLE
                        GRTST DEPTH:   3 ON 30,16  7 = DUSTSTORM OR SANDSTORM:
                                                       VSBY 1/2 MILE OR LESS
                                                   8 = SMOKE OR HAZE
[NO. OF DAYS WITH]      [WEATHER - DAYS WITH]      9 = BLOWING SNOW
                                                   X = TORNADO
MAX 32 OR BELOW:  10    0.01 INCH OR MORE:   8
MAX 90 OR ABOVE:   0    0.10 INCH OR MORE:   2
MIN 32 OR BELOW:  25    0.50 INCH OR MORE:   0
MIN  0 OR BELOW:   8    1.00 INCH OR MORE:   0

[HDD (BASE 65) ]
TOTAL THIS MO.  1139    CLEAR  (SCALE 0-3)  12
DPTR FM NORMAL   104    PTCLDY (SCALE 4-7)  15
TOTAL FM JUL 1  1974    CLOUDY (SCALE 8-10)  2
DPTR FM NORMAL  -177

[CDD (BASE 65) ]
TOTAL THIS MO.     0
DPTR FM NORMAL     0    [PRESSURE DATA]
TOTAL FM JAN 1   170    HIGHEST SLP 30.82 ON 12
DPTR FM NORMAL    14    LOWEST  SLP 29.26 ON 29

[REMARKS]
#FINAL-11-14#




U.S. Dept. of Commerce
NOAA National Weather Service
1325 East West Highway
Silver Spring, MD 20910
E-mail: w-nws.webmaster@noaa.gov
Page last modified: May 16, 2007
NATIONAL WEATHER SERVICE: for Safety, for Work, for Fun - FOR LIFE