961
CXUS56 KTFX 011205
CF6DLN
PRELIMINARY LOCAL CLIMATOLOGICAL DATA (WS FORM: F-6)

                                          STATION:   DILLON AIRPORT MT
                                          MONTH:     JULY
                                          YEAR:      2014
                                          LATITUDE:   45 15 N
                                          LONGITUDE: 112 33 W

  TEMPERATURE IN F:       :PCPN:    SNOW:  WIND      :SUNSHINE: SKY     :PK WND
================================================================================
1   2   3   4   5  6A  6B    7    8   9   10  11  12  13   14  15   16   17  18
                                     12Z  AVG MX 2MIN
DY MAX MIN AVG DEP HDD CDD  WTR  SNW DPTH SPD SPD DIR MIN PSBL S-S WX    SPD DR
================================================================================

 1  77  41  59  -4   6   0 0.00    M    0  7.4 16  30   M    M   0        18  30
 2  89  47  68   5   0   3 0.00    M    0  6.0 16 160   M    M   0        20 150
 3  89  53  71   7   0   6 0.00    M    0  8.7 35 290   M    M   0 3      47 160
 4  91  53  72   8   0   7 0.00    M    0  7.8 26 130   M    M   0 3      30 130
 5  86  53  70   6   0   5 0.00    M    0  7.8 16 270   M    M   0        21 300
 6  89  49  69   5   0   4 0.00    M    0  7.4 16 280   M    M   0        23 350
 7  84  52  68   4   0   3 0.00    M    0  7.4 17  30   M    M   0        20  30
 8  90  50  70   5   0   5 0.00    M    0  7.0 16  20   M    M   0        18  30
 9  88  51  70   5   0   5 0.00    M    0  6.9 23 290   M    M   2        28 310
10  89  55  72   7   0   7 0.00    M    0  4.6 16 210   M    M   2        21 210
11  88  54  71   6   0   6 0.42    M    0 10.1 24 200   M    M   2 13     30 200
12  81  57  69   3   0   4 0.02    M    0  4.1 18 340   M    M   2        23 330
13  89  53  71   5   0   6 0.00    M    0  6.3 20  40   M    M   M        23  40
14  77  58  68   2   0   3 0.05    M    0  8.1 18  40   M    M   1        22  30
15  79  52  66   0   0   1 0.06    M    0  6.7 24  60   M    M   4 1      29  60
16  83  45  64  -2   1   0 0.00    M    0  5.3 14  50   M    M   0        19  40
17  88  50  69   3   0   4 0.00    M    0  8.2 24 230   M    M   0        31 230
18  86  52  69   3   0   4 0.00    M    0  8.9 17 280   M    M   0        26 360
19  83  52  68   1   0   3 0.00    M    0 11.1 23 280   M    M   0 8      33 290
20  86  55  71   4   0   6 0.00    M    0 11.2 22 250   M    M   0        27 250
21  77  58  68   1   0   3 0.08    M    0  8.6 22 230   M    M   5 18     27 230
22  86  54  70   3   0   5    T    M    0  5.8 22 190   M    M   1 3      29 170
23  89  53  71   4   0   6 0.00    M    0  6.6 23 260   M    M   0        34 250
24  78  51  65  -2   0   0 0.00    M    0 11.2 35 270   M    M   0        49 270
25  79  39  59  -8   6   0 0.00    M    0  8.4 21 280   M    M   0        25 280
26  85  39  62  -5   3   0 0.00    M    0  4.7 12  40   M    M   0        17  70
27  90  44  67   0   0   2 0.00    M    0  5.6 13  30   M    M   0        16  40
28  83  51  67   0   0   2 0.00    M    0  6.7 16 150   M    M   1        20 150
29  87  53  70   3   0   5 0.00    M    0  7.7 28 330   M    M   0        34 340
30  86  50  68   1   0   3 0.00    M    0  9.0 31 340   M    M   0 38     40 330
31  86  51  69   2   0   4 0.00    M    0  7.0 24 360   M    M   0        29 360
================================================================================
SM 2638 1575        16 112  0.63    M    232.3          M       20
================================================================================
AV 85.1 50.8                               7.5 FASTST   M    M   1    MAX(MPH)
                                 MISC ---->  # 35 290               # 49  270
================================================================================
NOTES:
# LAST OF SEVERAL OCCURRENCES

COLUMN 17 PEAK WIND IN M.P.H.

PRELIMINARY LOCAL CLIMATOLOGICAL DATA (WS FORM: F-6) , PAGE 2

                                          STATION:  DILLON AIRPORT MT
                                          MONTH:    JULY
                                          YEAR:     2014
                                          LATITUDE:   45 15 N
                                          LONGITUDE: 112 33 W

[TEMPERATURE DATA]      [PRECIPITATION DATA]       SYMBOLS USED IN COLUMN 16

AVERAGE MONTHLY: 68.0   TOTAL FOR MONTH:   0.63    1 = FOG OR MIST
DPTR FM NORMAL:   2.3   DPTR FM NORMAL:   -0.58    2 = FOG REDUCING VISIBILITY
HIGHEST:    91 ON  4    GRTST 24HR  0.42 ON 11-11      TO 1/4 MILE OR LESS
LOWEST:     39 ON 26,25                            3 = THUNDER
                        SNOW, ICE PELLETS, HAIL    4 = ICE PELLETS
                        TOTAL MONTH:    M          5 = HAIL
                        GRTST 24HR    M  ON   M    6 = FREEZING RAIN OR DRIZZLE
                        GRTST DEPTH:   0           7 = DUSTSTORM OR SANDSTORM:
                                                       VSBY 1/2 MILE OR LESS
                                                   8 = SMOKE OR HAZE
[NO. OF DAYS WITH]      [WEATHER - DAYS WITH]      9 = BLOWING SNOW
                                                   X = TORNADO
MAX 32 OR BELOW:   0    0.01 INCH OR MORE:   5
MAX 90 OR ABOVE:   3    0.10 INCH OR MORE:   1
MIN 32 OR BELOW:   0    0.50 INCH OR MORE:   0
MIN  0 OR BELOW:   0    1.00 INCH OR MORE:   0

[HDD (BASE 65) ]
TOTAL THIS MO.    16    CLEAR  (SCALE 0-3)  28
DPTR FM NORMAL   -39    PTCLDY (SCALE 4-7)   2
TOTAL FM JUL 1    16    CLOUDY (SCALE 8-10)  0
DPTR FM NORMAL   -39

[CDD (BASE 65) ]
TOTAL THIS MO.   112
DPTR FM NORMAL    35    [PRESSURE DATA]
TOTAL FM JAN 1   112    HIGHEST SLP 30.24 ON 27
DPTR FM NORMAL    18    LOWEST  SLP 29.67 ON 20

[REMARKS]
#FINAL-07-14#




U.S. Dept. of Commerce
NOAA National Weather Service
1325 East West Highway
Silver Spring, MD 20910
E-mail: w-nws.webmaster@noaa.gov
Page last modified: May 16, 2007
NATIONAL WEATHER SERVICE: for Safety, for Work, for Fun - FOR LIFE