778
CXUS53 KDLH 310622
CF6DLH
PRELIMINARY LOCAL CLIMATOLOGICAL DATA (WS FORM: F-6)

                                          STATION:   DULUTH MN
                                          MONTH:     JULY
                                          YEAR:      2014
                                          LATITUDE:   46 49 N
                                          LONGITUDE:  92 11 W

  TEMPERATURE IN F:       :PCPN:    SNOW:  WIND      :SUNSHINE: SKY     :PK WND
================================================================================
1   2   3   4   5  6A  6B    7    8   9   10  11  12  13   14  15   16   17  18
                                     12Z  AVG MX 2MIN
DY MAX MIN AVG DEP HDD CDD  WTR  SNW DPTH SPD SPD DIR MIN PSBL S-S WX    SPD DR
================================================================================

 1  71  54  63  -1   2   0 0.01  0.0    0 14.6 21 310   M    M   8 1      28 270
 2  72  53  63  -1   2   0    T  0.0    0  9.1 20 310   M    M   4 8      26 300
 3  75  51  63  -2   2   0 0.00  0.0    0  4.6 13  10   M    M   2        16  10
 4  78  52  65   0   0   0    T  0.0    0  9.7 22 200   M    M   4 3      29 230
 5  82  63  73   8   0   8    T  0.0    0 14.2 24 220   M    M   5 8      30 210
 6  83  64  74   9   0   9 0.86  0.0    0 11.8 23 240   M    M   4 138    40 310
 7  82  62  72   7   0   7 0.60  0.0    0  8.4 17 270   M    M   3 38     23 280
 8  69  54  62  -3   3   0 0.07  0.0    0  8.8 20 340   M    M   8 138    32 350
 9  73  51  62  -4   3   0 0.00  0.0    0  5.2 15 350   M    M   3        21 360
10  78  54  66   0   0   1 0.00  0.0    0  6.9 16 200   M    M   3        23 170
11  74  62  68   2   0   3 0.65  0.0    0 10.4 22 180   M    M   9 138    28 190
12  74  58  66   0   0   1 0.02  0.0    0  7.0 21 330   M    M   2 12     27 320
13  72  50  61  -5   4   0    T  0.0    0 11.7 26 270   M    M   4        33 270
14  62  50  56 -10   9   0 0.25  0.0    0 10.7 17 340   M    M   7 18     24 340
15  71  51  61  -5   4   0 0.00  0.0    0  9.7 18 330   M    M   6        25 330
16  75  45  60  -6   5   0 0.00  0.0    0  5.0 12 260   M    M   2        16 270
17  77  55  66   0   0   1 0.00  0.0    0  7.2 15 230   M    M   2        20 240
18  77  59  68   2   0   3 0.00  0.0    0 11.3 22 210   M    M   2        30 210
19  77  64  71   5   0   6 0.00  0.0    0 11.9 20 230   M    M   7        25 220
20  85  64  75   9   0  10 0.00  0.0    0 12.9 25 220   M    M   4        35 220
21  88  72  80  14   0  15    T  0.0    0 10.6 18 200   M    M   3 8      25 190
22  79  60  70   4   0   5 0.31  0.0    0 12.3 37 300   M    M   5 13     50 300
23  76  56  66   0   0   1 0.00  0.0    0  5.7 15 350   M    M   2        20  30
24  78  54  66   0   0   1    T  0.0    0  5.4 15 220   M    M   4        19 220
25  70  61  66   0   0   1    T  0.0    0  7.6 12 220   M    M   9        15 200
26  85  61  73   7   0   8    T  0.0    0  9.4 18 300   M    M   3 1      24 300
27  64  56  60  -6   5   0 0.26  0.0    0  7.9 20 150   M    M   8 128    24  70
28  75  56  66   0   0   1 0.00  0.0    0  8.2 17 300   M    M   5        23 310
29  78  53  66   0   0   1 0.39  0.0    0  9.2 24  20   M    M   3 13     33  30
30  79  49  64  -2   1   0 0.00  0.0    0  6.7 18 300   M    M   2 12     26 300
================================================================================
SM 2279 1694        40  82  3.42     0.0 274.1          M      133
================================================================================
AV 76.0 56.5                               9.1 FASTST   M    M   4    MAX(MPH)
                                 MISC ---->  # 37 300               # 50  300
================================================================================
NOTES:
# LAST OF SEVERAL OCCURRENCES

COLUMN 17 PEAK WIND IN M.P.H.

PRELIMINARY LOCAL CLIMATOLOGICAL DATA (WS FORM: F-6) , PAGE 2

                                          STATION:  DULUTH MN
                                          MONTH:    JULY
                                          YEAR:     2014
                                          LATITUDE:   46 49 N
                                          LONGITUDE:  92 11 W

[TEMPERATURE DATA]      [PRECIPITATION DATA]       SYMBOLS USED IN COLUMN 16

AVERAGE MONTHLY: 66.2   TOTAL FOR MONTH:   3.42    1 = FOG OR MIST
DPTR FM NORMAL:   0.6   DPTR FM NORMAL:   -0.31    2 = FOG REDUCING VISIBILITY
HIGHEST:    88 ON 21    GRTST 24HR  0.86 ON  6- 6      TO 1/4 MILE OR LESS
LOWEST:     45 ON 16                               3 = THUNDER
                        SNOW, ICE PELLETS, HAIL    4 = ICE PELLETS
                        TOTAL MONTH:   0.0 INCH    5 = HAIL
                        GRTST 24HR     0.0         6 = FREEZING RAIN OR DRIZZLE
                        GRTST DEPTH:   0           7 = DUSTSTORM OR SANDSTORM:
                                                       VSBY 1/2 MILE OR LESS
                                                   8 = SMOKE OR HAZE
[NO. OF DAYS WITH]      [WEATHER - DAYS WITH]      9 = BLOWING SNOW
                                                   X = TORNADO
MAX 32 OR BELOW:   0    0.01 INCH OR MORE:  10
MAX 90 OR ABOVE:   0    0.10 INCH OR MORE:   7
MIN 32 OR BELOW:   0    0.50 INCH OR MORE:   3
MIN  0 OR BELOW:   0    1.00 INCH OR MORE:   0

[HDD (BASE 65) ]
TOTAL THIS MO.    40    CLEAR  (SCALE 0-3)   9
DPTR FM NORMAL   -26    PTCLDY (SCALE 4-7)  19
TOTAL FM JUL 1    40    CLOUDY (SCALE 8-10)  2
DPTR FM NORMAL   -26

[CDD (BASE 65) ]
TOTAL THIS MO.    82
DPTR FM NORMAL    -5    [PRESSURE DATA]
TOTAL FM JAN 1   129    HIGHEST SLP M ON M
DPTR FM NORMAL     8    LOWEST  SLP 28.52 ON 30

[REMARKS]




U.S. Dept. of Commerce
NOAA National Weather Service
1325 East West Highway
Silver Spring, MD 20910
E-mail: w-nws.webmaster@noaa.gov
Page last modified: May 16, 2007
NATIONAL WEATHER SERVICE: for Safety, for Work, for Fun - FOR LIFE