597
CXUS53 KDLH 010623
CF6DLH
PRELIMINARY LOCAL CLIMATOLOGICAL DATA (WS FORM: F-6)

                                          STATION:   DULUTH MN
                                          MONTH:     AUGUST
                                          YEAR:      2014
                                          LATITUDE:   46 49 N
                                          LONGITUDE:  92 11 W

  TEMPERATURE IN F:       :PCPN:    SNOW:  WIND      :SUNSHINE: SKY     :PK WND
================================================================================
1   2   3   4   5  6A  6B    7    8   9   10  11  12  13   14  15   16   17  18
                                     12Z  AVG MX 2MIN
DY MAX MIN AVG DEP HDD CDD  WTR  SNW DPTH SPD SPD DIR MIN PSBL S-S WX    SPD DR
================================================================================

 1  77  54  66   0   0   1 0.01  0.0    0  4.6 12 130   M    M   1 138    14 140
 2  83  54  69   3   0   4 0.00  0.0    0  4.4 12 260   M    M   1 3      14 280
 3  77  60  69   3   0   4    T  0.0    0  3.9 13 120   M    M   4        14 140
 4  71  55  63  -3   2   0 0.00  0.0    0  6.9 16 110   M    M   5        19 130
 5  78  49  64  -2   1   0 0.00  0.0    0  3.3  9 230   M    M   1 1      13 140
 6  74  56  65  -1   0   0 0.00  0.0    0  7.7 14  90   M    M   1        18  90
 7  75  52  64  -2   1   0 0.00  0.0    0  7.3 15 120   M    M   2 128    20 100
 8  80  59  70   4   0   5 0.00  0.0    0  4.8 13 140   M    M   4        16 130
 9  79  56  68   2   0   3 0.00  0.0    0  4.9 12 140   M    M   3 12     15 140
10  77  63  70   5   0   5 0.22  0.0    0  4.4  9 340   M    M   8 1      12 170
11  74  58  66   1   0   1 1.43  0.0    0  8.7 23  30   M    M   8 13     31  20
12  78  54  66   1   0   1 0.03  0.0    0  8.7 17 350   M    M   4 18     23 340
13  74  55  65   0   0   0 0.00  0.0    0  6.5 14 340   M    M   2        19 330
14  72  51  62  -3   3   0 0.00  0.0    0  4.5 13 180   M    M   2 12     16 150
15  82  58  70   5   0   5 0.00  0.0    0  7.6 15 210   M    M   2        18 240
16  73  59  66   1   0   1 0.04  0.0    0 10.3 16  90   M    M   6 1      22 100
17  60  55  58  -6   7   0 0.68  0.0    0 13.7 21 100   M    M   9 18     27 100
18  68  56  62  -2   3   0 0.62  0.0    0  6.1 15 100   M    M  10 123    18 100
19  72  59  66   2   0   1 0.57  0.0    0  5.4 14 360   M    M   9 12     17  10
20  72  59  66   2   0   1 0.00  0.0    0  5.4 10 100   M    M   8 12     14  90
21  67  60  64   0   1   0    T  0.0    0 11.2 20 100   M    M  10 12     26 110
22  67  62  65   1   0   0 0.01  0.0    0  4.6 10  70   M    M  10 128    12  70
23  66  60  63   0   2   0    T  0.0    0  9.7 17  70   M    M   9 12     22  60
24  73  64  69   6   0   4 0.43  0.0    0 10.7 18 160   M    M   9 123    26 100
25  76  57  67   4   0   2    T  0.0    0 13.1 29 250   M    M   5 1      38 250
26  69  50  60  -3   5   0 0.02  0.0    0 10.2 23 290   M    M   5        30 290
27  72  48  60  -2   5   0    T  0.0    0  4.5 12 280   M    M   3        14 260
28  72  52  62   0   3   0    T  0.0    0  5.8 13 110   M    M   3 1      15 170
29  65  60  63   1   2   0 0.56  0.0    0  4.8 14 100   M    M  10 12     17 120
30  68  60  64   2   1   0 0.01  0.0    0  7.3 14 120   M    M   9 1      18 110
31  69  59  64   3   1   0    T  0.0    0  9.8 22 100   M    M   9 138    29 120
================================================================================
SM 2260 1754        37  38  4.63     0.0 220.8          M      172
================================================================================
AV 72.9 56.6                               7.1 FASTST   M    M   6    MAX(MPH)
                                 MISC ---->  # 29 250               # 38  250
================================================================================
NOTES:
# LAST OF SEVERAL OCCURRENCES

COLUMN 17 PEAK WIND IN M.P.H.

PRELIMINARY LOCAL CLIMATOLOGICAL DATA (WS FORM: F-6) , PAGE 2

                                          STATION:  DULUTH MN
                                          MONTH:    AUGUST
                                          YEAR:     2014
                                          LATITUDE:   46 49 N
                                          LONGITUDE:  92 11 W

[TEMPERATURE DATA]      [PRECIPITATION DATA]       SYMBOLS USED IN COLUMN 16

AVERAGE MONTHLY: 64.7   TOTAL FOR MONTH:   4.63    1 = FOG OR MIST
DPTR FM NORMAL:   0.4   DPTR FM NORMAL:    0.93    2 = FOG REDUCING VISIBILITY
HIGHEST:    83 ON  2    GRTST 24HR  1.60 ON 10-11      TO 1/4 MILE OR LESS
LOWEST:     48 ON 27                               3 = THUNDER
                        SNOW, ICE PELLETS, HAIL    4 = ICE PELLETS
                        TOTAL MONTH:   0.0 INCH    5 = HAIL
                        GRTST 24HR     0.0         6 = FREEZING RAIN OR DRIZZLE
                        GRTST DEPTH:   0           7 = DUSTSTORM OR SANDSTORM:
                                                       VSBY 1/2 MILE OR LESS
                                                   8 = SMOKE OR HAZE
[NO. OF DAYS WITH]      [WEATHER - DAYS WITH]      9 = BLOWING SNOW
                                                   X = TORNADO
MAX 32 OR BELOW:   0    0.01 INCH OR MORE:  13
MAX 90 OR ABOVE:   0    0.10 INCH OR MORE:   7
MIN 32 OR BELOW:   0    0.50 INCH OR MORE:   5
MIN  0 OR BELOW:   0    1.00 INCH OR MORE:   1

[HDD (BASE 65) ]
TOTAL THIS MO.    37    CLEAR  (SCALE 0-3)  11
DPTR FM NORMAL   -49    PTCLDY (SCALE 4-7)   8
TOTAL FM JUL 1    77    CLOUDY (SCALE 8-10) 12
DPTR FM NORMAL   -72

[CDD (BASE 65) ]
TOTAL THIS MO.    38
DPTR FM NORMAL   -28    [PRESSURE DATA]
TOTAL FM JAN 1   170    HIGHEST SLP M ON M
DPTR FM NORMAL   -20    LOWEST  SLP 28.23 ON 31

[REMARKS]
#FINAL-08-14#




U.S. Dept. of Commerce
NOAA National Weather Service
1325 East West Highway
Silver Spring, MD 20910
E-mail: w-nws.webmaster@noaa.gov
Page last modified: May 16, 2007
NATIONAL WEATHER SERVICE: for Safety, for Work, for Fun - FOR LIFE