467
CXUS53 KDLH 010624
CF6DLH
PRELIMINARY LOCAL CLIMATOLOGICAL DATA (WS FORM: F-6)

                                          STATION:   DULUTH MN
                                          MONTH:     JANUARY
                                          YEAR:      2015
                                          LATITUDE:   46 49 N
                                          LONGITUDE:  92 11 W

  TEMPERATURE IN F:       :PCPN:    SNOW:  WIND      :SUNSHINE: SKY     :PK WND
================================================================================
1   2   3   4   5  6A  6B    7    8   9   10  11  12  13   14  15   16   17  18
                                     12Z  AVG MX 2MIN
DY MAX MIN AVG DEP HDD CDD  WTR  SNW DPTH SPD SPD DIR MIN PSBL S-S WX    SPD DR
================================================================================

 1  23   2  13   2  52   0 0.02  0.4    5 12.1 23 310   M    M   5 1      30 310
 2  21   1  11   0  54   0    T  0.1    5  6.5 13 190   M    M   9        15 190
 3  26  -1  13   2  52   0 0.02  0.3    5 12.7 29 340   M    M  10 89     38 340
 4  -1 -16  -8 -18  73   0 0.00  0.0    5 15.3 25 340   M    M   3        36 340
 5   1 -18  -8 -18  73   0 0.00  0.0    5 12.8 20 290   M    M   1        26 290
 6   4  -9  -2 -12  67   0    T    T    5 16.2 25 310   M    M   5 89     34 320
 7  -2 -16  -9 -19  74   0    T    T    5 15.8 23 320   M    M   3 8      34 300
 8   5  -4   1  -9  64   0 0.15  2.1    5 14.9 31 320   M    M   8 89     47 340
 9   4 -10  -3 -13  68   0    T    T    7 16.9 25 280   M    M   3 9      32 280
10  13  -9   2  -8  63   0 0.00  0.0    6  8.0 15 240   M    M   1        20 240
11   8  -4   2  -8  63   0 0.00  0.0    6  7.9 13 320   M    M   5        18 310
12   4 -16  -6 -16  71   0 0.00  0.0    6  7.0 15 330   M    M   0        21 330
13  12 -14  -1 -11  66   0    T    T    6 12.0 22 210   M    M   3        29 220
14  21  11  16   6  49   0 0.01  0.3    6  9.3 17 240   M    M   8 8      25 230
15  34  14  24  14  41   0 0.01  0.2    7 13.4 26 310   M    M   6 18     36 310
16  20   6  13   3  52   0    T  0.4    7 12.3 21 130   M    M   8 8      26 100
17  33  20  27  17  38   0 0.09  1.0    7 11.6 23 300   M    M  10 18     32 290
18  32  16  24  14  41   0    T    T    7 10.3 22 310   M    M   9 6      32 310
19  25  18  22  12  43   0    T    T    7 11.3 18 100   M    M  10 1      22 100
20  25  23  24  14  41   0    T    T    7  7.6 17 100   M    M   8 1      22  90
21  27  20  24  14  41   0    T    T    7  6.9 15 310   M    M  10 18     21 320
22  28  16  22  12  43   0    T    T    7 14.8 28 230   M    M   8 1      34 230
23  40  28  34  24  31   0 0.01  0.0    7 15.5 29 230   M    M   7 6      36 240
24  37  21  29  19  36   0    T    T    6 11.8 24  90   M    M  10 1      31  90
25  21  17  19   9  46   0    T  0.4    6  9.9 20  70   M    M  10        25  70
26  31  19  25  15  40   0 0.15  1.4    7  8.4 16 350   M    M  10 146    21 200
27  28  25  27  17  38   0    T    T    7  5.8 13 180   M    M  10        15 180
28  29  23  26  15  39   0    T  0.0    7  8.9 14 150   M    M   9 168    18 150
29  30   5  18   7  47   0    T    T    7 14.0 25 330   M    M   9 16     39 320
30  18  -1   9  -2  56   0    T    T    7  6.3 14 180   M    M   7        17 320
31  21   1  11   0  54   0    T    T    7  9.6 16  10   M    M   5 8      22 340
================================================================================
SM  618  168      1616   0  0.46     6.6 345.8          M      210
================================================================================
AV 19.9  5.4                              11.2 FASTST   M    M   7    MAX(MPH)
                                 MISC ---->  # 31 320               # 47  340
================================================================================
NOTES:
# LAST OF SEVERAL OCCURRENCES

COLUMN 17 PEAK WIND IN M.P.H.

PRELIMINARY LOCAL CLIMATOLOGICAL DATA (WS FORM: F-6) , PAGE 2

                                          STATION:  DULUTH MN
                                          MONTH:    JANUARY
                                          YEAR:     2015
                                          LATITUDE:   46 49 N
                                          LONGITUDE:  92 11 W

[TEMPERATURE DATA]      [PRECIPITATION DATA]       SYMBOLS USED IN COLUMN 16

AVERAGE MONTHLY: 12.7   TOTAL FOR MONTH:   0.46    1 = FOG OR MIST
DPTR FM NORMAL:   2.5   DPTR FM NORMAL:   -0.50    2 = FOG REDUCING VISIBILITY
HIGHEST:    40 ON 23    GRTST 24HR  0.15 ON 26-26      TO 1/4 MILE OR LESS
LOWEST:    -18 ON  5                               3 = THUNDER
                        SNOW, ICE PELLETS, HAIL    4 = ICE PELLETS
                        TOTAL MONTH:   6.6 INCHES  5 = HAIL
                        GRTST 24HR   2.1 ON   M    6 = FREEZING RAIN OR DRIZZLE
                        GRTST DEPTH:   7 ON 31,30  7 = DUSTSTORM OR SANDSTORM:
                                                       VSBY 1/2 MILE OR LESS
                                                   8 = SMOKE OR HAZE
[NO. OF DAYS WITH]      [WEATHER - DAYS WITH]      9 = BLOWING SNOW
                                                   X = TORNADO
MAX 32 OR BELOW:  27    0.01 INCH OR MORE:   8
MAX 90 OR ABOVE:   0    0.10 INCH OR MORE:   2
MIN 32 OR BELOW:  31    0.50 INCH OR MORE:   0
MIN  0 OR BELOW:  12    1.00 INCH OR MORE:   0

[HDD (BASE 65) ]
TOTAL THIS MO.  1616    CLEAR  (SCALE 0-3)   7
DPTR FM NORMAL   -83    PTCLDY (SCALE 4-7)  10
TOTAL FM JUL 1  5172    CLOUDY (SCALE 8-10) 14
DPTR FM NORMAL  -296

[CDD (BASE 65) ]
TOTAL THIS MO.     0
DPTR FM NORMAL     0    [PRESSURE DATA]
TOTAL FM JAN 1     0    HIGHEST SLP M ON M
DPTR FM NORMAL     0    LOWEST  SLP 28.71 ON 31

[REMARKS]
#FINAL-01-15#




U.S. Dept. of Commerce
NOAA National Weather Service
1325 East West Highway
Silver Spring, MD 20910
E-mail: w-nws.webmaster@noaa.gov
Page last modified: May 16, 2007
NATIONAL WEATHER SERVICE: for Safety, for Work, for Fun - FOR LIFE