491
CXUS53 KBIS 180839
CF6DIK
PRELIMINARY LOCAL CLIMATOLOGICAL DATA (WS FORM: F-6)

                                          STATION:   DICKINSON ND
                                          MONTH:     APRIL
                                          YEAR:      2014
                                          LATITUDE:   46 47 N
                                          LONGITUDE: 102 48 W

  TEMPERATURE IN F:       :PCPN:    SNOW:  WIND      :SUNSHINE: SKY     :PK WND
================================================================================
1   2   3   4   5  6A  6B    7    8   9   10  11  12  13   14  15   16   17  18
                                     12Z  AVG MX 2MIN
DY MAX MIN AVG DEP HDD CDD  WTR  SNW DPTH SPD SPD DIR MIN PSBL S-S WX    SPD DR
================================================================================

 1  19  -9   5 -31  60   0 0.00    M    M  6.3 14 130   M    M   1 1      15 110
 2  26  19  23 -14  42   0 0.03    M    M 15.5 24 120   M    M  10 1      28 120
 3  33  18  26 -11  39   0    T    M    M 10.1 22 320   M    M   9 12     25 320
 4  35   9  22 -16  43   0 0.00    M    M 12.1 23 180   M    M   4 128    27 180
 5  45  22  34  -4  31   0 0.00    M    M  9.5 17 190   M    M   1        20 190
 6  49  31  40   2  25   0    T    M    M  8.5 20 230   M    M   3        23 230
 7  50  28  39   0  26   0    T    M    M 11.5 28 330   M    M   5        34 340
 8  64  28  46   7  19   0 0.00    M    M 11.0 23 250   M    M   1 8      28 250
 9  70  30  50  10  15   0 0.00    M    M 15.7 40 310   M    M   1        49 300
10  61  27  44   4  21   0 0.00    M    M  9.8 28 280   M    M   5        35 280
11  60  29  45   4  20   0 0.00    M    M   M  26 110   M    M   M        35 100
12  50  25  38  -3  27   0 0.00    M    M 20.4 24 330   M    M   7        33 330
13  39  21  30 -11  35   0    T    M    M   M   M   M   M    M   M         M  M
14  36  18  27 -15  38   0 0.01    M    M 11.8 25 320   M    M   2 18     31 330
15  53  19  36  -6  29   0 0.00    M    M 17.5 29 160   M    M   5        32 170
16  30  22  26 -17  39   0 0.00    M    M 10.5 20  90   M    M   9        24  80
17  45  26  36  -7  29   0 0.00    M    M 16.1 24 150   M    M   8        29 160
================================================================================
SM  765  363       538   0  0.04    M    186.3          M       71
================================================================================
AV 45.0 21.4                              12.4 FASTST   M    M   5    MAX(MPH)
                                 MISC ---->  # 40 310               # 49  300
================================================================================
NOTES:
# LAST OF SEVERAL OCCURRENCES

COLUMN 17 PEAK WIND IN M.P.H.

PRELIMINARY LOCAL CLIMATOLOGICAL DATA (WS FORM: F-6) , PAGE 2

                                          STATION:  DICKINSON ND
                                          MONTH:    APRIL
                                          YEAR:     2014
                                          LATITUDE:   46 47 N
                                          LONGITUDE: 102 48 W

[TEMPERATURE DATA]      [PRECIPITATION DATA]       SYMBOLS USED IN COLUMN 16

AVERAGE MONTHLY: 33.2   TOTAL FOR MONTH:   0.04    1 = FOG OR MIST
DPTR FM NORMAL:  -6.5   DPTR FM NORMAL:   -0.68    2 = FOG REDUCING VISIBILITY
HIGHEST:    70 ON  9    GRTST 24HR  0.03 ON  2- 2      TO 1/4 MILE OR LESS
LOWEST:     -9 ON  1                               3 = THUNDER
                        SNOW, ICE PELLETS, HAIL    4 = ICE PELLETS
                        TOTAL MONTH:    M          5 = HAIL
                        GRTST 24HR    M  ON   M    6 = FREEZING RAIN OR DRIZZLE
                        GRTST DEPTH:  M  ON   M    7 = DUSTSTORM OR SANDSTORM:
                                                       VSBY 1/2 MILE OR LESS
                                                   8 = SMOKE OR HAZE
[NO. OF DAYS WITH]      [WEATHER - DAYS WITH]      9 = BLOWING SNOW
                                                   X = TORNADO
MAX 32 OR BELOW:   3    0.01 INCH OR MORE:   2
MAX 90 OR ABOVE:   0    0.10 INCH OR MORE:   0
MIN 32 OR BELOW:  17    0.50 INCH OR MORE:   0
MIN  0 OR BELOW:   1    1.00 INCH OR MORE:   0

[HDD (BASE 65) ]
TOTAL THIS MO.   538    CLEAR  (SCALE 0-3)   6
DPTR FM NORMAL   109    PTCLDY (SCALE 4-7)   6
TOTAL FM JUL 1  8376    CLOUDY (SCALE 8-10)  3
DPTR FM NORMAL   567

[CDD (BASE 65) ]
TOTAL THIS MO.     0
DPTR FM NORMAL     0    [PRESSURE DATA]
TOTAL FM JAN 1     0    HIGHEST SLP M ON M
DPTR FM NORMAL     0    LOWEST  SLP 29.51 ON  9

[REMARKS]




U.S. Dept. of Commerce
NOAA National Weather Service
1325 East West Highway
Silver Spring, MD 20910
E-mail: w-nws.webmaster@noaa.gov
Page last modified: May 16, 2007
NATIONAL WEATHER SERVICE: for Safety, for Work, for Fun - FOR LIFE