273
CXUS53 KBIS 010726
CF6DIK
PRELIMINARY LOCAL CLIMATOLOGICAL DATA (WS FORM: F-6)

                                          STATION:   DICKINSON ND
                                          MONTH:     AUGUST
                                          YEAR:      2014
                                          LATITUDE:   46 47 N
                                          LONGITUDE: 102 48 W

  TEMPERATURE IN F:       :PCPN:    SNOW:  WIND      :SUNSHINE: SKY     :PK WND
================================================================================
1   2   3   4   5  6A  6B    7    8   9   10  11  12  13   14  15   16   17  18
                                     12Z  AVG MX 2MIN
DY MAX MIN AVG DEP HDD CDD  WTR  SNW DPTH SPD SPD DIR MIN PSBL S-S WX    SPD DR
================================================================================

 1  86  56  71   0   0   6 0.00    M    M  9.0 21  40   M    M   1        25  40
 2  85  54  70  -1   0   5 0.00    M    M  6.2 16 320   M    M   1        20 330
 3  76  58  67  -4   0   2 0.42    M    M  9.3 17 110   M    M   5 123    21 110
 4  71  60  66  -5   0   1 1.28    M    M 12.0 21 150   M    M   7 13     26 140
 5  71  59  65  -6   0   0 0.25    M    M  8.6 15 140   M    M   9 1      18 130
 6  69  59  64  -6   1   0 0.53    M    M 10.4 17 150   M    M   8 1      21 170
 7  79  61  70   0   0   5 0.00    M    M  9.4 17 180   M    M   5 1      20 180
 8  81  57  69  -1   0   4 0.00    M    M  9.7 18 160   M    M   1 1      23 160
 9  81  57  69  -1   0   4    T    M    M  6.7 15 360   M    M   4 12     20  10
10  77  51  64  -6   1   0 0.00    M    M  6.9 15 350   M    M   0        19 310
11  80  51  66  -4   0   1 0.00    M    M  5.9 14 140   M    M   0        18 140
12  88  54  71   1   0   6 0.00    M    M 11.9 20 150   M    M   0        24 160
13  88  61  75   5   0  10 0.00    M    M 12.7 24 150   M    M   1        28 140
14  90  65  78   9   0  13 0.00    M    M 10.5 30 220   M    M   1 3      38 220
15  71  65  68  -1   0   3 1.85    M    M  6.5 16 300   M    M   8 13     20 310
16  83  61  72   3   0   7 0.05    M    M  9.8 21 290   M    M   3 12     27 340
17  83  59  71   2   0   6 0.00    M    M  8.6 23 270   M    M   3 12     29 260
18  79  58  69   1   0   4 0.00    M    M 10.4 20 320   M    M   3        25 290
19  87  56  72   4   0   7 0.00    M    M  7.1 15 170   M    M   0 1      20 170
20  75  58  67  -1   0   2 0.16    M    M  7.8 15 210   M    M   4 13     19 200
21  79  54  67  -1   0   2 0.29    M    M  7.9 21 330   M    M   3 18     27 330
22  71  62  67   0   0   2 0.29    M    M  8.8 18  80   M    M  10 1      22  70
23  62  57  60  -7   5   0 1.03    M    M 15.0 24  80   M    M  10 1      31  80
24  62  50  56 -11   9   0 0.10    M    M 16.8 29 270   M    M  10 1      35 260
25  58  43  51 -15  14   0 0.00    M    M 13.4 30 270   M    M   7 1      39 270
26  65  41  53 -13  12   0 0.02    M    M  6.8 13 160   M    M   3 1      16 120
27  78  46  62  -4   3   0 0.00    M    M  8.7 15 160   M    M   1 12     19 170
28  86  53  70   5   0   5 0.00    M    M  7.2 14 220   M    M   1 1      18 220
29  71  50  61  -4   4   0 0.02    M    M 10.8 23 310   M    M   4        29 330
30  77  50  64   0   1   0 0.13    M    M 13.5 25 140   M    M   3 13     30 150
31  73  52  63  -1   2   0 0.37    M    M  8.9 22 230   M    M   4 12     27 230
================================================================================
SM 2382 1718        52  95  6.79    M    297.2          M      120
================================================================================
AV 76.8 55.4                               9.6 FASTST   M    M   4    MAX(MPH)
                                 MISC ---->  # 30 220               # 39  270
================================================================================
NOTES:
# LAST OF SEVERAL OCCURRENCES

COLUMN 17 PEAK WIND IN M.P.H.

PRELIMINARY LOCAL CLIMATOLOGICAL DATA (WS FORM: F-6) , PAGE 2

                                          STATION:  DICKINSON ND
                                          MONTH:    AUGUST
                                          YEAR:     2014
                                          LATITUDE:   46 47 N
                                          LONGITUDE: 102 48 W

[TEMPERATURE DATA]      [PRECIPITATION DATA]       SYMBOLS USED IN COLUMN 16

AVERAGE MONTHLY: 66.1   TOTAL FOR MONTH:   6.79    1 = FOG OR MIST
DPTR FM NORMAL:  -2.3   DPTR FM NORMAL:    5.25    2 = FOG REDUCING VISIBILITY
HIGHEST:    90 ON 14    GRTST 24HR  1.89 ON 15-16      TO 1/4 MILE OR LESS
LOWEST:     41 ON 26                               3 = THUNDER
                        SNOW, ICE PELLETS, HAIL    4 = ICE PELLETS
                        TOTAL MONTH:    M          5 = HAIL
                        GRTST 24HR    M  ON   M    6 = FREEZING RAIN OR DRIZZLE
                        GRTST DEPTH:  M  ON   M    7 = DUSTSTORM OR SANDSTORM:
                                                       VSBY 1/2 MILE OR LESS
                                                   8 = SMOKE OR HAZE
[NO. OF DAYS WITH]      [WEATHER - DAYS WITH]      9 = BLOWING SNOW
                                                   X = TORNADO
MAX 32 OR BELOW:   0    0.01 INCH OR MORE:  15
MAX 90 OR ABOVE:   1    0.10 INCH OR MORE:  12
MIN 32 OR BELOW:   0    0.50 INCH OR MORE:   4
MIN  0 OR BELOW:   0    1.00 INCH OR MORE:   3

[HDD (BASE 65) ]
TOTAL THIS MO.    52    CLEAR  (SCALE 0-3)  15
DPTR FM NORMAL     0    PTCLDY (SCALE 4-7)  11
TOTAL FM JUL 1   101    CLOUDY (SCALE 8-10)  5
DPTR FM NORMAL    15

[CDD (BASE 65) ]
TOTAL THIS MO.    95
DPTR FM NORMAL   -62    [PRESSURE DATA]
TOTAL FM JAN 1   232    HIGHEST SLP M ON M
DPTR FM NORMAL  -154    LOWEST  SLP 29.58 ON 31

[REMARKS]
#FINAL-08-14#




U.S. Dept. of Commerce
NOAA National Weather Service
1325 East West Highway
Silver Spring, MD 20910
E-mail: w-nws.webmaster@noaa.gov
Page last modified: May 16, 2007
NATIONAL WEATHER SERVICE: for Safety, for Work, for Fun - FOR LIFE