283
CXUS53 KBIS 280732
CF6DIK
PRELIMINARY LOCAL CLIMATOLOGICAL DATA (WS FORM: F-6)

                                          STATION:   DICKINSON ND
                                          MONTH:     JANUARY
                                          YEAR:      2015
                                          LATITUDE:   46 47 N
                                          LONGITUDE: 102 48 W

  TEMPERATURE IN F:       :PCPN:    SNOW:  WIND      :SUNSHINE: SKY     :PK WND
================================================================================
1   2   3   4   5  6A  6B    7    8   9   10  11  12  13   14  15   16   17  18
                                     12Z  AVG MX 2MIN
DY MAX MIN AVG DEP HDD CDD  WTR  SNW DPTH SPD SPD DIR MIN PSBL S-S WX    SPD DR
================================================================================

 1  31  21  26  10  39   0 0.00    M    M 11.9 22 260   M    M   9        27 260
 2  37  17  27  11  38   0    T    M    M 11.7 22 180   M    M   5        27 180
 3  32  -3  15  -1  50   0    T    M    M 14.1 26  10   M    M   9 18     32 360
 4  -1 -16  -8 -24  73   0    T    M    M 13.4 24 290   M    M   2 8      28 290
 5   2 -14  -6 -22  71   0 0.03    M    M 11.5 20 300   M    M   4        23 140
 6   5 -10  -2 -18  67   0    T    M    M 17.4 28 330   M    M   5 8      33 320
 7  15 -15   0 -16  65   0 0.00    M    M 12.9 26 180   M    M   1        30 180
 8  21  -1  10  -6  55   0    T    M    M 28.6 41 320   M    M   5 89     54 320
 9   6  -7   0 -16  65   0 0.00    M    M 15.9 29 300   M    M   0        35 300
10  14   1   8  -8  57   0 0.00    M    M  9.0 18 290   M    M   5        24 290
11  13  -9   2 -14  63   0 0.02    M    M  8.9 17 290   M    M   4        20 320
12   9 -17  -4 -20  69   0 0.00    M    M 10.9 24 180   M    M   0 18     28 180
13  22   0  11  -5  54   0    T    M    M 14.0 30 290   M    M   3 8      35 290
14  35  19  27  11  38   0 0.00    M    M 15.7 30 270   M    M   2        36 270
15  40  21  31  15  34   0 0.00    M    M 12.6 21 280   M    M   0        24 280
16  42  23  33  17  32   0    T    M    M 13.9 37 280   M    M   2        45 280
17  38  27  33  17  32   0    T    M    M 22.6 38 300   M    M   1 1      47 280
18  40  23  32  16  33   0 0.00    M    M  9.6 17 240   M    M   3        21 260
19  41  33  37  21  28   0    T    M    M 19.8 28 280   M    M   7 1      34 270
20  35  27  31  15  34   0 0.01    M    M 17.6 26 300   M    M   9 1      31 300
21  31  17  24   8  41   0    T    M    M 12.0 22 320   M    M   6 18     27 320
22  42  21  32  15  33   0 0.00    M    M 14.8 23 240   M    M   0        29 250
23  45  30  38  21  27   0 0.00    M    M 16.5 22 260   M    M   0        28 270
24  47  34  41  24  24   0 0.05    M    M 19.6 36 300   M    M   7 1      45 290
25  46  32  39  22  26   0 0.00    M    M 12.9 22 270   M    M   5        28 270
26  52  32  42  25  23   0 0.00    M    M  9.5 20 280   M    M   1        23 290
27  62  31  47  30  18   0 0.00    M    M  6.9 17 270   M    M   0        20 270
================================================================================
SM  802  317      1189   0  0.11    M    384.2          M       95
================================================================================
AV 29.7 11.7                              14.2 FASTST   M    M   4    MAX(MPH)
                                 MISC ---->  # 41 320               # 54  320
================================================================================
NOTES:
# LAST OF SEVERAL OCCURRENCES

COLUMN 17 PEAK WIND IN M.P.H.

PRELIMINARY LOCAL CLIMATOLOGICAL DATA (WS FORM: F-6) , PAGE 2

                                          STATION:  DICKINSON ND
                                          MONTH:    JANUARY
                                          YEAR:     2015
                                          LATITUDE:   46 47 N
                                          LONGITUDE: 102 48 W

[TEMPERATURE DATA]      [PRECIPITATION DATA]       SYMBOLS USED IN COLUMN 16

AVERAGE MONTHLY: 20.7   TOTAL FOR MONTH:   0.11    1 = FOG OR MIST
DPTR FM NORMAL:   4.5   DPTR FM NORMAL:   -0.16    2 = FOG REDUCING VISIBILITY
HIGHEST:    62 ON 27    GRTST 24HR  0.05 ON 24-24      TO 1/4 MILE OR LESS
LOWEST:    -17 ON 12                               3 = THUNDER
                        SNOW, ICE PELLETS, HAIL    4 = ICE PELLETS
                        TOTAL MONTH:    M          5 = HAIL
                        GRTST 24HR    M  ON   M    6 = FREEZING RAIN OR DRIZZLE
                        GRTST DEPTH:  M  ON   M    7 = DUSTSTORM OR SANDSTORM:
                                                       VSBY 1/2 MILE OR LESS
                                                   8 = SMOKE OR HAZE
[NO. OF DAYS WITH]      [WEATHER - DAYS WITH]      9 = BLOWING SNOW
                                                   X = TORNADO
MAX 32 OR BELOW:  13    0.01 INCH OR MORE:   4
MAX 90 OR ABOVE:   0    0.10 INCH OR MORE:   0
MIN 32 OR BELOW:  25    0.50 INCH OR MORE:   0
MIN  0 OR BELOW:  10    1.00 INCH OR MORE:   0

[HDD (BASE 65) ]
TOTAL THIS MO.  1189    CLEAR  (SCALE 0-3)  14
DPTR FM NORMAL  -128    PTCLDY (SCALE 4-7)  10
TOTAL FM JUL 1  4639    CLOUDY (SCALE 8-10)  3
DPTR FM NORMAL  -215

[CDD (BASE 65) ]
TOTAL THIS MO.     0
DPTR FM NORMAL     0    [PRESSURE DATA]
TOTAL FM JAN 1     0    HIGHEST SLP M ON M
DPTR FM NORMAL     0    LOWEST  SLP 29.57 ON 17

[REMARKS]




U.S. Dept. of Commerce
NOAA National Weather Service
1325 East West Highway
Silver Spring, MD 20910
E-mail: w-nws.webmaster@noaa.gov
Page last modified: May 16, 2007
NATIONAL WEATHER SERVICE: for Safety, for Work, for Fun - FOR LIFE