331
CXUS53 KBIS 010726
CF6DIK
PRELIMINARY LOCAL CLIMATOLOGICAL DATA (WS FORM: F-6)

                                          STATION:   DICKINSON ND
                                          MONTH:     NOVEMBER
                                          YEAR:      2014
                                          LATITUDE:   46 47 N
                                          LONGITUDE: 102 48 W

  TEMPERATURE IN F:       :PCPN:    SNOW:  WIND      :SUNSHINE: SKY     :PK WND
================================================================================
1   2   3   4   5  6A  6B    7    8   9   10  11  12  13   14  15   16   17  18
                                     12Z  AVG MX 2MIN
DY MAX MIN AVG DEP HDD CDD  WTR  SNW DPTH SPD SPD DIR MIN PSBL S-S WX    SPD DR
================================================================================

 1  53  31  42   5  23   0 0.00    M    M 12.0 20 150   M    M   0        25 160
 2  58  29  44   8  21   0 0.00    M    M 11.7 22 290   M    M   2        25 290
 3  44  28  36   0  29   0 0.00    M    M 15.5 29 290   M    M   4        35 300
 4  53  25  39   4  26   0 0.01    M    M  7.7 15 270   M    M   6        19 270
 5  50  26  38   3  27   0 0.00    M    M 18.2 37 300   M    M   3        42 300
 6  57  21  39   5  26   0    T    M    M 12.0 22 170   M    M   2        28 170
 7  59  27  43   9  22   0    T    M    M 21.9 38 320   M    M   4        49 330
 8  55  21  38   5  27   0 0.00    M    M 10.0 25 290   M    M   3        31 300
 9  34  20  27  -6  38   0 0.19    M    M 10.8 18  70   M    M  10 1      23  70
10  20   5  13 -19  52   0    T    M    M 14.0 21 330   M    M   7 1      25  30
11  10  -6   2 -30  63   0    T    M    M 16.3 23 300   M    M   4 18     27 300
12  12   1   7 -24  58   0    T    M    M 15.7 26 310   M    M   4 18     31 310
13   9 -10   0 -31  65   0    T    M    M  7.8 17 320   M    M   5        21 320
14   7 -11  -2 -32  67   0    T    M    M  4.6 12 290   M    M   2 128    12 290
15   8 -10  -1 -31  66   0    T    M    M 17.4 28 280   M    M   4 18     33 280
16  18   0   9 -20  56   0    T    M    M 23.1 36 320   M    M   6 189    44 320
17  15   2   9 -20  56   0    T    M    M 17.1 28 310   M    M   9 8      32 310
18  31   2  17 -11  48   0    T    M    M 20.9 36 320   M    M   7 8      45 340
19  20  15  18 -10  47   0    T    M    M 17.7 31 320   M    M  10        37 320
20  24   8  16 -11  49   0    T    M    M 11.1 20 180   M    M   5 18     23 190
21  43  25  34   7  31   0 0.00    M    M 11.9 20 260   M    M   1        23 260
22  44  29  37  11  28   0 0.07    M    M 11.5 25 260   M    M   5 1      29 260
23  37  13  25  -1  40   0    T    M    M 24.0 39 310   M    M   8 8      47 310
24  29  10  20  -5  45   0 0.00    M    M 12.3 24 290   M    M   2        28 290
25  36  18  27   2  38   0 0.02    M    M 13.9 29 360   M    M   8 1      35 360
26  22   9  16  -8  49   0    T    M    M  5.6 15 160   M    M   8 18     18 160
27  25  11  18  -6  47   0    T    M    M 13.7 28 160   M    M   7 16     32 140
28  48  17  33  10  32   0    T    M    M  8.7 20 290   M    M   5        29 300
29  39  -3  18  -5  47   0    T    M    M 18.7 28 310   M    M   9 1      36 310
30  10  -6   2 -20  63   0 0.00    M    M 17.3 29 280   M    M   3        35 280
================================================================================
SM  970  347      1286   0  0.29    M    423.1          M      153
================================================================================
AV 32.3 11.6                              14.1 FASTST   M    M   5    MAX(MPH)
                                 MISC ---->  # 39 310               # 49  330
================================================================================
NOTES:
# LAST OF SEVERAL OCCURRENCES

COLUMN 17 PEAK WIND IN M.P.H.

PRELIMINARY LOCAL CLIMATOLOGICAL DATA (WS FORM: F-6) , PAGE 2

                                          STATION:  DICKINSON ND
                                          MONTH:    NOVEMBER
                                          YEAR:     2014
                                          LATITUDE:   46 47 N
                                          LONGITUDE: 102 48 W

[TEMPERATURE DATA]      [PRECIPITATION DATA]       SYMBOLS USED IN COLUMN 16

AVERAGE MONTHLY: 21.9   TOTAL FOR MONTH:   0.29    1 = FOG OR MIST
DPTR FM NORMAL:  -7.6   DPTR FM NORMAL:   -0.25    2 = FOG REDUCING VISIBILITY
HIGHEST:    59 ON  7    GRTST 24HR  0.19 ON  9- 9      TO 1/4 MILE OR LESS
LOWEST:    -11 ON 14                               3 = THUNDER
                        SNOW, ICE PELLETS, HAIL    4 = ICE PELLETS
                        TOTAL MONTH:    M          5 = HAIL
                        GRTST 24HR    M  ON   M    6 = FREEZING RAIN OR DRIZZLE
                        GRTST DEPTH:  M  ON   M    7 = DUSTSTORM OR SANDSTORM:
                                                       VSBY 1/2 MILE OR LESS
                                                   8 = SMOKE OR HAZE
[NO. OF DAYS WITH]      [WEATHER - DAYS WITH]      9 = BLOWING SNOW
                                                   X = TORNADO
MAX 32 OR BELOW:  15    0.01 INCH OR MORE:   4
MAX 90 OR ABOVE:   0    0.10 INCH OR MORE:   1
MIN 32 OR BELOW:  30    0.50 INCH OR MORE:   0
MIN  0 OR BELOW:   7    1.00 INCH OR MORE:   0

[HDD (BASE 65) ]
TOTAL THIS MO.  1286    CLEAR  (SCALE 0-3)   8
DPTR FM NORMAL   220    PTCLDY (SCALE 4-7)  18
TOTAL FM JUL 1  2206    CLOUDY (SCALE 8-10)  4
DPTR FM NORMAL   129

[CDD (BASE 65) ]
TOTAL THIS MO.     0
DPTR FM NORMAL     0    [PRESSURE DATA]
TOTAL FM JAN 1   256    HIGHEST SLP M ON M
DPTR FM NORMAL  -163    LOWEST  SLP 29.37 ON 22

[REMARKS]
#FINAL-11-14#




U.S. Dept. of Commerce
NOAA National Weather Service
1325 East West Highway
Silver Spring, MD 20910
E-mail: w-nws.webmaster@noaa.gov
Page last modified: May 16, 2007
NATIONAL WEATHER SERVICE: for Safety, for Work, for Fun - FOR LIFE