541
CXUS54 KAMA 291015
CF6DHT
PRELIMINARY LOCAL CLIMATOLOGICAL DATA (WS FORM: F-6)

                                          STATION:   DALHART
                                          MONTH:     JULY
                                          YEAR:      2014
                                          LATITUDE:   36  1 N
                                          LONGITUDE: 102 33 W

  TEMPERATURE IN F:       :PCPN:    SNOW:  WIND      :SUNSHINE: SKY     :PK WND
================================================================================
1   2   3   4   5  6A  6B    7    8   9   10  11  12  13   14  15   16   17  18
                                     12Z  AVG MX 2MIN
DY MAX MIN AVG DEP HDD CDD  WTR  SNW DPTH SPD SPD DIR MIN PSBL S-S WX    SPD DR
================================================================================

 1  81  64  73  -3   0   8    T  0.0    0 11.6 23  30   M    M   5 3      28  30
 2  77  61  69  -7   0   4 0.09  0.0    0  8.1 25  10   M    M   5 13     32  20
 3  85  61  73  -3   0   8 0.00  0.0    0 14.5 25 190   M    M   5 18     34 170
 4  91  65  78   2   0  13 0.00  0.0    0 16.9 28 170   M    M   0        35 180
 5  95  62  79   3   0  14 0.00  0.0    0 15.8 32 200   M    M   1        38 190
 6  97  63  80   3   0  15    T  0.0    0 10.8 17 210   M    M   0        23 190
 7  97  64  81   4   0  16 0.00  0.0    0 12.7 23 190   M    M   0        30 170
 8  85  60  73  -4   0   8 0.00  0.0    0 11.1 26  50   M    M   0        37  60
 9  96  62  79   2   0  14 0.00  0.0    0 10.2 25 230   M    M   1 8      35 220
10  97  64  81   4   0  16 0.00  0.0    0 15.1 28 190   M    M   0        35 170
11  95  65  80   3   0  15 0.00  0.0    0 15.1 26 210   M    M   0        34 220
12  93  65  79   2   0  14 0.00  0.0    0 13.4 22 170   M    M   0        27 170
13  89  66  78   1   0  13    T  0.0    0  8.2 22 170   M    M   3        27 170
14  93  65  79   2   0  14 0.89  0.0    0  5.5 51  10   M    M   2 138    57  10
15  81  64  73  -4   0   8 0.00  0.0    0 12.2 21 150   M    M   4 128    24 150
16  88  61  75  -2   0  10 0.00  0.0    0 12.4 40  50   M    M   2 138    52  50
17  75  61  68  -9   0   3 0.00  0.0    0  8.2 15  50   M    M   7 18     19  60
18  86  61  74  -3   0   9 0.00  0.0    0 11.7 21 160   M    M   6 18     28 180
19  93  63  78   1   0  13 0.00  0.0    0 14.4 23 220   M    M   0 1      30 220
20  97  64  81   4   0  16 0.00  0.0    0 12.0 23 160   M    M   0        28 140
21 100  68  84   7   0  19 0.16  0.0    0 15.1 35 190   M    M   1 3      44 230
22  94  66  80   3   0  15 0.00  0.0    0  7.4 21 170   M    M   0        27 170
23  96  65  81   4   0  16 0.00  0.0    0  6.8 17 150   M    M   0        22 160
24  99  63  81   4   0  16 0.00  0.0    0 13.2 25 170   M    M   0 8      32 180
25 105  71  88  11   0  23 0.00  0.0    0 15.9 30 220   M    M   0        37 220
26 104  68  86   9   0  21 0.00  0.0    0 11.0 26 160   M    M   0        31 160
27  91  68  80   3   0  15    T  0.0    0 12.0 23  80   M    M   3 3      29  80
28  77  58  68  -9   0   3 1.01  0.0    0  9.9 30  90   M    M   6 13     38 100
================================================================================
SM 2557 1788         0 359  2.15     0.0 331.2          M       51
================================================================================
AV 91.3 63.9                              11.8 FASTST   M    M   2    MAX(MPH)
                                 MISC ---->  # 51  10               # 57   10
================================================================================
NOTES:
# LAST OF SEVERAL OCCURRENCES

COLUMN 17 PEAK WIND IN M.P.H.

PRELIMINARY LOCAL CLIMATOLOGICAL DATA (WS FORM: F-6) , PAGE 2

                                          STATION:  DALHART
                                          MONTH:    JULY
                                          YEAR:     2014
                                          LATITUDE:   36  1 N
                                          LONGITUDE: 102 33 W

[TEMPERATURE DATA]      [PRECIPITATION DATA]       SYMBOLS USED IN COLUMN 16

AVERAGE MONTHLY: 77.6   TOTAL FOR MONTH:   2.15    1 = FOG OR MIST
DPTR FM NORMAL:   0.8   DPTR FM NORMAL:   -0.34    2 = FOG REDUCING VISIBILITY
HIGHEST:   105 ON 25    GRTST 24HR  1.01 ON 28-28      TO 1/4 MILE OR LESS
LOWEST:     58 ON 28                               3 = THUNDER
                        SNOW, ICE PELLETS, HAIL    4 = ICE PELLETS
                        TOTAL MONTH:   0.0 INCH    5 = HAIL
                        GRTST 24HR     0.0         6 = FREEZING RAIN OR DRIZZLE
                        GRTST DEPTH:   0           7 = DUSTSTORM OR SANDSTORM:
                                                       VSBY 1/2 MILE OR LESS
                                                   8 = SMOKE OR HAZE
[NO. OF DAYS WITH]      [WEATHER - DAYS WITH]      9 = BLOWING SNOW
                                                   X = TORNADO
MAX 32 OR BELOW:   0    0.01 INCH OR MORE:   4
MAX 90 OR ABOVE:  18    0.10 INCH OR MORE:   3
MIN 32 OR BELOW:   0    0.50 INCH OR MORE:   2
MIN  0 OR BELOW:   0    1.00 INCH OR MORE:   1

[HDD (BASE 65) ]
TOTAL THIS MO.     0    CLEAR  (SCALE 0-3)  21
DPTR FM NORMAL     0    PTCLDY (SCALE 4-7)   7
TOTAL FM JUL 1     0    CLOUDY (SCALE 8-10)  0
DPTR FM NORMAL     0

[CDD (BASE 65) ]
TOTAL THIS MO.   359
DPTR FM NORMAL    27    [PRESSURE DATA]
TOTAL FM JAN 1   775    HIGHEST SLP M ON M
DPTR FM NORMAL   131    LOWEST  SLP 29.75 ON 16

[REMARKS]




U.S. Dept. of Commerce
NOAA National Weather Service
1325 East West Highway
Silver Spring, MD 20910
E-mail: w-nws.webmaster@noaa.gov
Page last modified: May 16, 2007
NATIONAL WEATHER SERVICE: for Safety, for Work, for Fun - FOR LIFE