317
CXUS52 KTAE 220802
CF6DHN
PRELIMINARY LOCAL CLIMATOLOGICAL DATA (WS FORM: F-6)

                                          STATION:   DOTHAN
                                          MONTH:     NOVEMBER
                                          YEAR:      2014
                                          LATITUDE:   31 19 N
                                          LONGITUDE:  85 27 W

  TEMPERATURE IN F:       :PCPN:    SNOW:  WIND      :SUNSHINE: SKY     :PK WND
================================================================================
1   2   3   4   5  6A  6B    7    8   9   10  11  12  13   14  15   16   17  18
                                     12Z  AVG MX 2MIN
DY MAX MIN AVG DEP HDD CDD  WTR  SNW DPTH SPD SPD DIR MIN PSBL S-S WX    SPD DR
================================================================================

 1  57  37  47 -16  18   0 0.00  0.0    0 15.3 29 330   M    M   0        36 320
 2  66  34  50 -12  15   0 0.00  0.0    0  7.3 15 350   M    M   0        18 350
 3  68  34  51 -11  14   0 0.00  0.0    0  4.1 12 100   M    M   0        17  90
 4  74  39  57  -5   8   0 0.00  0.0    0  3.4 10 190   M    M   0        16 230
 5  78  50  64   2   1   0 0.00  0.0    0  3.7 13 170   M    M   1 8      16 200
 6  78  53  66   5   0   1    T  0.0    0  7.4 20 280   M    M   3 1      24 290
 7  64  41  53  -8  12   0 0.00  0.0    0  5.6 17  10   M    M   0        21  20
 8  61  42  52  -9  13   0 0.00  0.0    0  2.8  8 350   M    M   0        22  60
 9  71  43  57  -3   8   0 0.00  0.0    0  2.9 13 350   M    M   0        41 210
10  73  39  56  -4   9   0 0.00  0.0    0  0.5  7 140   M    M   0        10 170
11  74  39  57  -3   8   0 0.00  0.0    0  2.7 12 290   M    M   0        15 320
12  77  52  65   5   0   0 0.00  0.0    0  7.5 15 340   M    M   2 1      18 340
13  55  36  46 -13  19   0 0.04    M    0 11.1 20 320   M    M   7 18     23 330
14  52  32  42 -17  23   0 0.00  0.0    0  9.6 18 340   M    M   1        22 350
15  59  29  44 -15  21   0 0.00  0.0    0  5.0 14 100   M    M   0        18  80
16  67  41  54  -5  11   0 0.00  0.0    0  8.2 16 140   M    M   6 12     21 170
17  71  35  53  -5  12   0 0.22    M    0 14.9 28 310   M    M   8 13     35 300
18  43  26  35 -23  30   0 0.00  0.0    0 11.5 23 330   M    M   0        28 320
19  53  20  37 -21  28   0 0.00  0.0    0  2.4 10 340   M    M   0        21 110
20  65  29  47 -10  18   0 0.00  0.0    0  2.4 10 320   M    M   0        14 270
21  69  37  53  -4  12   0 0.00  0.0    0  5.1 14  70   M    M   0 1      21  40
================================================================================
SM 1375  788       280   1  0.26     0.0 133.4          M       28
================================================================================
AV 65.5 37.5                               6.4 FASTST   M    M   1    MAX(MPH)
                                 MISC ---->  # 29 330               # 41  210
================================================================================
NOTES:
# LAST OF SEVERAL OCCURRENCES

COLUMN 17 PEAK WIND IN M.P.H.

PRELIMINARY LOCAL CLIMATOLOGICAL DATA (WS FORM: F-6) , PAGE 2

                                          STATION:  DOTHAN
                                          MONTH:    NOVEMBER
                                          YEAR:     2014
                                          LATITUDE:   31 19 N
                                          LONGITUDE:  85 27 W

[TEMPERATURE DATA]      [PRECIPITATION DATA]       SYMBOLS USED IN COLUMN 16

AVERAGE MONTHLY: 51.5   TOTAL FOR MONTH:   0.26    1 = FOG OR MIST
DPTR FM NORMAL:  -8.4   DPTR FM NORMAL:   -2.34    2 = FOG REDUCING VISIBILITY
HIGHEST:    78 ON  6, 5 GRTST 24HR  0.22 ON 17-17      TO 1/4 MILE OR LESS
LOWEST:     20 ON 19                               3 = THUNDER
                        SNOW, ICE PELLETS, HAIL    4 = ICE PELLETS
                        TOTAL MONTH:   0.0 INCH    5 = HAIL
                        GRTST 24HR     0.0         6 = FREEZING RAIN OR DRIZZLE
                        GRTST DEPTH:   0           7 = DUSTSTORM OR SANDSTORM:
                                                       VSBY 1/2 MILE OR LESS
                                                   8 = SMOKE OR HAZE
[NO. OF DAYS WITH]      [WEATHER - DAYS WITH]      9 = BLOWING SNOW
                                                   X = TORNADO
MAX 32 OR BELOW:   0    0.01 INCH OR MORE:   2
MAX 90 OR ABOVE:   0    0.10 INCH OR MORE:   1
MIN 32 OR BELOW:   5    0.50 INCH OR MORE:   0
MIN  0 OR BELOW:   0    1.00 INCH OR MORE:   0

[HDD (BASE 65) ]
TOTAL THIS MO.   280    CLEAR  (SCALE 0-3)  17
DPTR FM NORMAL   150    PTCLDY (SCALE 4-7)   4
TOTAL FM JUL 1   323    CLOUDY (SCALE 8-10)  0
DPTR FM NORMAL   134

[CDD (BASE 65) ]
TOTAL THIS MO.     1
DPTR FM NORMAL   -25    [PRESSURE DATA]
TOTAL FM JAN 1  2409    HIGHEST SLP M ON M
DPTR FM NORMAL    20    LOWEST  SLP 29.78 ON 17

[REMARKS]




U.S. Dept. of Commerce
NOAA National Weather Service
1325 East West Highway
Silver Spring, MD 20910
E-mail: w-nws.webmaster@noaa.gov
Page last modified: May 16, 2007
NATIONAL WEATHER SERVICE: for Safety, for Work, for Fun - FOR LIFE