361
CXUS55 KCYS 301000
CF6DGW
PRELIMINARY LOCAL CLIMATOLOGICAL DATA (WS FORM: F-6)

                                          STATION:   CONVERSE CO (DOUGLAS) WY ARPT
                                          MONTH:     AUGUST
                                          YEAR:      2014
                                          LATITUDE:   42 46 N
                                          LONGITUDE: 105 22 W

  TEMPERATURE IN F:       :PCPN:    SNOW:  WIND      :SUNSHINE: SKY     :PK WND
================================================================================
1   2   3   4   5  6A  6B    7    8   9   10  11  12  13   14  15   16   17  18
                                     12Z  AVG MX 2MIN
DY MAX MIN AVG DEP HDD CDD  WTR  SNW DPTH SPD SPD DIR MIN PSBL S-S WX    SPD DR
================================================================================

 1  90  50  70  -2   0   5 0.00    M    M  4.9 18  70   M    M   1        23  60
 2  89  50  70  -2   0   5 0.00    M    M  6.2 14  70   M    M   1         M  M
 3  92  53  73   1   0   8 0.00    M    M  8.1 21 200   M    M   0        26 200
 4  88  53  71  -1   0   6    T    M    M  8.1 22 260   M    M   2        27 240
 5  89  58  74   2   0   9 0.01    M    M  6.9 26 120   M    M   3 3      34 120
 6  80  52  66  -6   0   1 0.17    M    M  8.3 28 230   M    M   3 3      34 290
 7  85  51  68  -4   0   3 0.52    M    M  5.8 31 270   M    M   1 3      39 270
 8  84  54  69  -3   0   4 0.00    M    M  5.2 14 180   M    M   0 3      19 190
 9  81  54  68  -4   0   3 0.00    M    M 11.6 24 300   M    M   1        29 350
10  84  50  67  -4   0   2 0.00    M    M  5.5 15 110   M    M   1        21 110
11  89  54  72   1   0   7 0.00    M    M  6.6 16 110   M    M   1        22 140
12  94  57  76   5   0  11 0.00    M    M  7.7 21 190   M    M   0        26 190
13  92  56  74   3   0   9 0.01    M    M  5.7 24 190   M    M   1 38     30 180
14  81  59  70  -1   0   5 0.02    M    M  6.9 16 280   M    M   4 3      21 290
15  91  54  73   2   0   8 0.00    M    M  8.1 21 300   M    M   0        26 320
16  92  55  74   4   0   9 0.00    M    M  5.4 23 300   M    M   1        29 310
17  93  50  72   2   0   7    T    M    M 10.8 40 260   M    M   0        58 260
18  89  52  71   1   0   6    T    M    M  5.3 14  70   M    M   0        25 290
19  90  50  70   0   0   5    T    M    M  4.1 21 110   M    M   2        31 120
20  86  60  73   4   0   8 0.02    M    M  9.1 25 310   M    M   6        31 310
21  86  57  72   3   0   7 0.00    M    M  9.9 22 240   M    M   2        30 300
22  81  51  66  -3   0   1 0.28    M    M  8.9 21 130   M    M   5 13     27 140
23  74  49  62  -6   3   0    T    M    M 11.3 28 290   M    M   4        35 290
24  76  42  59  -9   6   0 0.00    M    M  8.6 25 290   M    M   3        34 280
25  75  45  60  -8   5   0 0.07    M    M  6.0 26 330   M    M   2 3      31 320
26  81  53  67  -1   0   2 0.02    M    M  6.7 22  30   M    M   3        27  30
27  67  55  61  -6   4   0 0.29    M    M  6.1 13  20   M    M   8 12     17  10
28  82  52  67   0   0   2    T    M    M  7.2 21  20   M    M   6        28 330
29  81  49  65  -1   0   0 0.04    M    M  8.3 29 320   M    M   1        43 320
================================================================================
SM 2462 1525        18 133  1.45    M    213.3          M       62
================================================================================
AV 84.9 52.6                               7.4 FASTST   M    M   2    MAX(MPH)
                                 MISC ---->  # 40 260               # 58  260
================================================================================
NOTES:
# LAST OF SEVERAL OCCURRENCES

COLUMN 17 PEAK WIND IN M.P.H.

PRELIMINARY LOCAL CLIMATOLOGICAL DATA (WS FORM: F-6) , PAGE 2

                                          STATION:  CONVERSE CO (DOUGLAS) WY ARPT
                                          MONTH:    AUGUST
                                          YEAR:     2014
                                          LATITUDE:   42 46 N
                                          LONGITUDE: 105 22 W

[TEMPERATURE DATA]      [PRECIPITATION DATA]       SYMBOLS USED IN COLUMN 16

AVERAGE MONTHLY: 68.7   TOTAL FOR MONTH:   1.45    1 = FOG OR MIST
DPTR FM NORMAL:  -1.4   DPTR FM NORMAL:    0.40    2 = FOG REDUCING VISIBILITY
HIGHEST:    94 ON 12    GRTST 24HR  0.52 ON  7- 7      TO 1/4 MILE OR LESS
LOWEST:     42 ON 24                               3 = THUNDER
                        SNOW, ICE PELLETS, HAIL    4 = ICE PELLETS
                        TOTAL MONTH:    M          5 = HAIL
                        GRTST 24HR    M  ON   M    6 = FREEZING RAIN OR DRIZZLE
                        GRTST DEPTH:  M  ON   M    7 = DUSTSTORM OR SANDSTORM:
                                                       VSBY 1/2 MILE OR LESS
                                                   8 = SMOKE OR HAZE
[NO. OF DAYS WITH]      [WEATHER - DAYS WITH]      9 = BLOWING SNOW
                                                   X = TORNADO
MAX 32 OR BELOW:   0    0.01 INCH OR MORE:  11
MAX 90 OR ABOVE:   8    0.10 INCH OR MORE:   4
MIN 32 OR BELOW:   0    0.50 INCH OR MORE:   1
MIN  0 OR BELOW:   0    1.00 INCH OR MORE:   0

[HDD (BASE 65) ]
TOTAL THIS MO.    18    CLEAR  (SCALE 0-3)  22
DPTR FM NORMAL    -5    PTCLDY (SCALE 4-7)   6
TOTAL FM JUL 1    32    CLOUDY (SCALE 8-10)  1
DPTR FM NORMAL    -6

[CDD (BASE 65) ]
TOTAL THIS MO.   133
DPTR FM NORMAL   -36    [PRESSURE DATA]
TOTAL FM JAN 1   371    HIGHEST SLP M ON M
DPTR FM NORMAL   -80    LOWEST  SLP 29.67 ON 19

[REMARKS]




U.S. Dept. of Commerce
NOAA National Weather Service
1325 East West Highway
Silver Spring, MD 20910
E-mail: w-nws.webmaster@noaa.gov
Page last modified: May 16, 2007
NATIONAL WEATHER SERVICE: for Safety, for Work, for Fun - FOR LIFE