488
CXUS55 KCYS 080313
CF6DGW
PRELIMINARY LOCAL CLIMATOLOGICAL DATA (WS FORM: F-6)     ...CORRECTED...

                                          STATION:   CONVERSE CO (DOUGLAS) WY ARPT
                                          MONTH:     NOVEMBER
                                          YEAR:      2014
                                          LATITUDE:   42 46 N
                                          LONGITUDE: 105 22 W

  TEMPERATURE IN F:       :PCPN:    SNOW:  WIND      :SUNSHINE: SKY     :PK WND
================================================================================
1   2   3   4   5  6A  6B    7    8   9   10  11  12  13   14  15   16   17  18
                                     12Z  AVG MX 2MIN
DY MAX MIN AVG DEP HDD CDD  WTR  SNW DPTH SPD SPD DIR MIN PSBL S-S WX    SPD DR
================================================================================

 1  73  32  53  13  12   0 0.00    M    M  6.9 24 210   M    M   1        29 210
 2  63  36  50  10  15   0    T    M    M 10.4 24 270   M    M   1        29 260
 3  48  23  36  -3  29   0    T    M    M  8.9 21 310   M    M   5 1      26 330
 4  57  15  36  -3  29   0 0.00    M    M 10.9 26 290   M    M   0        38 260
 5  59  24  42   4  23   0 0.00    M    M  9.9 25 300   M    M   1 18     36 280
 6  69  18  44   6  21   0 0.00    M    M  5.7 22 270   M    M   0        27 260
 7  63  30  47  10  18   0 0.01    M    M 14.0 33 320   M    M   4        40 290
 8  65  19  42   5  23   0 0.00    M    M  5.0 28 280   M    M   0        32 280
 9  65  37  51  15  14   0 0.00    M    M 17.9 40 260   M    M   1        51 260
10  60   7  34  -2  31   0 0.09    M    M 16.4 35 270   M    M  10 128    43 280
11   8 -11  -1 -36  66   0 0.02    M    M 10.4 21 340   M    M   9 18     24 340
12   8 -18  -5 -40  70   0 0.00    M    M  6.0 15 340   M    M   3 8      19 330
13  14 -25  -5 -39  70   0 0.00    M    M  5.5 14 130   M    M   M 8      24  90
14  27   7  17 -17  48   0 0.03    M    M  5.7 16  40   M    M   9 18     19  60
15  11  -7   2 -31  63   0 0.10    M    M 13.7 23 300   M    M   6 8      28 330
16  28  -5  12 -21  53   0    T    M    M 14.6 32 290   M    M   5        40 290
17  31   7  19 -13  46   0 0.00    M    M 14.4 31 300   M    M   0        38 300
18  41  10  26  -6  39   0 0.00    M    M 11.7 23 310   M    M   1        31 300
19  42  10  26  -5  39   0 0.00    M    M  4.1 13 320   M    M   0        15 320
20  48   5  27  -4  38   0 0.00    M    M  1.6  8 200   M    M   0 16      9 180
21  49  22  36   6  29   0 0.00    M    M  7.7 25 290   M    M   0        32 280
22  55  25  40  10  25   0 0.00    M    M 20.4 45 250   M    M   M        56 250
23  36  26  31   2  34   0    T    M    M 12.0 25 340   M    M   M        33 310
24  34  22  28  -1  37   0    T    M    M 13.5 33 330   M    M   M        45 320
25  41  21  31   3  34   0 0.07    M    M 12.5 30 290   M    M   M        36 360
26  28  23  26  -2  39   0 0.03    M    M  5.8 17 300   M    M   8        23 300
27  59  16  38  10  27   0 0.00    M    M  9.6 36 280   M    M   0        47 280
28  63  39  51  24  14   0 0.00    M    M 20.4 41 270   M    M   0        49 270
29  60  10  35   8  30   0 0.00    M    M 17.6 45 240   M    M   0        55 250
30  22   7  15 -12  50   0    T    M    M  7.2 16 340   M    M   4        22 330
================================================================================
SM 1327  425      1066   0  0.35    M    320.4          M       68
================================================================================
AV 44.2 14.2                              10.7 FASTST   M    M   3    MAX(MPH)
                                 MISC ---->  # 45 240                 56  250
================================================================================
NOTES:
# LAST OF SEVERAL OCCURRENCES

COLUMN 17 PEAK WIND IN M.P.H.

PRELIMINARY LOCAL CLIMATOLOGICAL DATA (WS FORM: F-6) , PAGE 2

                                          STATION:  CONVERSE CO (DOUGLAS) WY ARPT
                                          MONTH:    NOVEMBER
                                          YEAR:     2014
                                          LATITUDE:   42 46 N
                                          LONGITUDE: 105 22 W

[TEMPERATURE DATA]      [PRECIPITATION DATA]       SYMBOLS USED IN COLUMN 16

AVERAGE MONTHLY: 29.2   TOTAL FOR MONTH:   0.35    1 = FOG OR MIST
DPTR FM NORMAL:  -4.0   DPTR FM NORMAL:   -0.30    2 = FOG REDUCING VISIBILITY
HIGHEST:    73 ON  1    GRTST 24HR  0.13 ON 14-15      TO 1/4 MILE OR LESS
LOWEST:    -25 ON 13                               3 = THUNDER
                        SNOW, ICE PELLETS, HAIL    4 = ICE PELLETS
                        TOTAL MONTH:    M          5 = HAIL
                        GRTST 24HR    M  ON   M    6 = FREEZING RAIN OR DRIZZLE
                        GRTST DEPTH:  M  ON   M    7 = DUSTSTORM OR SANDSTORM:
                                                       VSBY 1/2 MILE OR LESS
                                                   8 = SMOKE OR HAZE
[NO. OF DAYS WITH]      [WEATHER - DAYS WITH]      9 = BLOWING SNOW
                                                   X = TORNADO
MAX 32 OR BELOW:   9    0.01 INCH OR MORE:   7
MAX 90 OR ABOVE:   0    0.10 INCH OR MORE:   1
MIN 32 OR BELOW:  27    0.50 INCH OR MORE:   0
MIN  0 OR BELOW:   5    1.00 INCH OR MORE:   0

[HDD (BASE 65) ]
TOTAL THIS MO.  1066    CLEAR  (SCALE 0-3)  16
DPTR FM NORMAL   111    PTCLDY (SCALE 4-7)   6
TOTAL FM JUL 1  1724    CLOUDY (SCALE 8-10)  3
DPTR FM NORMAL   -98

[CDD (BASE 65) ]
TOTAL THIS MO.     0
DPTR FM NORMAL     0    [PRESSURE DATA]
TOTAL FM JAN 1   401    HIGHEST SLP M ON M
DPTR FM NORMAL   -85    LOWEST  SLP 29.25 ON  9

[REMARKS]

PRECIPITATION AMOUNTS FOR THE 10TH, 14TH, 15TH, 25TH AND 26TH DETERMINED USING
ASOS 5 MINUTE OBSERVATIONS, DOUGLAS 1SE (48-2685) COOPERATIVE OBSERVING SITE AND
NEARBY CoCoRaHS SITES. SNOWFALL OF AROUND 2 INCHES REPORTED ON 10TH, AROUND 4
INCHES FOR THE 14TH-15TH AND 3 TO 4 INCHES FOR THE 25TH-26TH.

TEMPERATURE DATA FOR 21ST (MAX) THROUGH 26TH DETERMINED USING DOUGLAS 1SE
(48-2685) COOPERATIVE SITE AND NEARBY MESOWEST SITES. DUE TO ASOS TEMPERATURE
SENSOR OUTAGE.

#FINAL-11-14#




U.S. Dept. of Commerce
NOAA National Weather Service
1325 East West Highway
Silver Spring, MD 20910
E-mail: w-nws.webmaster@noaa.gov
Page last modified: May 16, 2007
NATIONAL WEATHER SERVICE: for Safety, for Work, for Fun - FOR LIFE