858
CXUS55 KCYS 281000
CF6DGW
PRELIMINARY LOCAL CLIMATOLOGICAL DATA (WS FORM: F-6)

                                          STATION:   CONVERSE CO (DOUGLAS) WY ARPT
                                          MONTH:     JULY
                                          YEAR:      2014
                                          LATITUDE:   42 46 N
                                          LONGITUDE: 105 22 W

  TEMPERATURE IN F:       :PCPN:    SNOW:  WIND      :SUNSHINE: SKY     :PK WND
================================================================================
1   2   3   4   5  6A  6B    7    8   9   10  11  12  13   14  15   16   17  18
                                     12Z  AVG MX 2MIN
DY MAX MIN AVG DEP HDD CDD  WTR  SNW DPTH SPD SPD DIR MIN PSBL S-S WX    SPD DR
================================================================================

 1  74  45  60  -9   5   0 0.00    M    M 10.0 24 330   M    M   4        30 320
 2  82  40  61  -8   4   0 0.00    M    M  5.7 16 160   M    M   0 1      21 150
 3  92  48  70   1   0   5    T    M    M  7.8 20 140   M    M   0 3      25 150
 4  96  54  75   6   0  10    T    M    M  7.4 22 300   M    M   0        27 280
 5  98  49  74   4   0   9 0.00    M    M  7.0 24 280   M    M   0 8      31 280
 6  94  59  77   7   0  12 0.00    M    M  8.0 15 150   M    M   0        20 150
 7  89  54  72   2   0   7 0.00    M    M 10.1 26  10   M    M   1        34  10
 8  86  48  67  -3   0   2 0.00    M    M  5.6 16 120   M    M   2        20 130
 9  93  55  74   4   0   9 0.13    M    M  8.1 23  90   M    M   1 13     29  90
10  93  58  76   5   0  11 0.41    M    M  8.2 22  70   M    M   4 13     28  70
11  80  62  71   0   0   6 0.01    M    M  6.8 31  50   M    M   7        39  50
12  86  60  73   2   0   8 0.00    M    M  5.7 18  10   M    M   5        25 350
13  89  53  71   0   0   6 0.00    M    M  6.9 22 350   M    M   2        27 360
14  81  51  66  -5   0   1 0.00    M    M  8.2 17  40   M    M   0        24 350
15  84  52  68  -3   0   3 0.74    M    M 15.9 35  80   M    M   2 13     43  80
16  66  54  60 -12   5   0 0.67    M    M  5.0 12  30   M    M   7 13     15  20
17  82  52  67  -5   0   2 0.00    M    M  4.5 13 120   M    M   3 12     17 130
18  89  56  73   1   0   8 0.00    M    M  6.5 22 340   M    M   0        27 330
19  91  55  73   1   0   8 0.00    M    M  8.6 22 150   M    M   0        26 140
20  98  54  76   4   0  11 0.00    M    M 10.4 25 260   M    M   0        32 260
21  96  66  81   9   0  16 0.00    M    M 12.8 29 290   M    M   0        39 290
22  91  58  75   3   0  10    T    M    M 10.9 22  70   M    M   0        28 150
23  95  64  80   8   0  15 0.00    M    M 16.1 31 150   M    M   1 8      39 150
24  98  61  80   8   0  15 0.00    M    M 12.0 32 270   M    M   0        40 260
25  93  53  73   1   0   8 0.00    M    M  8.4 21 150   M    M   0        27 160
26  89  55  72   0   0   7 0.00    M    M  8.5 16 290   M    M   0        21 340
27  86  49  68  -4   0   3 0.00    M    M  6.9 16 110   M    M   1        21 120
================================================================================
SM 2391 1465        14 192  1.96    M    232.0          M       40
================================================================================
AV 88.6 54.3                               8.6 FASTST   M    M   1    MAX(MPH)
                                 MISC ---->  # 35  80               # 43   80
================================================================================
NOTES:
# LAST OF SEVERAL OCCURRENCES

COLUMN 17 PEAK WIND IN M.P.H.

PRELIMINARY LOCAL CLIMATOLOGICAL DATA (WS FORM: F-6) , PAGE 2

                                          STATION:  CONVERSE CO (DOUGLAS) WY ARPT
                                          MONTH:    JULY
                                          YEAR:     2014
                                          LATITUDE:   42 46 N
                                          LONGITUDE: 105 22 W

[TEMPERATURE DATA]      [PRECIPITATION DATA]       SYMBOLS USED IN COLUMN 16

AVERAGE MONTHLY: 71.4   TOTAL FOR MONTH:   1.96    1 = FOG OR MIST
DPTR FM NORMAL:   0.4   DPTR FM NORMAL:    0.74    2 = FOG REDUCING VISIBILITY
HIGHEST:    98 ON 24,20 GRTST 24HR  1.41 ON 15-16      TO 1/4 MILE OR LESS
LOWEST:     40 ON  2                               3 = THUNDER
                        SNOW, ICE PELLETS, HAIL    4 = ICE PELLETS
                        TOTAL MONTH:    M          5 = HAIL
                        GRTST 24HR    M  ON   M    6 = FREEZING RAIN OR DRIZZLE
                        GRTST DEPTH:  M  ON   M    7 = DUSTSTORM OR SANDSTORM:
                                                       VSBY 1/2 MILE OR LESS
                                                   8 = SMOKE OR HAZE
[NO. OF DAYS WITH]      [WEATHER - DAYS WITH]      9 = BLOWING SNOW
                                                   X = TORNADO
MAX 32 OR BELOW:   0    0.01 INCH OR MORE:   5
MAX 90 OR ABOVE:  13    0.10 INCH OR MORE:   4
MIN 32 OR BELOW:   0    0.50 INCH OR MORE:   2
MIN  0 OR BELOW:   0    1.00 INCH OR MORE:   0

[HDD (BASE 65) ]
TOTAL THIS MO.    14    CLEAR  (SCALE 0-3)  22
DPTR FM NORMAL     5    PTCLDY (SCALE 4-7)   5
TOTAL FM JUL 1    14    CLOUDY (SCALE 8-10)  0
DPTR FM NORMAL     5

[CDD (BASE 65) ]
TOTAL THIS MO.   192
DPTR FM NORMAL    17    [PRESSURE DATA]
TOTAL FM JAN 1   224    HIGHEST SLP M ON M
DPTR FM NORMAL   -28    LOWEST  SLP 29.74 ON M

[REMARKS]




U.S. Dept. of Commerce
NOAA National Weather Service
1325 East West Highway
Silver Spring, MD 20910
E-mail: w-nws.webmaster@noaa.gov
Page last modified: May 16, 2007
NATIONAL WEATHER SERVICE: for Safety, for Work, for Fun - FOR LIFE