641
CXUS55 KCYS 240728
CF6DGW
PRELIMINARY LOCAL CLIMATOLOGICAL DATA (WS FORM: F-6)

                                          STATION:   CONVERSE CO (DOUGLAS) WY ARPT
                                          MONTH:     APRIL
                                          YEAR:      2014
                                          LATITUDE:   42 46 N
                                          LONGITUDE: 105 22 W

  TEMPERATURE IN F:       :PCPN:    SNOW:  WIND      :SUNSHINE: SKY     :PK WND
================================================================================
1   2   3   4   5  6A  6B    7    8   9   10  11  12  13   14  15   16   17  18
                                     12Z  AVG MX 2MIN
DY MAX MIN AVG DEP HDD CDD  WTR  SNW DPTH SPD SPD DIR MIN PSBL S-S WX    SPD DR
================================================================================

 1  38  28  33  -7  32   0 0.01    M    M 13.5 25 130   M    M   9 1      29 130
 2  50  29  40   0  25   0 0.03    M    M 12.1 23 140   M    M   7 1      28 140
 3  47  23  35  -5  30   0 0.00    M    M 11.0 29 340   M    M   4 1      35 340
 4  54  19  37  -4  28   0 0.00    M    M  7.6 24 270   M    M   1 1      32 270
 5  57  26  42   1  23   0    T    M    M  8.3 23  10   M    M   2        30  10
 6  56  26  41   0  24   0    T    M    M 10.2 28 270   M    M   4        33 330
 7  54  33  44   2  21   0 0.00    M    M 15.8 29 300   M    M   8        37 310
 8  69  31  50   8  15   0 0.00    M    M 12.4 29 310   M    M   1        36 290
 9  75  33  54  12  11   0 0.00    M    M 15.4 39 280   M    M   0        47 280
10  62  36  49   7  16   0    T    M    M  7.3 22  50   M    M   5        27  60
11  70  29  50   8  15   0 0.00    M    M  8.1 30 250   M    M   0        43 240
12  61  32  47   4  18   0 0.57    M    M  8.7 23  40   M    M   5 1      29  40
13  32  17  25 -18  40   0 0.02    M    M 16.9 32  20   M    M  10 1      42  20
14  38  11  25 -18  40   0 0.00    M    M 11.6 28 290   M    M   0        33 290
15  60  21  41  -2  24   0 0.05    M    M 10.8 36 280   M    M   3 1      46 280
16  48  32  40  -4  25   0 0.04    M    M 12.5 25 320   M    M   9 1      32 330
17  59  31  45   1  20   0    T    M    M 11.6 20 140   M    M   3 1      24 130
18  75  36  56  12   9   0 0.00    M    M 10.2 33 300   M    M   0        40 300
19  63  32  48   4  17   0 0.00    M    M  8.3 22 150   M    M   1 18     29 140
20  72  35  54   9  11   0 0.00    M    M 10.1 25 280   M    M   1        29 280
21  66  34  50   5  15   0 0.00    M    M  8.0 17 150   M    M   2        27 150
22  64  39  52   7  13   0 0.01    M    M  8.4 21 160   M    M   3 3      25 160
23  60  33  47   1  18   0    T    M    M 17.9 40 270   M    M   2        52 280
================================================================================
SM 1330  666       490   0  0.73    M    256.7          M       80
================================================================================
AV 57.8 29.0                              11.2 FASTST   M    M   3    MAX(MPH)
                                 MISC ---->  # 40 270               # 52  280
================================================================================
NOTES:
# LAST OF SEVERAL OCCURRENCES

COLUMN 17 PEAK WIND IN M.P.H.

PRELIMINARY LOCAL CLIMATOLOGICAL DATA (WS FORM: F-6) , PAGE 2

                                          STATION:  CONVERSE CO (DOUGLAS) WY ARPT
                                          MONTH:    APRIL
                                          YEAR:     2014
                                          LATITUDE:   42 46 N
                                          LONGITUDE: 105 22 W

[TEMPERATURE DATA]      [PRECIPITATION DATA]       SYMBOLS USED IN COLUMN 16

AVERAGE MONTHLY: 43.4   TOTAL FOR MONTH:   0.73    1 = FOG OR MIST
DPTR FM NORMAL:   0.7   DPTR FM NORMAL:   -0.33    2 = FOG REDUCING VISIBILITY
HIGHEST:    75 ON 18, 9 GRTST 24HR  0.59 ON 12-13      TO 1/4 MILE OR LESS
LOWEST:     11 ON 14                               3 = THUNDER
                        SNOW, ICE PELLETS, HAIL    4 = ICE PELLETS
                        TOTAL MONTH:    M          5 = HAIL
                        GRTST 24HR    M  ON   M    6 = FREEZING RAIN OR DRIZZLE
                        GRTST DEPTH:  M  ON   M    7 = DUSTSTORM OR SANDSTORM:
                                                       VSBY 1/2 MILE OR LESS
                                                   8 = SMOKE OR HAZE
[NO. OF DAYS WITH]      [WEATHER - DAYS WITH]      9 = BLOWING SNOW
                                                   X = TORNADO
MAX 32 OR BELOW:   1    0.01 INCH OR MORE:   7
MAX 90 OR ABOVE:   0    0.10 INCH OR MORE:   1
MIN 32 OR BELOW:  15    0.50 INCH OR MORE:   1
MIN  0 OR BELOW:   0    1.00 INCH OR MORE:   0

[HDD (BASE 65) ]
TOTAL THIS MO.   490    CLEAR  (SCALE 0-3)  13
DPTR FM NORMAL   -22    PTCLDY (SCALE 4-7)   7
TOTAL FM JUL 1  6972    CLOUDY (SCALE 8-10)  3
DPTR FM NORMAL   142

[CDD (BASE 65) ]
TOTAL THIS MO.     0
DPTR FM NORMAL     0    [PRESSURE DATA]
TOTAL FM JAN 1     0    HIGHEST SLP M ON M
DPTR FM NORMAL     0    LOWEST  SLP 29.37 ON 23

[REMARKS]




U.S. Dept. of Commerce
NOAA National Weather Service
1325 East West Highway
Silver Spring, MD 20910
E-mail: w-nws.webmaster@noaa.gov
Page last modified: May 16, 2007
NATIONAL WEATHER SERVICE: for Safety, for Work, for Fun - FOR LIFE