633
CXUS55 KCYS 011000
CF6DGW
PRELIMINARY LOCAL CLIMATOLOGICAL DATA (WS FORM: F-6)

                                          STATION:   CONVERSE CO (DOUGLAS) WY ARPT
                                          MONTH:     SEPTEMBER
                                          YEAR:      2014
                                          LATITUDE:   42 46 N
                                          LONGITUDE: 105 22 W

  TEMPERATURE IN F:       :PCPN:    SNOW:  WIND      :SUNSHINE: SKY     :PK WND
================================================================================
1   2   3   4   5  6A  6B    7    8   9   10  11  12  13   14  15   16   17  18
                                     12Z  AVG MX 2MIN
DY MAX MIN AVG DEP HDD CDD  WTR  SNW DPTH SPD SPD DIR MIN PSBL S-S WX    SPD DR
================================================================================

 1  73  44  59  -6   6   0    T    M    M  6.3 25  20   M    M   3        32  20
 2  85  38  62  -3   3   0 0.00    M    M  5.1 21 250   M    M   0 12     27 280
 3  93  43  68   4   0   3    T    M    M 12.0 31 270   M    M   0 8      39 270
 4  69  45  57  -7   8   0 0.00    M    M  9.2 17 350   M    M   1        26  10
 5  67  49  58  -6   7   0    T    M    M 11.7 23 130   M    M   6        29 150
 6  78  40  59  -4   6   0 0.00    M    M  6.9 17 140   M    M   2 12     20 150
 7  87  43  65   3   0   0    T    M    M  7.1 35 300   M    M   1 8      50 280
 8  88  45  67   5   0   2    T    M    M  8.6 37 290   M    M   1        51 290
 9  73  50  62   0   3   0    T    M    M 10.5 23 330   M    M   5        28 330
10  68  40  54  -7  11   0 0.41    M    M  9.1 26  50   M    M   8 13     32  50
11  40  31  36 -25  29   0 0.07    M    M 10.1 18  60   M    M  10 1      23  60
12  57  28  43 -17  22   0 0.00    M    M  6.6 15 140   M    M   4 1      19 120
13  65  28  47 -13  18   0 0.00    M    M  7.7 20 340   M    M   0 1      25 340
14  73  33  53  -6  12   0 0.00    M    M  5.5 18  50   M    M   0        23  50
15  77  35  56  -3   9   0 0.00    M    M  8.2 22 150   M    M   0 12     26 160
16  87  44  66   8   0   1    T    M    M  8.8 22 280   M    M   1        32 280
17  86  47  67   9   0   2    T    M    M  5.7 26 280   M    M   1 3      31 280
18  92  43  68  11   0   3 0.00    M    M  3.4 16  10   M    M   0 8      26  10
19  86  52  69  12   0   4    T    M    M  9.4 23 280   M    M   1        31 280
20  79  44  62   6   3   0 0.00    M    M  6.8 20 360   M    M   0        24  20
21  75  45  60   4   5   0 0.00    M    M 13.8 25 130   M    M   1        32 130
22  79  48  64   9   1   0    T    M    M  7.9 28 240   M    M   2 38     32 250
23  82  48  65  10   0   0    T    M    M  8.7 23 300   M    M   2        30 300
24  86  40  63   9   2   0 0.00    M    M  4.4 14 120   M    M   0        17 120
25  93  44  69  15   0   4 0.00    M    M  6.2 17 160   M    M   0        21 150
26  93  46  70  17   0   5 0.00    M    M  4.9 21 270   M    M   0 8      25 290
27  80  50  65  12   0   0 0.00    M    M 11.0 20 350   M    M   0        26 340
28  59  48  54   2  11   0 0.17    M    M  8.6 16  40   M    M   8 18     19  80
29  68  47  58   6   7   0 0.24    M    M  7.4 18 120   M    M   6 1      23 120
30  66  45  56   4   9   0 0.01    M    M 14.3 32 280   M    M   7        41 290
================================================================================
SM 2304 1283       172  24  0.90    M    245.9          M       70
================================================================================
AV 76.8 42.8                               8.2 FASTST   M    M   2    MAX(MPH)
                                 MISC ---->  # 37 290               # 51  290
================================================================================
NOTES:
# LAST OF SEVERAL OCCURRENCES

COLUMN 17 PEAK WIND IN M.P.H.

PRELIMINARY LOCAL CLIMATOLOGICAL DATA (WS FORM: F-6) , PAGE 2

                                          STATION:  CONVERSE CO (DOUGLAS) WY ARPT
                                          MONTH:    SEPTEMBER
                                          YEAR:     2014
                                          LATITUDE:   42 46 N
                                          LONGITUDE: 105 22 W

[TEMPERATURE DATA]      [PRECIPITATION DATA]       SYMBOLS USED IN COLUMN 16

AVERAGE MONTHLY: 59.8   TOTAL FOR MONTH:   0.90    1 = FOG OR MIST
DPTR FM NORMAL:   1.4   DPTR FM NORMAL:   -0.33    2 = FOG REDUCING VISIBILITY
HIGHEST:    93 ON 26,25 GRTST 24HR  0.44 ON 10-11      TO 1/4 MILE OR LESS
LOWEST:     28 ON 13,12                            3 = THUNDER
                        SNOW, ICE PELLETS, HAIL    4 = ICE PELLETS
                        TOTAL MONTH:    M          5 = HAIL
                        GRTST 24HR    M  ON   M    6 = FREEZING RAIN OR DRIZZLE
                        GRTST DEPTH:  M  ON   M    7 = DUSTSTORM OR SANDSTORM:
                                                       VSBY 1/2 MILE OR LESS
                                                   8 = SMOKE OR HAZE
[NO. OF DAYS WITH]      [WEATHER - DAYS WITH]      9 = BLOWING SNOW
                                                   X = TORNADO
MAX 32 OR BELOW:   0    0.01 INCH OR MORE:   5
MAX 90 OR ABOVE:   4    0.10 INCH OR MORE:   3
MIN 32 OR BELOW:   3    0.50 INCH OR MORE:   0
MIN  0 OR BELOW:   0    1.00 INCH OR MORE:   0

[HDD (BASE 65) ]
TOTAL THIS MO.   172    CLEAR  (SCALE 0-3)  22
DPTR FM NORMAL   -56    PTCLDY (SCALE 4-7)   6
TOTAL FM JUL 1   209    CLOUDY (SCALE 8-10)  2
DPTR FM NORMAL   -60

[CDD (BASE 65) ]
TOTAL THIS MO.    24
DPTR FM NORMAL    -4    [PRESSURE DATA]
TOTAL FM JAN 1   401    HIGHEST SLP 30.61 ON 11
DPTR FM NORMAL   -85    LOWEST  SLP 29.54 ON 30

[REMARKS]
#FINAL-09-14#




U.S. Dept. of Commerce
NOAA National Weather Service
1325 East West Highway
Silver Spring, MD 20910
E-mail: w-nws.webmaster@noaa.gov
Page last modified: May 16, 2007
NATIONAL WEATHER SERVICE: for Safety, for Work, for Fun - FOR LIFE