953
CXUS54 KFWD 270730
CF6DFW
PRELIMINARY LOCAL CLIMATOLOGICAL DATA (WS FORM: F-6)

                                          STATION:   DALLAS FORT WORTH
                                          MONTH:     NOVEMBER
                                          YEAR:      2014
                                          LATITUDE:   32 54 N
                                          LONGITUDE:  97  2 W

  TEMPERATURE IN F:       :PCPN:    SNOW:  WIND      :SUNSHINE: SKY     :PK WND
================================================================================
1   2   3   4   5  6A  6B    7    8   9   10  11  12  13   14  15   16   17  18
                                     12Z  AVG MX 2MIN
DY MAX MIN AVG DEP HDD CDD  WTR  SNW DPTH SPD SPD DIR MIN PSBL S-S WX    SPD DR
================================================================================

 1  62  37  50 -12  15   0 0.00  0.0    0  8.8 17 130   M    M   2        21 130
 2  68  46  57  -5   8   0 0.00  0.0    0 14.7 22 160   M    M   7        27 170
 3  76  54  65   3   0   0 0.00  0.0    0 15.7 25 190   M    M   9        32 170
 4  70  52  61   0   4   0 1.24  0.0    0 12.5 31  20   M    M  10 1      39  20
 5  56  50  53  -8  12   0 0.17  0.0    0  8.0 14 340   M    M   9 1      16 340
 6  70  43  57  -3   8   0 0.00  0.0    0  8.0 16  20   M    M   3        21  10
 7  67  42  55  -5  10   0 0.00  0.0    0  8.0 16 200   M    M   1        20 190
 8  70  46  58  -2   7   0 0.00  0.0    0 12.7 28  10   M    M   3        36  20
 9  73  39  56  -3   9   0 0.00  0.0    0 10.3 23 190   M    M   2        27 170
10  79  51  65   6   0   0 0.00  0.0    0 19.9 36 200   M    M   3        43 190
11  66  38  52  -6  13   0    T  0.0    0 19.6 35 320   M    M   4        41 320
12  40  31  36 -22  29   0 0.00  0.0    0 18.4 26 340   M    M   5        31 360
13  38  28  33 -25  32   0    T    T    0 14.7 24 350   M    M   6 4      29 350
14  40  25  33 -24  32   0 0.00  0.0    0  4.4 10 140   M    M   7        13 140
15  45  37  41 -16  24   0    T  0.0    0 13.0 22 170   M    M  10 18     28 170
16  40  27  34 -22  31   0 0.04    T    0 14.5 28 330   M    M  10 1      34 310
17  44  23  34 -22  31   0 0.00  0.0    T 11.5 25 330   M    M   1        31 330
18  56  22  39 -17  26   0 0.00  0.0    0  9.9 20 200   M    M   2        27 250
19  64  33  49  -6  16   0 0.00  0.0    0  9.2 18 230   M    M   1        22 220
20  71  41  56   1   9   0 0.00  0.0    0  9.1 20 210   M    M   5        25 200
21  68  58  63   9   2   0 0.02  0.0    0 12.4 20 140   M    M  10 1      25 140
22  60  52  56   2   9   0 0.66  0.0    0 12.6 23 140   M    M   9 13     28 150
23  77  48  63  10   2   0 0.00  0.0    0 15.7 31 290   M    M   4 18     42 290
24  60  41  51  -2  14   0 0.00  0.0    0  8.4 20 320   M    M   3 8      23 320
25  61  35  48  -5  17   0 0.00  0.0    0  6.9 16 290   M    M   2        20 250
26  64  37  51  -1  14   0    T    M    0 10.5 18 350   M    M   2 8      21 350
================================================================================
SM 1585 1036       374   0  2.13    T    309.4          M      130
================================================================================
AV 61.0 39.8                              11.9 FASTST   M    M   5    MAX(MPH)
                                 MISC ---->  # 36 200               # 43  190
================================================================================
NOTES:
# LAST OF SEVERAL OCCURRENCES

COLUMN 17 PEAK WIND IN M.P.H.

PRELIMINARY LOCAL CLIMATOLOGICAL DATA (WS FORM: F-6) , PAGE 2

                                          STATION:  DALLAS FORT WORTH
                                          MONTH:    NOVEMBER
                                          YEAR:     2014
                                          LATITUDE:   32 54 N
                                          LONGITUDE:  97  2 W

[TEMPERATURE DATA]      [PRECIPITATION DATA]       SYMBOLS USED IN COLUMN 16

AVERAGE MONTHLY: 50.4   TOTAL FOR MONTH:   2.13    1 = FOG OR MIST
DPTR FM NORMAL:  -6.9   DPTR FM NORMAL:   -0.28    2 = FOG REDUCING VISIBILITY
HIGHEST:    79 ON 10    GRTST 24HR  1.32 ON  4- 5      TO 1/4 MILE OR LESS
LOWEST:     22 ON 18                               3 = THUNDER
                        SNOW, ICE PELLETS, HAIL    4 = ICE PELLETS
                        TOTAL MONTH:    T          5 = HAIL
                        GRTST 24HR    T  ON 16-16  6 = FREEZING RAIN OR DRIZZLE
                        GRTST DEPTH:   T           7 = DUSTSTORM OR SANDSTORM:
                                                       VSBY 1/2 MILE OR LESS
                                                   8 = SMOKE OR HAZE
[NO. OF DAYS WITH]      [WEATHER - DAYS WITH]      9 = BLOWING SNOW
                                                   X = TORNADO
MAX 32 OR BELOW:   0    0.01 INCH OR MORE:   5
MAX 90 OR ABOVE:   0    0.10 INCH OR MORE:   3
MIN 32 OR BELOW:   6    0.50 INCH OR MORE:   2
MIN  0 OR BELOW:   0    1.00 INCH OR MORE:   1

[HDD (BASE 65) ]
TOTAL THIS MO.   374    CLEAR  (SCALE 0-3)  11
DPTR FM NORMAL   148    PTCLDY (SCALE 4-7)   8
TOTAL FM JUL 1   387    CLOUDY (SCALE 8-10)  7
DPTR FM NORMAL    89

[CDD (BASE 65) ]
TOTAL THIS MO.     0
DPTR FM NORMAL   -27    [PRESSURE DATA]
TOTAL FM JAN 1  2946    HIGHEST SLP M ON M
DPTR FM NORMAL   196    LOWEST  SLP 29.35 ON 23

[REMARKS]




U.S. Dept. of Commerce
NOAA National Weather Service
1325 East West Highway
Silver Spring, MD 20910
E-mail: w-nws.webmaster@noaa.gov
Page last modified: May 16, 2007
NATIONAL WEATHER SERVICE: for Safety, for Work, for Fun - FOR LIFE