206
CXUS53 KIWX 200800
CF6DFI
PRELIMINARY LOCAL CLIMATOLOGICAL DATA (WS FORM: F-6)

                                          STATION:   DEFIANCE MEMORIAL
                                          MONTH:     SEPTEMBER
                                          YEAR:      2014
                                          LATITUDE:   41 20 N
                                          LONGITUDE:  84 26 W

  TEMPERATURE IN F:       :PCPN:    SNOW:  WIND      :SUNSHINE: SKY     :PK WND
================================================================================
1   2   3   4   5  6A  6B    7    8   9   10  11  12  13   14  15   16   17  18
                                     12Z  AVG MX 2MIN
DY MAX MIN AVG DEP HDD CDD  WTR  SNW DPTH SPD SPD DIR MIN PSBL S-S WX    SPD DR
================================================================================

 1  86  70  78  10   0  13    T  0.0    0  9.4 21 210   M    M   4 18     29 210
 2  80  62  71   3   0   6 0.22  0.0    0  4.8 16 220   M    M   5 12     21 220
 3  84  58  71   3   0   6 0.00  0.0    0  2.5 13 220   M    M   5 12     18 190
 4  87  61  74   6   0   9    T  0.0    0  5.8 17 200   M    M   1        25 210
 5  93  70  82  15   0  17 0.78  0.0    0  8.8 24 330   M    M   1 138    31 290
 6  76  57  67   0   0   2 0.03  0.0    0  5.5 14  10   M    M   6 1      21 320
 7  77  49  63  -4   2   0 0.00  0.0    0  2.9  9  80   M    M   0 1      13  30
 8  81  50  66   0   0   1 0.00  0.0    0  3.0 13  80   M    M   0        17  60
 9  78  53  66   0   0   1 0.02  0.0    0  2.3  8 220   M    M   5 128    12 220
10  76  66  71   5   0   6 3.10  0.0    0  8.4 25 230   M    M   6 123    38 230
11  69  55  62  -3   3   0 0.00  0.0    0  8.9 17 330   M    M  10        26 320
12  61  54  58  -7   7   0 0.00  0.0    0  5.0 13  20   M    M  10        15  10
13  65  46  56  -9   9   0 0.06  0.0    0  6.3 17 320   M    M   6 1      23 340
14  66  44  55  -9  10   0 0.00  0.0    0  2.6 10 220   M    M   5        13 220
15  60  44  52 -12  13   0 0.13  0.0    0  2.0 10 160   M    M   6 12     13 330
16  68  47  58  -6   7   0 0.00  0.0    0  2.2  9 350   M    M   4 12     11 350
17  69  41  55  -8  10   0 0.00  0.0    0  1.7 14 210   M    M   1 1      18 220
18  73  42  58  -5   7   0 0.00  0.0    0  4.3 10  70   M    M   1 18     13  70
19  72  47  60  -2   5   0 0.00  0.0    0  3.6 10 160   M    M   1 1      13 160
================================================================================
SM 1421 1016        73  61  4.34     0.0  90.0          M       77
================================================================================
AV 74.8 53.5                               4.7 FASTST   M    M   4    MAX(MPH)
                                 MISC ---->  # 25 230               # 38  230
================================================================================
NOTES:
# LAST OF SEVERAL OCCURRENCES

COLUMN 17 PEAK WIND IN M.P.H.

PRELIMINARY LOCAL CLIMATOLOGICAL DATA (WS FORM: F-6) , PAGE 2

                                          STATION:  DEFIANCE MEMORIAL
                                          MONTH:    SEPTEMBER
                                          YEAR:     2014
                                          LATITUDE:   41 20 N
                                          LONGITUDE:  84 26 W

[TEMPERATURE DATA]      [PRECIPITATION DATA]       SYMBOLS USED IN COLUMN 16

AVERAGE MONTHLY: 64.1   TOTAL FOR MONTH:   4.34    1 = FOG OR MIST
DPTR FM NORMAL:  -1.4   DPTR FM NORMAL:    2.67    2 = FOG REDUCING VISIBILITY
HIGHEST:    93 ON  5    GRTST 24HR  3.10 ON 10-10      TO 1/4 MILE OR LESS
LOWEST:     41 ON 17                               3 = THUNDER
                        SNOW, ICE PELLETS, HAIL    4 = ICE PELLETS
                        TOTAL MONTH:   0.0 INCH    5 = HAIL
                        GRTST 24HR     0.0         6 = FREEZING RAIN OR DRIZZLE
                        GRTST DEPTH:   0           7 = DUSTSTORM OR SANDSTORM:
                                                       VSBY 1/2 MILE OR LESS
                                                   8 = SMOKE OR HAZE
[NO. OF DAYS WITH]      [WEATHER - DAYS WITH]      9 = BLOWING SNOW
                                                   X = TORNADO
MAX 32 OR BELOW:   0    0.01 INCH OR MORE:   7
MAX 90 OR ABOVE:   1    0.10 INCH OR MORE:   4
MIN 32 OR BELOW:   0    0.50 INCH OR MORE:   2
MIN  0 OR BELOW:   0    1.00 INCH OR MORE:   1

[HDD (BASE 65) ]
TOTAL THIS MO.    73    CLEAR  (SCALE 0-3)   7
DPTR FM NORMAL    31    PTCLDY (SCALE 4-7)  10
TOTAL FM JUL 1    94    CLOUDY (SCALE 8-10)  2
DPTR FM NORMAL    41

[CDD (BASE 65) ]
TOTAL THIS MO.    61
DPTR FM NORMAL     8    [PRESSURE DATA]
TOTAL FM JAN 1   737    HIGHEST SLP M ON M
DPTR FM NORMAL    60    LOWEST  SLP 29.54 ON 10

[REMARKS]




U.S. Dept. of Commerce
NOAA National Weather Service
1325 East West Highway
Silver Spring, MD 20910
E-mail: w-nws.webmaster@noaa.gov
Page last modified: May 16, 2007
NATIONAL WEATHER SERVICE: for Safety, for Work, for Fun - FOR LIFE