603
CXUS53 KIWX 010800
CF6DFI
PRELIMINARY LOCAL CLIMATOLOGICAL DATA (WS FORM: F-6)

                                          STATION:   DEFIANCE MEMORIAL
                                          MONTH:     AUGUST
                                          YEAR:      2014
                                          LATITUDE:   41 20 N
                                          LONGITUDE:  84 26 W

  TEMPERATURE IN F:       :PCPN:    SNOW:  WIND      :SUNSHINE: SKY     :PK WND
================================================================================
1   2   3   4   5  6A  6B    7    8   9   10  11  12  13   14  15   16   17  18
                                     12Z  AVG MX 2MIN
DY MAX MIN AVG DEP HDD CDD  WTR  SNW DPTH SPD SPD DIR MIN PSBL S-S WX    SPD DR
================================================================================

 1  84  60  72   0   0   7    T  0.0    0  2.5  6  99   M    M   1 13      M  M
 2  79  61  70  -2   0   5 0.15  0.0    0  3.5 14 220   M    M   4 18     21 220
 3  86  57  72   0   0   7 0.00  0.0    0  1.4  9 360   M    M   0 18     13 280
 4  87  57  72   0   0   7 0.19  0.0    0  2.4 12 170   M    M   2 138    15 240
 5  79  62  71  -1   0   6 0.05  0.0    0  1.7 12 330   M    M   5 18     14 330
 6  82  62  72   0   0   7 0.00  0.0    0  3.8 10  30   M    M   7 128    15  30
 7  83  54  69  -3   0   4 0.00  0.0    0  2.0 12  90   M    M   0 1      14  90
 8  84  56  70  -2   0   5 0.00  0.0    0  5.4 15  80   M    M   0        22  60
 9  83  56  70  -2   0   5 0.00  0.0    0  7.3 16 100   M    M   0 18     23 100
10  89  60  75   3   0  10 0.00  0.0    0  6.9 13  70   M    M   1        17 120
11  77  66  72   0   0   7 1.99  0.0    0  4.0 16  80   M    M   8 138    20  90
12  74  61  68  -4   0   3    T  0.0    0  7.4 20 320   M    M   8 18     26 300
13  79  54  67  -4   0   2 0.00  0.0    0  4.9 16 320   M    M   2        21 320
14  73  53  63  -8   2   0 0.00  0.0    0  6.3 17 320   M    M   0        22 330
15  76  44  60 -11   5   0 0.00  0.0    0  2.3 10 320   M    M   0        14 260
16  79  48  64  -7   1   0 0.00  0.0    0  5.6 16 220   M    M   3 18     21 230
17  80  66  73   2   0   8 0.00  0.0    0  3.9 12  80   M    M   7 18     18 350
18  83  63  73   2   0   8 0.00  0.0    0  5.9 12  80   M    M   4        15  70
19  87  62  75   4   0  10 1.47  0.0    0  6.1 18 290   M    M   3 138    32 260
20  85  66  76   5   0  11 0.00  0.0    0  4.2 13 230   M    M   1 1      19 270
21  81  67  74   3   0   9    T  0.0    0  4.5 15 220   M    M   4 1      20 210
22  87  68  78   8   0  13    T  0.0    0  2.1  8  60   M    M   6 18     14  50
23  83  67  75   5   0  10 0.00  0.0    0  5.3 12 100   M    M   5 128    16 110
24  83  65  74   4   0   9 0.00  0.0    0  6.0 10  90   M    M   6 18     19  90
25  89  67  78   8   0  13 0.00  0.0    0  2.5  8 150   M    M   4 128    13  50
26  87  67  77   7   0  12 0.01  0.0    0  2.4 12 310   M    M   0 1      19 320
27  85  64  75   5   0  10    T  0.0    0  3.4 12 350   M    M   3 1      14 340
28  79  60  70   1   0   5 0.00  0.0    0  5.5 12  80   M    M   3        14  90
29  84  59  72   3   0   7 0.00  0.0    0  5.4 12 190   M    M   1        16 120
30  85  72  79  10   0  14 0.00  0.0    0 12.1 23 200   M    M   3 8      30 210
31  85  70  78   9   0  13 0.00  0.0    0  6.0 14 210   M    M   5        19 240
================================================================================
SM 2557 1894         8 227  3.86     0.0 142.7          M       96
================================================================================
AV 82.5 61.1                               4.6 FASTST   M    M   3    MAX(MPH)
                                 MISC ---->  # 23 200               # 32  260
================================================================================
NOTES:
# LAST OF SEVERAL OCCURRENCES

COLUMN 17 PEAK WIND IN M.P.H.

PRELIMINARY LOCAL CLIMATOLOGICAL DATA (WS FORM: F-6) , PAGE 2

                                          STATION:  DEFIANCE MEMORIAL
                                          MONTH:    AUGUST
                                          YEAR:     2014
                                          LATITUDE:   41 20 N
                                          LONGITUDE:  84 26 W

[TEMPERATURE DATA]      [PRECIPITATION DATA]       SYMBOLS USED IN COLUMN 16

AVERAGE MONTHLY: 71.8   TOTAL FOR MONTH:   3.86    1 = FOG OR MIST
DPTR FM NORMAL:   0.9   DPTR FM NORMAL:    0.57    2 = FOG REDUCING VISIBILITY
HIGHEST:    89 ON 25,10 GRTST 24HR  1.99 ON 11-11      TO 1/4 MILE OR LESS
LOWEST:     44 ON 15                               3 = THUNDER
                        SNOW, ICE PELLETS, HAIL    4 = ICE PELLETS
                        TOTAL MONTH:   0.0 INCH    5 = HAIL
                        GRTST 24HR     0.0         6 = FREEZING RAIN OR DRIZZLE
                        GRTST DEPTH:   0           7 = DUSTSTORM OR SANDSTORM:
                                                       VSBY 1/2 MILE OR LESS
                                                   8 = SMOKE OR HAZE
[NO. OF DAYS WITH]      [WEATHER - DAYS WITH]      9 = BLOWING SNOW
                                                   X = TORNADO
MAX 32 OR BELOW:   0    0.01 INCH OR MORE:   6
MAX 90 OR ABOVE:   0    0.10 INCH OR MORE:   4
MIN 32 OR BELOW:   0    0.50 INCH OR MORE:   2
MIN  0 OR BELOW:   0    1.00 INCH OR MORE:   2

[HDD (BASE 65) ]
TOTAL THIS MO.     8    CLEAR  (SCALE 0-3)  17
DPTR FM NORMAL    -1    PTCLDY (SCALE 4-7)  13
TOTAL FM JUL 1    21    CLOUDY (SCALE 8-10)  1
DPTR FM NORMAL    10

[CDD (BASE 65) ]
TOTAL THIS MO.   227
DPTR FM NORMAL    36    [PRESSURE DATA]
TOTAL FM JAN 1   676    HIGHEST SLP 30.15 ON 28
DPTR FM NORMAL    52    LOWEST  SLP 29.70 ON 12

[REMARKS]
#FINAL-08-14#




U.S. Dept. of Commerce
NOAA National Weather Service
1325 East West Highway
Silver Spring, MD 20910
E-mail: w-nws.webmaster@noaa.gov
Page last modified: May 16, 2007
NATIONAL WEATHER SERVICE: for Safety, for Work, for Fun - FOR LIFE