792
CXUS56 KOTX 011500
CF6DEW
PRELIMINARY LOCAL CLIMATOLOGICAL DATA (WS FORM: F-6)

                                          STATION:   DEER_PARK WA AIRPORT
                                          MONTH:     SEPTEMBER
                                          YEAR:      2014
                                          LATITUDE:   47 58 N
                                          LONGITUDE: 117 25 W

  TEMPERATURE IN F:       :PCPN:    SNOW:  WIND      :SUNSHINE: SKY     :PK WND
================================================================================
1   2   3   4   5  6A  6B    7    8   9   10  11  12  13   14  15   16   17  18
                                     12Z  AVG MX 2MIN
DY MAX MIN AVG DEP HDD CDD  WTR  SNW DPTH SPD SPD DIR MIN PSBL S-S WX    SPD DR
================================================================================

 1  75  37  56  -6   9   0 0.00    M    M  6.2 18 220   M    M   0        26 230
 2  77  41  59  -2   6   0 0.05    M    M  8.6 22 290   M    M   3        32 280
 3  62  41  52  -9  13   0 0.28    M    M  7.2 14 200   M    M   6 13     18 190
 4  72  45  59  -2   6   0 0.00    M    M  4.2 13  60   M    M   1        17  70
 5  78  45  62   2   3   0 0.00    M    M  6.3 14  60   M    M   0        19  30
 6  83  46  65   5   0   0 0.00    M    M  4.1 13  30   M    M   0        16  40
 7  85  37  61   1   4   0 0.00    M    M  2.6 14 210   M    M   0 8      17 210
 8  81  40  61   2   4   0 0.00    M    M  7.5 22 200   M    M   0        29 200
 9  76  41  59   0   6   0 0.00    M    M  6.9 18 310   M    M   1        22 310
10  66  43  55  -3  10   0 0.00    M    M 12.0 25 310   M    M   4        32 310
11  65  28  47 -11  18   0 0.00    M    M  9.0 20  50   M    M   0        25  30
12  72  36  54  -4  11   0 0.00    M    M  7.1 14  40   M    M   0        18  50
13  73  43  58   1   7   0 0.00    M    M  8.3 21  50   M    M   0        26  50
14  80  37  59   2   6   0 0.00    M    M  4.7 10  30   M    M   0        16  40
15  83  34  59   2   6   0 0.00    M    M  3.1  8  10   M    M   0 18     11  30
16  83  52  68  12   0   3 0.00    M    M  3.8  9 150   M    M   0 8      15  30
17  85  44  65   9   0   0 0.00    M    M  2.8  7  10   M    M   0        10  70
18  79  52  66  10   0   1 0.00    M    M  8.1 25 240   M    M   5 8      33 250
19  78  49  64   9   1   0 0.00    M    M  8.0 17 240   M    M   4        23 250
20  83  41  62   7   3   0 0.00    M    M  4.8 15  20   M    M   0        19  20
21  88  49  69  15   0   4 0.00    M    M  6.0 14  40   M    M   0        19  40
22  84  45  65  11   0   0 0.00    M    M  4.8 14 200   M    M   1        18 190
23  75  50  63  10   2   0    T    M    M  4.8 10  20   M    M   5        14  20
24  73  50  62   9   3   0 0.00    M    M  6.1 21 200   M    M   6        24 200
25  73  49  61   9   4   0    T    M    M  5.1 17 250   M    M   4        22 250
26  71  38  55   3  10   0 0.00    M    M  5.7 18 210   M    M   3 1      28 150
27  75  37  56   4   9   0 0.00    M    M  9.0 18  40   M    M   0        23  30
28  75  52  64  13   1   0 0.00    M    M  9.9 20  50   M    M   0        28  50
29  69  47  58   7   7   0 0.00    M    M  7.1 17 190   M    M   5        22 190
30  61  36  49  -1  16   0 0.32    M    M  8.1 21 340   M    M   4 13     28 340
================================================================================
SM 2280 1285       165   8  0.65    M    191.9          M       52
================================================================================
AV 76.0 42.8                               6.4 FASTST   M    M   2    MAX(MPH)
                                 MISC ---->  # 25 310               # 33  250
================================================================================
NOTES:
# LAST OF SEVERAL OCCURRENCES

COLUMN 17 PEAK WIND IN M.P.H.

PRELIMINARY LOCAL CLIMATOLOGICAL DATA (WS FORM: F-6) , PAGE 2

                                          STATION:  DEER_PARK WA AIRPORT
                                          MONTH:    SEPTEMBER
                                          YEAR:     2014
                                          LATITUDE:   47 58 N
                                          LONGITUDE: 117 25 W

[TEMPERATURE DATA]      [PRECIPITATION DATA]       SYMBOLS USED IN COLUMN 16

AVERAGE MONTHLY: 59.4   TOTAL FOR MONTH:   0.65    1 = FOG OR MIST
DPTR FM NORMAL:   3.1   DPTR FM NORMAL:   -0.35    2 = FOG REDUCING VISIBILITY
HIGHEST:    88 ON 21    GRTST 24HR  0.33 ON  2- 3      TO 1/4 MILE OR LESS
LOWEST:     28 ON 11                               3 = THUNDER
                        SNOW, ICE PELLETS, HAIL    4 = ICE PELLETS
                        TOTAL MONTH:    M          5 = HAIL
                        GRTST 24HR    M  ON   M    6 = FREEZING RAIN OR DRIZZLE
                        GRTST DEPTH:  M  ON   M    7 = DUSTSTORM OR SANDSTORM:
                                                       VSBY 1/2 MILE OR LESS
                                                   8 = SMOKE OR HAZE
[NO. OF DAYS WITH]      [WEATHER - DAYS WITH]      9 = BLOWING SNOW
                                                   X = TORNADO
MAX 32 OR BELOW:   0    0.01 INCH OR MORE:   3
MAX 90 OR ABOVE:   0    0.10 INCH OR MORE:   2
MIN 32 OR BELOW:   1    0.50 INCH OR MORE:   0
MIN  0 OR BELOW:   0    1.00 INCH OR MORE:   0

[HDD (BASE 65) ]
TOTAL THIS MO.   165    CLEAR  (SCALE 0-3)  20
DPTR FM NORMAL  -110    PTCLDY (SCALE 4-7)  10
TOTAL FM JUL 1   201    CLOUDY (SCALE 8-10)  0
DPTR FM NORMAL  -218

[CDD (BASE 65) ]
TOTAL THIS MO.     8
DPTR FM NORMAL    -4    [PRESSURE DATA]
TOTAL FM JAN 1   354    HIGHEST SLP 30.50 ON 11
DPTR FM NORMAL   167    LOWEST  SLP 29.59 ON 18

[REMARKS]
#FINAL-09-14#




U.S. Dept. of Commerce
NOAA National Weather Service
1325 East West Highway
Silver Spring, MD 20910
E-mail: w-nws.webmaster@noaa.gov
Page last modified: May 16, 2007
NATIONAL WEATHER SERVICE: for Safety, for Work, for Fun - FOR LIFE