452
CXUS56 KOTX 011500
CF6DEW
PRELIMINARY LOCAL CLIMATOLOGICAL DATA (WS FORM: F-6)

                                          STATION:   DEER_PARK WA AIRPORT
                                          MONTH:     JULY
                                          YEAR:      2014
                                          LATITUDE:   47 58 N
                                          LONGITUDE: 117 25 W

  TEMPERATURE IN F:       :PCPN:    SNOW:  WIND      :SUNSHINE: SKY     :PK WND
================================================================================
1   2   3   4   5  6A  6B    7    8   9   10  11  12  13   14  15   16   17  18
                                     12Z  AVG MX 2MIN
DY MAX MIN AVG DEP HDD CDD  WTR  SNW DPTH SPD SPD DIR MIN PSBL S-S WX    SPD DR
================================================================================

 1  86  51  69   7   0   4 0.00    M    M  9.5 17  50   M    M   0        24  30
 2  89  58  74  12   0   9 0.00    M    M  5.4 13  30   M    M   0        16  10
 3  87  56  72   9   0   7 0.00    M    M  8.5 20 210   M    M   0        25 170
 4  81  56  69   6   0   4 0.00    M    M  5.8 15 180   M    M   0        47 270
 5  85  51  68   5   0   3 0.00    M    M  6.1 16 190   M    M   1        20 170
 6  90  55  73   9   0   8 0.00    M    M  6.2 16 230   M    M   0 8      21 230
 7  88  55  72   8   0   7 0.00    M    M  4.5 12 280   M    M   0 8      16 280
 8  92  51  72   8   0   7 0.00    M    M  2.2 12 250   M    M   0 8      14 250
 9  94  52  73   9   0   8 0.00    M    M  6.5 20 200   M    M   0        23 220
10  89  47  68   4   0   3 0.00    M    M  4.1 13 170   M    M   0 8      18 170
11  92  51  72   7   0   7 0.00    M    M  3.9 13  30   M    M   0 8      17  30
12  94  50  72   7   0   7 0.00    M    M  4.7 10  20   M    M   0        14  20
13  97  50  74   9   0   9 0.00    M    M  3.3 10  50   M    M   0        14  60
14  93  60  77  12   0  12 0.06    M    M  7.6 21 300   M    M   1 38     28  70
15  93  58  76  10   0  11 0.00    M    M  3.2  9 240   M    M   0        14 250
16  97  56  77  11   0  12 0.00    M    M  3.2 12  90   M    M   0        16  90
17  91  53  72   6   0   7 0.00    M    M  7.6 18 210   M    M   3 8      24 210
18  84  60  72   6   0   7 0.00    M    M  7.2 15 170   M    M   8 8      18 160
19  90  59  75   9   0  10 0.00    M    M 12.5 26 250   M    M   4 8      33 250
20  82  54  68   2   0   3 0.00    M    M  8.9 18 210   M    M   2        25 180
21  77  49  63  -3   2   0 0.00    M    M  7.2 15 180   M    M   0        23 190
22  77  58  68   1   0   3 0.03    M    M  6.4 13  20   M    M   4        17  20
23  87  55  71   4   0   6 0.00    M    M  6.0 18 180   M    M   1        23 180
24  66  46  56 -11   9   0 0.00    M    M 11.1 25 210   M    M   7        34 220
25  77  40  59  -8   6   0 0.00    M    M  5.3 13 230   M    M   0        18 180
26  85  43  64  -3   1   0 0.00    M    M  3.5 10 170   M    M   0        15 170
27  92  56  74   7   0   9 0.00    M    M  4.4 13  40   M    M   0        16  40
28  97  61  79  12   0  14    T    M    M  4.5 15  30   M    M   0 8      24  50
29 100  55  78  11   0  13 0.00    M    M  3.3 13 230   M    M   0 8      15 230
30  99  52  76   9   0  11 0.00    M    M  3.9 15 190   M    M   0 8      20 240
31  99  49  74   7   0   9 0.00    M    M  4.2 15 250   M    M   0 8      20 270
================================================================================
SM 2750 1647        18 210  0.09    M    180.7          M       31
================================================================================
AV 88.7 53.1                               5.8 FASTST   M    M   1    MAX(MPH)
                                 MISC ---->  # 26 250               # 47  270
================================================================================
NOTES:
# LAST OF SEVERAL OCCURRENCES

COLUMN 17 PEAK WIND IN M.P.H.

PRELIMINARY LOCAL CLIMATOLOGICAL DATA (WS FORM: F-6) , PAGE 2

                                          STATION:  DEER_PARK WA AIRPORT
                                          MONTH:    JULY
                                          YEAR:     2014
                                          LATITUDE:   47 58 N
                                          LONGITUDE: 117 25 W

[TEMPERATURE DATA]      [PRECIPITATION DATA]       SYMBOLS USED IN COLUMN 16

AVERAGE MONTHLY: 70.9   TOTAL FOR MONTH:   0.09    1 = FOG OR MIST
DPTR FM NORMAL:   5.6   DPTR FM NORMAL:   -0.81    2 = FOG REDUCING VISIBILITY
HIGHEST:   100 ON 29    GRTST 24HR  0.06 ON 14-14      TO 1/4 MILE OR LESS
LOWEST:     40 ON 25                               3 = THUNDER
                        SNOW, ICE PELLETS, HAIL    4 = ICE PELLETS
                        TOTAL MONTH:    M          5 = HAIL
                        GRTST 24HR    M  ON   M    6 = FREEZING RAIN OR DRIZZLE
                        GRTST DEPTH:  M  ON   M    7 = DUSTSTORM OR SANDSTORM:
                                                       VSBY 1/2 MILE OR LESS
                                                   8 = SMOKE OR HAZE
[NO. OF DAYS WITH]      [WEATHER - DAYS WITH]      9 = BLOWING SNOW
                                                   X = TORNADO
MAX 32 OR BELOW:   0    0.01 INCH OR MORE:   2
MAX 90 OR ABOVE:  16    0.10 INCH OR MORE:   0
MIN 32 OR BELOW:   0    0.50 INCH OR MORE:   0
MIN  0 OR BELOW:   0    1.00 INCH OR MORE:   0

[HDD (BASE 65) ]
TOTAL THIS MO.    18    CLEAR  (SCALE 0-3)  27
DPTR FM NORMAL   -50    PTCLDY (SCALE 4-7)   3
TOTAL FM JUL 1    18    CLOUDY (SCALE 8-10)  1
DPTR FM NORMAL   -50

[CDD (BASE 65) ]
TOTAL THIS MO.   210
DPTR FM NORMAL   133    [PRESSURE DATA]
TOTAL FM JAN 1   212    HIGHEST SLP 30.13 ON 27
DPTR FM NORMAL   115    LOWEST  SLP 29.68 ON  9

[REMARKS]
#FINAL-07-14#




U.S. Dept. of Commerce
NOAA National Weather Service
1325 East West Highway
Silver Spring, MD 20910
E-mail: w-nws.webmaster@noaa.gov
Page last modified: May 16, 2007
NATIONAL WEATHER SERVICE: for Safety, for Work, for Fun - FOR LIFE