305
CXUS56 KOTX 010900
CF6DEW
PRELIMINARY LOCAL CLIMATOLOGICAL DATA (WS FORM: F-6)

                                          STATION:   DEER_PARK WA AIRPORT
                                          MONTH:     JANUARY
                                          YEAR:      2015
                                          LATITUDE:   47 58 N
                                          LONGITUDE: 117 25 W

  TEMPERATURE IN F:       :PCPN:    SNOW:  WIND      :SUNSHINE: SKY     :PK WND
================================================================================
1   2   3   4   5  6A  6B    7    8   9   10  11  12  13   14  15   16   17  18
                                     12Z  AVG MX 2MIN
DY MAX MIN AVG DEP HDD CDD  WTR  SNW DPTH SPD SPD DIR MIN PSBL S-S WX    SPD DR
================================================================================

 1  18  -1   9 -16  56   0    T    M    M  0.5  5  50   M    M   9 1       6  50
 2  23   7  15 -10  50   0 0.06    M    M  1.2  6 320   M    M  10 1       7 230
 3  24  -1  12 -13  53   0 0.02    M    M  2.4  9  10   M    M   8 1      12  10
 4  31  22  27   1  38   0 0.46    M    M  1.9  6 170   M    M  10 126     7 360
 5  35  31  33   7  32   0 0.18    M    M  2.2 12 200   M    M  10 12     16 190
 6  43  31  37  11  28   0 0.00    M    M  3.0  9 330   M    M   3 12     10 330
 7  37  25  31   5  34   0 0.00    M    M  2.2  9 180   M    M   8 12      9 360
 8  38  30  34   8  31   0 0.00    M    M  9.1 20  30   M    M   6 12     24  30
 9  35  17  26   0  39   0 0.00    M    M  5.4 16  40   M    M   1        21  40
10  30  23  27   1  38   0 0.03    M    M  0.6  6  40   M    M  10 12      6  10
11  34  15  25  -2  40   0 0.00    M    M  5.4 14 350   M    M   4 12     16 350
12  31  21  26  -1  39   0 0.00    M    M  3.3 12 350   M    M  10 1      13 360
13  31  27  29   2  36   0    T    M    M  0.5  6 310   M    M  10 1       7 300
14  33  20  27   0  38   0 0.00    M    M  4.0 10  40   M    M   8        13  40
15  31  19  25  -2  40   0 0.12    M    M  3.6 10  40   M    M  10 1      13  30
16  34  30  32   4  33   0 0.33    M    M  5.6 16 180   M    M  10 1      19 210
17  34  20  27  -1  38   0 0.41    M    M  4.7 10  30   M    M   8 12     13  30
18  43  32  38  10  27   0 0.30    M    M  8.8 20 180   M    M   7 1      24 200
19  37  20  29   1  36   0 0.00    M    M  4.2 12 150   M    M   7 12     14 150
20  31  19  25  -3  40   0 0.00    M    M  1.7  7  40   M    M  10 12     10  10
21  35  18  27  -1  38   0 0.00    M    M  3.3  8  20   M    M   6 1      11  20
22  34  18  26  -2  39   0 0.07    M    M  1.2  6 330   M    M   9 1       7  50
23  37  32  35   7  30   0 0.03    M    M  3.0  8 290   M    M  10 12     11  60
24  40  33  37   9  28   0 0.02    M    M  3.1 10 210   M    M  10 12     11 200
25  45  34  40  12  25   0 0.00    M    M  2.5  8 360   M    M  10 12     10 350
26  47  26  37   8  28   0 0.00    M    M  2.6  8 350   M    M   2 12     11 360
27  35  24  30   1  35   0 0.00    M    M  1.3  7 170   M    M   8 12      8 160
28  37  22  30   1  35   0 0.00    M    M  3.3  9  20   M    M   8 1      11  20
29  40  21  31   2  34   0 0.00    M    M  2.5  8 150   M    M   1 12     10  50
30  30  21  26  -3  39   0 0.01    M    M  3.2  9 150   M    M  10 12     11 160
31  33  27  30   1  35   0    T    M    M  1.9  7  20   M    M   9 1       8  10
================================================================================
SM 1066  683      1132   0  2.04    M     98.2          M      242
================================================================================
AV 34.4 22.0                               3.2 FASTST   M    M   8    MAX(MPH)
                                 MISC ---->  # 20  30               # 24   30
================================================================================
NOTES:
# LAST OF SEVERAL OCCURRENCES

COLUMN 17 PEAK WIND IN M.P.H.

PRELIMINARY LOCAL CLIMATOLOGICAL DATA (WS FORM: F-6) , PAGE 2

                                          STATION:  DEER_PARK WA AIRPORT
                                          MONTH:    JANUARY
                                          YEAR:     2015
                                          LATITUDE:   47 58 N
                                          LONGITUDE: 117 25 W

[TEMPERATURE DATA]      [PRECIPITATION DATA]       SYMBOLS USED IN COLUMN 16

AVERAGE MONTHLY: 28.2   TOTAL FOR MONTH:   2.04    1 = FOG OR MIST
DPTR FM NORMAL:   0.9   DPTR FM NORMAL:   -0.59    2 = FOG REDUCING VISIBILITY
HIGHEST:    47 ON 26    GRTST 24HR  0.71 ON 17-18      TO 1/4 MILE OR LESS
LOWEST:     -1 ON  3, 1                            3 = THUNDER
                        SNOW, ICE PELLETS, HAIL    4 = ICE PELLETS
                        TOTAL MONTH:    M          5 = HAIL
                        GRTST 24HR    M  ON   M    6 = FREEZING RAIN OR DRIZZLE
                        GRTST DEPTH:  M  ON   M    7 = DUSTSTORM OR SANDSTORM:
                                                       VSBY 1/2 MILE OR LESS
                                                   8 = SMOKE OR HAZE
[NO. OF DAYS WITH]      [WEATHER - DAYS WITH]      9 = BLOWING SNOW
                                                   X = TORNADO
MAX 32 OR BELOW:  10    0.01 INCH OR MORE:  13
MAX 90 OR ABOVE:   0    0.10 INCH OR MORE:   6
MIN 32 OR BELOW:  29    0.50 INCH OR MORE:   0
MIN  0 OR BELOW:   2    1.00 INCH OR MORE:   0

[HDD (BASE 65) ]
TOTAL THIS MO.  1132    CLEAR  (SCALE 0-3)   3
DPTR FM NORMAL   -37    PTCLDY (SCALE 4-7)  10
TOTAL FM JUL 1  3786    CLOUDY (SCALE 8-10) 18
DPTR FM NORMAL  -610

[CDD (BASE 65) ]
TOTAL THIS MO.     0
DPTR FM NORMAL     0    [PRESSURE DATA]
TOTAL FM JAN 1     0    HIGHEST SLP  0.00 ON 20
DPTR FM NORMAL     0    LOWEST  SLP  0.00 ON M

[REMARKS]
#FINAL-01-15#




U.S. Dept. of Commerce
NOAA National Weather Service
1325 East West Highway
Silver Spring, MD 20910
E-mail: w-nws.webmaster@noaa.gov
Page last modified: May 16, 2007
NATIONAL WEATHER SERVICE: for Safety, for Work, for Fun - FOR LIFE