242
CXUS54 KSHV 281300
CF6DEQ
PRELIMINARY LOCAL CLIMATOLOGICAL DATA (WS FORM: F-6)

                                          STATION:   DE QUEEN
                                          MONTH:     JULY
                                          YEAR:      2014
                                          LATITUDE:   34  2 N
                                          LONGITUDE:  94 24 W

  TEMPERATURE IN F:       :PCPN:    SNOW:  WIND      :SUNSHINE: SKY     :PK WND
================================================================================
1   2   3   4   5  6A  6B    7    8   9   10  11  12  13   14  15   16   17  18
                                     12Z  AVG MX 2MIN
DY MAX MIN AVG DEP HDD CDD  WTR  SNW DPTH SPD SPD DIR MIN PSBL S-S WX    SPD DR
================================================================================

 1  91  69  80   0   0  15 0.00  0.0    0  3.8 14 240   M    M   2 128    19 230
 2  88  69  79  -1   0  14 1.02  0.0    0  2.4 18 330   M    M   4 13     26 330
 3  85  65  75  -6   0  10 0.00  0.0    0  3.0  9 140   M    M   0 1      14  80
 4  85  64  75  -6   0  10 0.00  0.0    0  3.7 10 100   M    M   1 1      14 150
 5  88  63  76  -5   0  11 0.00  0.0    0  2.3  8 100   M    M   1 1      14 160
 6  90  65  78  -3   0  13 0.00  0.0    0  2.0 12 250   M    M   2 128    15 270
 7  92  69  81   0   0  16 0.00  0.0    0  3.9 12 180   M    M   1 18     17 240
 8  94  70  82   1   0  17 0.00  0.0    0  6.1 15 230   M    M   1 13     19 220
 9  85  69  77  -4   0  12 0.34  0.0    0  3.7 15 330   M    M   6 13     20 310
10  91  71  81   0   0  16    T  0.0    0  4.6 13 110   M    M   2 13     18 110
11  92  72  82   1   0  17 0.00  0.0    0  2.6 10 240   M    M   0        14 240
12  94  70  82   1   0  17 0.00  0.0    0  1.5  8 260   M    M   1 12     13 230
13  96  69  83   2   0  18 0.00  0.0    0  2.4 12 270   M    M   1 12     13 280
14  95  71  83   2   0  18 0.22  0.0    0  2.9 35 220   M    M   2 138    48 220
15  86  62  74  -7   0   9 0.00  0.0    0  4.9 13  50   M    M   1 1      18  50
16  83  58  71 -10   0   6 0.00  0.0    0  2.3  8 130   M    M   3        12  30
17  70  62  66 -15   0   1 2.18  0.0    0  7.8 15  90   M    M  10 13     21  90
18  73  62  68 -13   0   3    T  0.0    0  5.0 12  60   M    M  10 1      16  70
19  77  63  70 -11   0   5 0.00  0.0    0  1.4  7  90   M    M   9 12     10 110
20  82  64  73  -8   0   8 0.00  0.0    0  1.4 10 110   M    M   8 12     12 120
21  87  62  75  -6   0  10 0.00  0.0    0  2.1 10 110   M    M   4 128    12 110
22  90  64  77  -4   0  12 0.00  0.0    0  1.7  9 120   M    M   4 12     14 110
23  91  68  80  -1   0  15 1.58  0.0    0   M  36  30   M    M   3 1238   58  40
24  87   M   M   M   M   M 0.00  0.0    0   M   M   M   M    M   3 12      M  M
25  90  69  80  -1   0  15 0.00  0.0    0  2.4  9 200   M    M   5 128    13 220
26  93  70  82   1   0  17 0.00  0.0    0  3.7 12 250   M    M   3 128    16 230
27  94  72  83   2   0  18    T  0.0    0  4.1 17  20   M    M   1 123    24  20
================================================================================
SM 2369 1732         0 323  5.34     0.0  81.7          M       88
================================================================================
AV 87.7 66.6                               3.3 FASTST   M    M   3    MAX(MPH)
                                 MISC ---->  # 36  30               # 58   40
================================================================================
NOTES:
# LAST OF SEVERAL OCCURRENCES

COLUMN 17 PEAK WIND IN M.P.H.

PRELIMINARY LOCAL CLIMATOLOGICAL DATA (WS FORM: F-6) , PAGE 2

                                          STATION:  DE QUEEN
                                          MONTH:    JULY
                                          YEAR:     2014
                                          LATITUDE:   34  2 N
                                          LONGITUDE:  94 24 W

[TEMPERATURE DATA]      [PRECIPITATION DATA]       SYMBOLS USED IN COLUMN 16

AVERAGE MONTHLY: 77.2   TOTAL FOR MONTH:   5.34    1 = FOG OR MIST
DPTR FM NORMAL:  -3.7   DPTR FM NORMAL:    2.00    2 = FOG REDUCING VISIBILITY
HIGHEST:    96 ON 13    GRTST 24HR  2.18 ON 17-17      TO 1/4 MILE OR LESS
LOWEST:     58 ON 16                               3 = THUNDER
                        SNOW, ICE PELLETS, HAIL    4 = ICE PELLETS
                        TOTAL MONTH:   0.0 INCH    5 = HAIL
                        GRTST 24HR     0.0         6 = FREEZING RAIN OR DRIZZLE
                        GRTST DEPTH:   0           7 = DUSTSTORM OR SANDSTORM:
                                                       VSBY 1/2 MILE OR LESS
                                                   8 = SMOKE OR HAZE
[NO. OF DAYS WITH]      [WEATHER - DAYS WITH]      9 = BLOWING SNOW
                                                   X = TORNADO
MAX 32 OR BELOW:   0    0.01 INCH OR MORE:   5
MAX 90 OR ABOVE:  14    0.10 INCH OR MORE:   5
MIN 32 OR BELOW:   0    0.50 INCH OR MORE:   3
MIN  0 OR BELOW:   0    1.00 INCH OR MORE:   3

[HDD (BASE 65) ]
TOTAL THIS MO.     0    CLEAR  (SCALE 0-3)  17
DPTR FM NORMAL     0    PTCLDY (SCALE 4-7)   7
TOTAL FM JUL 1     0    CLOUDY (SCALE 8-10)  3
DPTR FM NORMAL     0

[CDD (BASE 65) ]
TOTAL THIS MO.   323
DPTR FM NORMAL  -108    [PRESSURE DATA]
TOTAL FM JAN 1   852    HIGHEST SLP M ON M
DPTR FM NORMAL  -174    LOWEST  SLP 29.88 ON M

[REMARKS]




U.S. Dept. of Commerce
NOAA National Weather Service
1325 East West Highway
Silver Spring, MD 20910
E-mail: w-nws.webmaster@noaa.gov
Page last modified: May 16, 2007
NATIONAL WEATHER SERVICE: for Safety, for Work, for Fun - FOR LIFE