275
CXUS54 KSHV 271300
CF6DEQ
PRELIMINARY LOCAL CLIMATOLOGICAL DATA (WS FORM: F-6)

                                          STATION:   DE QUEEN
                                          MONTH:     JANUARY
                                          YEAR:      2015
                                          LATITUDE:   34  2 N
                                          LONGITUDE:  94 24 W

  TEMPERATURE IN F:       :PCPN:    SNOW:  WIND      :SUNSHINE: SKY     :PK WND
================================================================================
1   2   3   4   5  6A  6B    7    8   9   10  11  12  13   14  15   16   17  18
                                     12Z  AVG MX 2MIN
DY MAX MIN AVG DEP HDD CDD  WTR  SNW DPTH SPD SPD DIR MIN PSBL S-S WX    SPD DR
================================================================================

 1  39  35  37  -5  28   0 0.27    T    0  3.0 10 120   M    M  10 14     12  90
 2  44  37  41  -1  24   0 3.00  0.0    0  5.8 16  80   M    M  10 13     21  80
 3  48  36  42   0  23   0 1.13  0.0    0  6.1 15 110   M    M   9 13     20 120
 4  41  26  34  -8  31   0 0.00  0.0    0  8.4 22 310   M    M   4 1      27 310
 5  43  20  32 -10  33   0 0.00  0.0    0  2.9 12  80   M    M   0        14  80
 6  62  24  43   1  22   0 0.00  0.0    0  1.8  9 130   M    M   0 12     11 120
 7  41  18  30 -12  35   0 0.00  0.0    0  7.3 21 360   M    M   2 12     31  10
 8  35  12  24 -18  41   0 0.00  0.0    0  3.7 13 190   M    M   0        18 190
 9  43  19  31 -11  34   0 0.00  0.0    0  3.5 14  30   M    M   0        18  10
10  36  19  28 -14  37   0    T  0.0    0  3.9 10  90   M    M   7 4      14 110
11  38  32  35  -6  30   0 0.54    T    T  4.6 10  90   M    M  10 146    14  90
12  47  38  43   2  22   0    T  0.0    0  5.5 14  20   M    M  10 1      18  20
13  48  27  38  -3  27   0 0.00  0.0    0  3.7 12  50   M    M   3        15  50
14  46  23  35  -6  30   0 0.00  0.0    0  0.7  6 190   M    M   2 1       8 110
15  54  27  41   0  24   0 0.00  0.0    0  2.3 13 310   M    M   4 8      17 300
16  58  24  41   0  24   0 0.00  0.0    0  1.7 10 250   M    M   0 18     12 250
17  66  25  46   5  19   0 0.00  0.0    0  4.7 17 230   M    M   0 1      22 260
18  67  24  46   5  19   0 0.00  0.0    0  3.4 16 250   M    M   1 12     20 250
19  64  27  46   5  19   0 0.00  0.0    0  1.9  8 250   M    M   0 1      12 220
20  68  30  49   8  16   0 0.00  0.0    0  4.0 15  60   M    M   0 18     20  80
21  63  29  46   5  19   0 0.00  0.0    0  2.3 12 120   M    M   2        16  50
22  52  40  46   5  19   0 0.14    M    0  8.0 17  70   M    M  10 1      22  60
23  52  28  40  -2  25   0 0.00  0.0    0  4.1 10 320   M    M   5 1      14 310
24  61  22  42   0  23   0 0.00  0.0    0  3.7 15 240   M    M   0 1      18 240
25  62  28  45   3  20   0 0.00  0.0    0  9.5 26 290   M    M   3 1      36 330
26  64  28  46   4  19   0 0.00  0.0    0  4.7 16 260   M    M   0 1      20 270
================================================================================
SM 1342  698       663   0  5.08    T    111.2          M       92
================================================================================
AV 51.6 26.8                               4.3 FASTST   M    M   4    MAX(MPH)
                                 MISC ---->  # 26 290               # 36  330
================================================================================
NOTES:
# LAST OF SEVERAL OCCURRENCES

COLUMN 17 PEAK WIND IN M.P.H.

PRELIMINARY LOCAL CLIMATOLOGICAL DATA (WS FORM: F-6) , PAGE 2

                                          STATION:  DE QUEEN
                                          MONTH:    JANUARY
                                          YEAR:     2015
                                          LATITUDE:   34  2 N
                                          LONGITUDE:  94 24 W

[TEMPERATURE DATA]      [PRECIPITATION DATA]       SYMBOLS USED IN COLUMN 16

AVERAGE MONTHLY: 39.2   TOTAL FOR MONTH:   5.08    1 = FOG OR MIST
DPTR FM NORMAL:  -2.3   DPTR FM NORMAL:    2.31    2 = FOG REDUCING VISIBILITY
HIGHEST:    68 ON 20    GRTST 24HR  4.13 ON  2- 3      TO 1/4 MILE OR LESS
LOWEST:     12 ON  8                               3 = THUNDER
                        SNOW, ICE PELLETS, HAIL    4 = ICE PELLETS
                        TOTAL MONTH:    T          5 = HAIL
                        GRTST 24HR    T  ON 11-11  6 = FREEZING RAIN OR DRIZZLE
                        GRTST DEPTH:   T           7 = DUSTSTORM OR SANDSTORM:
                                                       VSBY 1/2 MILE OR LESS
                                                   8 = SMOKE OR HAZE
[NO. OF DAYS WITH]      [WEATHER - DAYS WITH]      9 = BLOWING SNOW
                                                   X = TORNADO
MAX 32 OR BELOW:   0    0.01 INCH OR MORE:   5
MAX 90 OR ABOVE:   0    0.10 INCH OR MORE:   5
MIN 32 OR BELOW:  21    0.50 INCH OR MORE:   3
MIN  0 OR BELOW:   0    1.00 INCH OR MORE:   2

[HDD (BASE 65) ]
TOTAL THIS MO.   663    CLEAR  (SCALE 0-3)  15
DPTR FM NORMAL    48    PTCLDY (SCALE 4-7)   5
TOTAL FM JUL 1  1884    CLOUDY (SCALE 8-10)  6
DPTR FM NORMAL    60

[CDD (BASE 65) ]
TOTAL THIS MO.     0
DPTR FM NORMAL     0    [PRESSURE DATA]
TOTAL FM JAN 1     0    HIGHEST SLP M ON M
DPTR FM NORMAL     0    LOWEST  SLP 29.76 ON  3

[REMARKS]




U.S. Dept. of Commerce
NOAA National Weather Service
1325 East West Highway
Silver Spring, MD 20910
E-mail: w-nws.webmaster@noaa.gov
Page last modified: May 16, 2007
NATIONAL WEATHER SERVICE: for Safety, for Work, for Fun - FOR LIFE