223
CXUS55 KBOU 240758
CF6DEN
PRELIMINARY LOCAL CLIMATOLOGICAL DATA (WS FORM: F-6)

                                          STATION:   DENVER CO
                                          MONTH:     APRIL
                                          YEAR:      2014
                                          LATITUDE:   39 52 N
                                          LONGITUDE: 104 40 W

  TEMPERATURE IN F:       :PCPN:    SNOW:  WIND      :SUNSHINE: SKY     :PK WND
================================================================================
1   2   3   4   5  6A  6B    7    8   9   10  11  12  13   14  15   16   17  18
                                     12Z  AVG MX 2MIN
DY MAX MIN AVG DEP HDD CDD  WTR  SNW DPTH SPD SPD DIR MIN PSBL S-S WX    SPD DR
================================================================================

 1  59  31  45   1  20   0 0.00  0.0    0 10.8 24 170   M    M   7        32 160
 2  54  25  40  -4  25   0 0.23    T    0 11.7 22  30   M    M   8 1      25  40
 3  45  30  38  -7  27   0 0.26  3.4    3 13.1 26 360   M    M   9 128    30  10
 4  52  22  37  -8  28   0 0.00  0.0    T 11.1 20 180   M    M   6        24 180
 5  59  34  47   2  18   0 0.00  0.0    0  7.8 21 340   M    M   7        25 330
 6  56  34  45   0  20   0    T  0.0    0  8.3 31 270   M    M   6        38 270
 7  54  34  44  -1  21   0 0.00  0.0    0 16.7 37 340   M    M   8        53 330
 8  69  34  52   6  13   0 0.00  0.0    0  8.5 16 210   M    M   4        22 300
 9  76  47  62  16   3   0 0.00  0.0    0 12.8 24 290   M    M   6        32 290
10  69  38  54   8  11   0 0.00  0.0    0  9.5 24 140   M    M   6        29 110
11  77  41  59  13   6   0 0.00  0.0    0  7.5 16 210   M    M   3        24 140
12  72  45  59  13   6   0    T  0.0    0  9.9 22  10   M    M   7        27  10
13  45  20  33 -14  32   0 0.20  2.2    0 18.3 31  10   M    M  10 12     39  10
14  41  18  30 -17  35   0    T  0.0    2  9.5 18 340   M    M   4 1      21 340
15  65  31  48   1  17   0 0.00  0.0    0 11.7 25 280   M    M   5        30 280
16  55  33  44  -3  21   0 0.00  0.0    0 11.8 26  40   M    M   7        36  20
17  64  29  47  -1  18   0 0.00  0.0    0 10.8 23 180   M    M   5        28 180
18  79  42  61  13   4   0 0.00  0.0    0 11.6 25 300   M    M   6        30 310
19  67  47  57   9   8   0 0.07  0.0    0 10.5 18 280   M    M   9        25 100
20  74  43  59  11   6   0    T  0.0    0  8.5 23 270   M    M   6        28 280
21  69  44  57   8   8   0 0.00  0.0    0 11.9 29 200   M    M   5        37 190
22  80  47  64  15   1   0 0.00  0.0    0 11.5 30 250   M    M   7        35 260
23  74  40  57   8   8   0 0.19  0.0    0 15.1 37  60   M    M   7 135    43  70
================================================================================
SM 1455  809       356   0  0.95     5.6 258.9            M    148
================================================================================
AV 63.3 35.2                              11.3 FASTST            6    MAX(MPH)
                                 MISC ---->  # 37 340     M   M     # 53  330
================================================================================
NOTES: SUNSHINE DATA WILL NO LONGER BE AVAILABLE EFFECTIVE OCTOBER 1ST 2009.

# LAST OF SEVERAL OCCURRENCES

COLUMN 17 PEAK WIND IN M.P.H.

PRELIMINARY LOCAL CLIMATOLOGICAL DATA (WS FORM: F-6) , PAGE 2

                                          STATION:  DENVER CO
                                          MONTH:    APRIL
                                          YEAR:     2014
                                          LATITUDE:   39 52 N
                                          LONGITUDE: 104 40 W

[TEMPERATURE DATA]      [PRECIPITATION DATA]       SYMBOLS USED IN COLUMN 16

AVERAGE MONTHLY: 49.2   TOTAL FOR MONTH:   0.95    1 = FOG OR MIST
DPTR FM NORMAL:   2.7   DPTR FM NORMAL:   -0.27    2 = FOG REDUCING VISIBILITY
HIGHEST:    80 ON 22    GRTST 24HR  0.48 ON  2- 3      TO 1/4 MILE OR LESS
LOWEST:     18 ON 14                               3 = THUNDER
                        SNOW, ICE PELLETS, HAIL    4 = ICE PELLETS
                        TOTAL MONTH:   5.6 INCHES  5 = HAIL
                        GRTST 24HR   3.4 ON  3- 3  6 = FREEZING RAIN OR DRIZZLE
                        GRTST DEPTH:   3 ON  3     7 = DUSTSTORM OR SANDSTORM:
                                                       VSBY 1/2 MILE OR LESS
                                                   8 = SMOKE OR HAZE
[NO. OF DAYS WITH]      [WEATHER - DAYS WITH]      9 = BLOWING SNOW
                                                   X = TORNADO
MAX 32 OR BELOW:   0    0.01 INCH OR MORE:   5
MAX 90 OR ABOVE:   0    0.10 INCH OR MORE:   4
MIN 32 OR BELOW:   8    0.50 INCH OR MORE:   0
MIN  0 OR BELOW:   0    1.00 INCH OR MORE:   0

[HDD (BASE 65) ]
TOTAL THIS MO.   356    CLEAR  (SCALE 0-3)   1
DPTR FM NORMAL   -70    PTCLDY (SCALE 4-7)  19
TOTAL FM JUL 1  5614    CLOUDY (SCALE 8-10)  3
DPTR FM NORMAL   -14

[CDD (BASE 65) ]
TOTAL THIS MO.     0
DPTR FM NORMAL     0    [PRESSURE DATA]
TOTAL FM JAN 1     0    HIGHEST SLP M ON M
DPTR FM NORMAL     0    LOWEST  SLP 29.36 ON 23

[REMARKS]




U.S. Dept. of Commerce
NOAA National Weather Service
1325 East West Highway
Silver Spring, MD 20910
E-mail: w-nws.webmaster@noaa.gov
Page last modified: May 16, 2007
NATIONAL WEATHER SERVICE: for Safety, for Work, for Fun - FOR LIFE