795
CXUS55 KBOU 010757
CF6DEN
PRELIMINARY LOCAL CLIMATOLOGICAL DATA (WS FORM: F-6)

                                          STATION:   DENVER CO
                                          MONTH:     SEPTEMBER
                                          YEAR:      2014
                                          LATITUDE:   39 52 N
                                          LONGITUDE: 104 40 W

  TEMPERATURE IN F:       :PCPN:    SNOW:  WIND      :SUNSHINE: SKY     :PK WND
================================================================================
1   2   3   4   5  6A  6B    7    8   9   10  11  12  13   14  15   16   17  18
                                     12Z  AVG MX 2MIN
DY MAX MIN AVG DEP HDD CDD  WTR  SNW DPTH SPD SPD DIR MIN PSBL S-S WX    SPD DR
================================================================================

 1  80  50  65  -4   0   0 0.00  0.0    0  7.0 17 270   M    M   3        28 270
 2  88  46  67  -2   0   2 0.00  0.0    0  8.4 17 170   M    M   1        21 170
 3  94  60  77   9   0  12 0.00  0.0    0 10.0 17 200   M    M   3        23 150
 4  72  53  63  -5   2   0 0.24  0.0    0  8.4 16  20   M    M   6 1      18 340
 5  65  50  58 -10   7   0 0.19  0.0    0 12.2 25 110   M    M   9 1      30  90
 6  74  49  62  -5   3   0 0.00  0.0    0  5.6 15 180   M    M   5 18     18 200
 7  83  53  68   1   0   3 0.00  0.0    0 10.3 21 200   M    M   4 8      25 200
 8  85  59  72   5   0   7 0.00  0.0    0  9.5 21 200   M    M   7 8      27 210
 9  76  56  66   0   0   1 0.01  0.0    0  9.0 33 350   M    M   8        40 360
10  74  50  62  -4   3   0 0.13  0.0    0 10.4 22 190   M    M   6 1      27 190
11  59  34  47 -18  18   0 0.08  0.0    0 13.9 22  30   M    M   9 12     26  50
12  48  33  41 -24  24   0    T    T    0  7.7 18 210   M    M   8 1      22 190
13  79  35  57  -8   8   0 0.00  0.0    0  7.8 21  80   M    M   2 1      23  80
14  86  46  66   2   0   1 0.00  0.0    0 10.2 22 320   M    M   5        29 290
15  73  46  60  -4   5   0 0.00  0.0    0  7.4 15 210   M    M   3        18 210
16  88  52  70   7   0   5 0.00  0.0    0  9.8 18 180   M    M   2        26 200
17  89  55  72   9   0   7 0.00  0.0    0  7.5 25  20   M    M   5        31  20
18  90  58  74  12   0   9 0.00  0.0    0 11.1 23 200   M    M   2        28 200
19  88  62  75  13   0  10    T  0.0    0 10.7 21 190   M    M   3        26 190
20  80  52  66   4   0   1 0.00  0.0    0  6.8 16 210   M    M   3        20  60
21  75  57  66   5   0   1 0.03  0.0    0  9.2 20 180   M    M   9        24 180
22  80  52  66   5   0   1 0.09  0.0    0 11.0 23 200   M    M   7 13     29 190
23  83  54  69   9   0   4 0.00  0.0    0  9.8 21 270   M    M   6        26 280
24  84  56  70  10   0   5 0.00  0.0    0  8.3 15 200   M    M   1        24 250
25  88  56  72  13   0   7 0.00  0.0    0 11.4 20 170   M    M   1        25 170
26  89  55  72  13   0   7 0.00  0.0    0  9.7 20 190   M    M   1        22 180
27  87  52  70  11   0   5 0.00  0.0    0  8.8 16 110   M    M   1        21  70
28  75  50  63   5   2   0 0.01  0.0    0  8.9 28 240   M    M   5 3      36 240
29  68  46  57  -1   8   0 1.01  0.0    0  9.8 32 340   M    M   8 13     38 340
30  67  41  54  -3  11   0 0.00  0.0    0 10.6 24 300   M    M   6        29 260
================================================================================
SM 2367 1518        91  88  1.79   T     281.2            M    139
================================================================================
AV 78.9 50.6                               9.4 FASTST            5    MAX(MPH)
                                 MISC ---->  # 33 350     M   M     # 40  360
================================================================================
NOTES: SUNSHINE DATA WILL NO LONGER BE AVAILABLE EFFECTIVE OCTOBER 1ST 2009.

# LAST OF SEVERAL OCCURRENCES

COLUMN 17 PEAK WIND IN M.P.H.

PRELIMINARY LOCAL CLIMATOLOGICAL DATA (WS FORM: F-6) , PAGE 2

                                          STATION:  DENVER CO
                                          MONTH:    SEPTEMBER
                                          YEAR:     2014
                                          LATITUDE:   39 52 N
                                          LONGITUDE: 104 40 W

[TEMPERATURE DATA]      [PRECIPITATION DATA]       SYMBOLS USED IN COLUMN 16

AVERAGE MONTHLY: 64.8   TOTAL FOR MONTH:   1.79    1 = FOG OR MIST
DPTR FM NORMAL:   1.3   DPTR FM NORMAL:    0.83    2 = FOG REDUCING VISIBILITY
HIGHEST:    94 ON  3    GRTST 24HR  1.01 ON 29-29      TO 1/4 MILE OR LESS
LOWEST:     33 ON 12                               3 = THUNDER
                        SNOW, ICE PELLETS, HAIL    4 = ICE PELLETS
                        TOTAL MONTH:    T          5 = HAIL
                        GRTST 24HR     T ON 12-12  6 = FREEZING RAIN OR DRIZZLE
                        GRTST DEPTH:   0           7 = DUSTSTORM OR SANDSTORM:
                                                       VSBY 1/2 MILE OR LESS
                                                   8 = SMOKE OR HAZE
[NO. OF DAYS WITH]      [WEATHER - DAYS WITH]      9 = BLOWING SNOW
                                                   X = TORNADO
MAX 32 OR BELOW:   0    0.01 INCH OR MORE:   9
MAX 90 OR ABOVE:   2    0.10 INCH OR MORE:   4
MIN 32 OR BELOW:   0    0.50 INCH OR MORE:   1
MIN  0 OR BELOW:   0    1.00 INCH OR MORE:   1

[HDD (BASE 65) ]
TOTAL THIS MO.    91    CLEAR  (SCALE 0-3)  13
DPTR FM NORMAL   -34    PTCLDY (SCALE 4-7)  13
TOTAL FM JUL 1    98    CLOUDY (SCALE 8-10)  4
DPTR FM NORMAL   -43

[CDD (BASE 65) ]
TOTAL THIS MO.    88
DPTR FM NORMAL    12    [PRESSURE DATA]
TOTAL FM JAN 1   701    HIGHEST SLP M ON M
DPTR FM NORMAL   -63    LOWEST  SLP 29.55 ON  3

[REMARKS]




U.S. Dept. of Commerce
NOAA National Weather Service
1325 East West Highway
Silver Spring, MD 20910
E-mail: w-nws.webmaster@noaa.gov
Page last modified: May 16, 2007
NATIONAL WEATHER SERVICE: for Safety, for Work, for Fun - FOR LIFE