358
CXUS55 KBOU 010826
CF6DEN
PRELIMINARY LOCAL CLIMATOLOGICAL DATA (WS FORM: F-6)

                                          STATION:   DENVER CO
                                          MONTH:     JANUARY
                                          YEAR:      2015
                                          LATITUDE:   39 52 N
                                          LONGITUDE: 104 40 W

  TEMPERATURE IN F:       :PCPN:    SNOW:  WIND      :SUNSHINE: SKY     :PK WND
================================================================================
1   2   3   4   5  6A  6B    7    8   9   10  11  12  13   14  15   16   17  18
                                     12Z  AVG MX 2MIN
DY MAX MIN AVG DEP HDD CDD  WTR  SNW DPTH SPD SPD DIR MIN PSBL S-S WX    SPD DR
================================================================================

 1  26   5  16 -14  49   0 0.08  1.8    2  8.1 15 170   M    M   6 1      18 180
 2  35  11  23  -7  42   0 0.00  0.0    2  9.8 17 170   M    M   4 1      22 200
 3  35  -5  15 -15  50   0 0.08  1.6    2 12.3 32  10   M    M   7 12     37  20
 4  36 -10  13 -17  52   0 0.00  0.0    4  6.6 15  40   M    M   6 1      19  30
 5  56  -5  26  -4  39   0 0.00  0.0    4 15.4 37 280   M    M   7 18     46 270
 6  49  20  35   5  30   0    T    T    T  9.1 30  70   M    M   7 12     39  50
 7  39  14  27  -4  38   0    T  0.3    T  7.5 22 210   M    M   8 1      26 210
 8  49  19  34   3  31   0    T    T    T 13.2 23 220   M    M   5 16     27 220
 9  29  15  22  -9  43   0    T    T    T  5.3 16  50   M    M   9 128    20  60
10  56  22  39   8  26   0 0.00  0.0    0  9.0 17  90   M    M   7 12     20 170
11  40  27  34   3  31   0    T  0.0    0  8.0 17 110   M    M   8        20 120
12  28  22  25  -6  40   0    T  0.0    0  8.5 15 330   M    M  10 16     17 320
13  32  22  27  -4  38   0    T    T    0  6.4 12 340   M    M  10 18     14 320
14  41  19  30  -1  35   0 0.00  0.0    0  5.9 13 220   M    M   3        16 220
15  55  23  39   8  26   0 0.00  0.0    0 11.1 18 220   M    M   0        21 220
16  60  30  45  14  20   0 0.00  0.0    0 12.7 28 300   M    M   7        33 300
17  54  35  45  14  20   0 0.00  0.0    0 17.5 37 290   M    M   4        45 290
18  63  37  50  19  15   0 0.00  0.0    0 10.7 23 200   M    M   6        28 190
19  58  31  45  14  20   0    T  0.0    0  9.6 20 100   M    M   6        26 100
20  43  26  35   4  30   0 0.02  0.2    T  5.8 16  60   M    M   8 128    19  60
21  30  16  23  -8  42   0 0.12  3.0    0  6.9 15  40   M    M   9 128    18  30
22  36   6  21 -10  44   0 0.00  0.0    1 10.5 17 230   M    M   1 1      21 210
23  46  16  31   0  34   0 0.00  0.0    0  9.8 18  20   M    M   5        22  10
24  53  30  42  11  23   0 0.00  0.0    0 13.4 22 210   M    M   5        26 280
25  61  26  44  13  21   0 0.00  0.0    0  8.7 16 170   M    M   4        18 170
26  71  35  53  22  12   0 0.00  0.0    0 10.7 20 210   M    M   1        23 210
27  75  42  59  28   6   0 0.00  0.0    0 12.2 23 220   M    M   3        26 220
28  61  32  47  16  18   0 0.00  0.0    0 14.8 33 310   M    M   5        41 260
29  47  31  39   8  26   0 0.00  0.0    0  9.1 17 190   M    M   9        20 180
30  47  30  39   8  26   0 0.00  0.0    0  6.0 17 190   M    M   9        20 180
31  38  29  34   3  31   0 0.08  0.3    0  5.5 23 350   M    M   9 18     29 360
================================================================================
SM 1449  651       958   0  0.38     7.2 300.1            M    188
================================================================================
AV 46.7 21.0                               9.7 FASTST            6    MAX(MPH)
                                 MISC ---->  # 37 280     M   M     # 46  270
================================================================================
NOTES: SUNSHINE DATA WILL NO LONGER BE AVAILABLE EFFECTIVE OCTOBER 1ST 2009.

# LAST OF SEVERAL OCCURRENCES

COLUMN 17 PEAK WIND IN M.P.H.

PRELIMINARY LOCAL CLIMATOLOGICAL DATA (WS FORM: F-6) , PAGE 2

                                          STATION:  DENVER CO
                                          MONTH:    JANUARY
                                          YEAR:     2015
                                          LATITUDE:   39 52 N
                                          LONGITUDE: 104 40 W

[TEMPERATURE DATA]      [PRECIPITATION DATA]       SYMBOLS USED IN COLUMN 16

AVERAGE MONTHLY: 33.9   TOTAL FOR MONTH:   0.38    1 = FOG OR MIST
DPTR FM NORMAL:   3.2   DPTR FM NORMAL:   -0.03    2 = FOG REDUCING VISIBILITY
HIGHEST:    75 ON 27    GRTST 24HR  0.12 ON 21-21      TO 1/4 MILE OR LESS
LOWEST:    -10 ON  4                               3 = THUNDER
                        SNOW, ICE PELLETS, HAIL    4 = ICE PELLETS
                        TOTAL MONTH:   7.2 INCHES  5 = HAIL
                        GRTST 24HR   3.0 ON 21-21  6 = FREEZING RAIN OR DRIZZLE
                        GRTST DEPTH:   4 ON  4     7 = DUSTSTORM OR SANDSTORM:
                                                       VSBY 1/2 MILE OR LESS
                                                   8 = SMOKE OR HAZE
[NO. OF DAYS WITH]      [WEATHER - DAYS WITH]      9 = BLOWING SNOW
                                                   X = TORNADO
MAX 32 OR BELOW:   5    0.01 INCH OR MORE:   5
MAX 90 OR ABOVE:   0    0.10 INCH OR MORE:   1
MIN 32 OR BELOW:  27    0.50 INCH OR MORE:   0
MIN  0 OR BELOW:   3    1.00 INCH OR MORE:   0

[HDD (BASE 65) ]
TOTAL THIS MO.   958    CLEAR  (SCALE 0-3)   4
DPTR FM NORMAL  -105    PTCLDY (SCALE 4-7)  19
TOTAL FM JUL 1  3249    CLOUDY (SCALE 8-10)  8
DPTR FM NORMAL  -282

[CDD (BASE 65) ]
TOTAL THIS MO.     0
DPTR FM NORMAL     0    [PRESSURE DATA]
TOTAL FM JAN 1     0    HIGHEST SLP M ON M
DPTR FM NORMAL     0    LOWEST  SLP 29.74 ON 16

[REMARKS]




U.S. Dept. of Commerce
NOAA National Weather Service
1325 East West Highway
Silver Spring, MD 20910
E-mail: w-nws.webmaster@noaa.gov
Page last modified: May 16, 2007
NATIONAL WEATHER SERVICE: for Safety, for Work, for Fun - FOR LIFE