417
CXUS55 KBOU 300759
CF6DEN
PRELIMINARY LOCAL CLIMATOLOGICAL DATA (WS FORM: F-6)

                                          STATION:   DENVER CO
                                          MONTH:     AUGUST
                                          YEAR:      2014
                                          LATITUDE:   39 52 N
                                          LONGITUDE: 104 40 W

  TEMPERATURE IN F:       :PCPN:    SNOW:  WIND      :SUNSHINE: SKY     :PK WND
================================================================================
1   2   3   4   5  6A  6B    7    8   9   10  11  12  13   14  15   16   17  18
                                     12Z  AVG MX 2MIN
DY MAX MIN AVG DEP HDD CDD  WTR  SNW DPTH SPD SPD DIR MIN PSBL S-S WX    SPD DR
================================================================================

 1  80  55  68  -7   0   3 0.00  0.0    0  8.5 17 200   M    M   5        21 190
 2  84  56  70  -5   0   5 0.00  0.0    0  9.8 15 140   M    M   2         M  M
 3  88  56  72  -2   0   7 0.00  0.0    0  8.2 14 180   M    M   4        17 170
 4  88  61  75   1   0  10 0.00  0.0    0  8.6 24 340   M    M   7        29 350
 5  85  61  73  -1   0   8 0.01  0.0    0  8.1 26 230   M    M   7        34 220
 6  89  59  74   0   0   9 0.01  0.0    0  8.6 33 340   M    M   4 3      41 320
 7  82  59  71  -3   0   6 0.73  0.0    0  8.4 37 280   M    M   6 135    46 280
 8  86  57  72  -2   0   7 0.00  0.0    0  9.6 31 150   M    M   5 3      36 160
 9  85  59  72  -2   0   7 0.07  0.0    0  9.2 28 170   M    M   5 3      31 170
10  79  59  69  -5   0   4 0.00  0.0    0  6.9 13 210   M    M   5        18 210
11  84  53  69  -5   0   4 0.00  0.0    0  7.0 16 210   M    M   3        20 200
12  88  59  74   0   0   9 0.00  0.0    0  8.2 15 180   M    M   1        21 100
13  90  60  75   2   0  10 0.00  0.0    0  9.6 25 220   M    M   6        29 210
14  87  62  75   2   0  10    T  0.0    0 10.4 38 300   M    M   7 3      47 300
15  88  61  75   2   0  10    T  0.0    0 12.2 37 350   M    M   5        46 340
16  90  62  76   3   0  11 0.00  0.0    0 10.4 18 170   M    M   4        22 340
17  91  62  77   4   0  12 0.05  0.0    0 11.8 33 250   M    M   3 3      46 250
18  89  59  74   2   0   9 0.00  0.0    0  8.2 20 220   M    M   4        25 220
19  91  55  73   1   0   8 0.11  0.0    0  8.6 37 270   M    M   7 378    46 260
20  85  63  74   2   0   9 0.04  0.0    0  7.1 22 340   M    M   7 3      27 150
21  86  58  72   0   0   7 0.04  0.0    0  6.6 26 180   M    M   6        32 170
22  71  60  66  -6   0   1 0.03  0.0    0  6.9 22 100   M    M   8 1      27 100
23  79  54  67  -4   0   2 0.07  0.0    0  7.6 33 330   M    M   5 13     38 320
24  83  52  68  -3   0   3 0.00  0.0    0  7.4 15 300   M    M   4        18 290
25  77  52  65  -6   0   0 0.81  0.0    0  9.9 48 320   M    M   6 13     48 320
26  78  58  68  -3   0   3 0.65  0.0    0  9.7 26 130   M    M   8 13     40 300
27  78  54  66  -4   0   1 0.11  0.0    0  8.4 25 360   M    M   6 13     31 360
28  72  54  63  -7   2   0    T  0.0    0 11.8 26 330   M    M   6        32 330
29  80  54  67  -3   0   2    T  0.0    0 10.6 29 250   M    M   5 3      36 250
================================================================================
SM 2433 1674         2 177  2.73     0.0 258.3            M    151
================================================================================
AV 83.9 57.7                               8.9 FASTST            5    MAX(MPH)
                                 MISC ---->  # 48 320     M   M     # 48  320
================================================================================
NOTES: SUNSHINE DATA WILL NO LONGER BE AVAILABLE EFFECTIVE OCTOBER 1ST 2009.

# LAST OF SEVERAL OCCURRENCES

COLUMN 17 PEAK WIND IN M.P.H.

PRELIMINARY LOCAL CLIMATOLOGICAL DATA (WS FORM: F-6) , PAGE 2

                                          STATION:  DENVER CO
                                          MONTH:    AUGUST
                                          YEAR:     2014
                                          LATITUDE:   39 52 N
                                          LONGITUDE: 104 40 W

[TEMPERATURE DATA]      [PRECIPITATION DATA]       SYMBOLS USED IN COLUMN 16

AVERAGE MONTHLY: 70.8   TOTAL FOR MONTH:   2.73    1 = FOG OR MIST
DPTR FM NORMAL:  -1.9   DPTR FM NORMAL:    1.11    2 = FOG REDUCING VISIBILITY
HIGHEST:    91 ON 19,17 GRTST 24HR  1.45 ON 25-26      TO 1/4 MILE OR LESS
LOWEST:     52 ON 25,24                            3 = THUNDER
                        SNOW, ICE PELLETS, HAIL    4 = ICE PELLETS
                        TOTAL MONTH:   0.0 INCH    5 = HAIL
                        GRTST 24HR     0.0         6 = FREEZING RAIN OR DRIZZLE
                        GRTST DEPTH:   0           7 = DUSTSTORM OR SANDSTORM:
                                                       VSBY 1/2 MILE OR LESS
                                                   8 = SMOKE OR HAZE
[NO. OF DAYS WITH]      [WEATHER - DAYS WITH]      9 = BLOWING SNOW
                                                   X = TORNADO
MAX 32 OR BELOW:   0    0.01 INCH OR MORE:  13
MAX 90 OR ABOVE:   4    0.10 INCH OR MORE:   5
MIN 32 OR BELOW:   0    0.50 INCH OR MORE:   3
MIN  0 OR BELOW:   0    1.00 INCH OR MORE:   0

[HDD (BASE 65) ]
TOTAL THIS MO.     2    CLEAR  (SCALE 0-3)   4
DPTR FM NORMAL    -1    PTCLDY (SCALE 4-7)  24
TOTAL FM JUL 1     7    CLOUDY (SCALE 8-10)  1
DPTR FM NORMAL    -2

[CDD (BASE 65) ]
TOTAL THIS MO.   177
DPTR FM NORMAL   -57    [PRESSURE DATA]
TOTAL FM JAN 1   608    HIGHEST SLP M ON M
DPTR FM NORMAL   -70    LOWEST  SLP 29.62 ON 20

[REMARKS]




U.S. Dept. of Commerce
NOAA National Weather Service
1325 East West Highway
Silver Spring, MD 20910
E-mail: w-nws.webmaster@noaa.gov
Page last modified: May 16, 2007
NATIONAL WEATHER SERVICE: for Safety, for Work, for Fun - FOR LIFE