496
CXUS55 KBOU 290842
CF6DEN
PRELIMINARY LOCAL CLIMATOLOGICAL DATA (WS FORM: F-6)

                                          STATION:   DENVER CO
                                          MONTH:     NOVEMBER
                                          YEAR:      2014
                                          LATITUDE:   39 52 N
                                          LONGITUDE: 104 40 W

  TEMPERATURE IN F:       :PCPN:    SNOW:  WIND      :SUNSHINE: SKY     :PK WND
================================================================================
1   2   3   4   5  6A  6B    7    8   9   10  11  12  13   14  15   16   17  18
                                     12Z  AVG MX 2MIN
DY MAX MIN AVG DEP HDD CDD  WTR  SNW DPTH SPD SPD DIR MIN PSBL S-S WX    SPD DR
================================================================================

 1  72  33  53   8  12   0 0.00  0.0    0  7.7 25 200   M    M   6        31 210
 2  69  42  56  12   9   0 0.00  0.0    0 15.9 29 220   M    M   7        33 210
 3  45  33  39  -5  26   0 0.30    T    0 10.1 21  10   M    M   6 13     25 290
 4  59  31  45   1  20   0 0.00  0.0    0 10.4 18 200   M    M   2        22 200
 5  61  32  47   4  18   0 0.00  0.0    0  8.5 18  80   M    M   5        22  80
 6  68  30  49   6  16   0 0.00  0.0    0  9.4 15 210   M    M   2        20 210
 7  71  42  57  15   8   0 0.21  0.0    0 10.6 30  40   M    M   7 1      35  30
 8  67  32  50   8  15   0 0.00  0.0    0 10.4 22 280   M    M   4        29 280
 9  69  45  57  16   8   0 0.00  0.0    0  9.3 17 200   M    M   7        20 190
10  64  13  39  -2  26   0 0.02    T    0 14.5 43  40   M    M   8 18     54  40
11  16   5  11 -29  54   0 0.01  0.1    T  9.8 17  40   M    M  10 18     21  30
12   6 -13  -3 -43  68   0 0.15  2.2    T  8.3 16  40   M    M   8 18     18  10
13  13 -14   0 -39  65   0 0.00    T    2  4.5 14 160   M    M   6 8      14 160
14  33  -1  16 -23  49   0 0.00  0.0    1  4.5 12  70   M    M   5        14  70
15  24   4  14 -24  51   0 0.07  1.7    1  9.2 22  30   M    M   9 18     26  30
16  31  -1  15 -23  50   0 0.00  0.0    2  8.6 16 190   M    M   4        18 190
17  39   5  22 -16  43   0 0.00  0.0    2  9.3 21 270   M    M   1        29 270
18  48  20  34  -3  31   0 0.00  0.0    1 14.6 28 270   M    M   5        35 260
19  49  26  38   1  27   0 0.00  0.0    T  8.1 18 100   M    M   6        22 100
20  49  21  35  -1  30   0 0.00  0.0    T  5.6 12 180   M    M   5        14  50
21  57  30  44   8  21   0 0.00  0.0    0  8.2 16 210   M    M   3        19 210
22  63  35  49  14  16   0 0.00  0.0    0 12.4 22 200   M    M   5        29 200
23  46  26  36   1  29   0    T    T    0 14.1 32  10   M    M   8        41  10
24  43  20  32  -2  33   0 0.00  0.0    0 13.5 30 350   M    M   5        37 340
25  49  21  35   1  30   0    T    T    0 14.2 28  40   M    M   6        32  40
26  45  23  34   0  31   0    T    T    0  7.7 21  80   M    M   5 1      24  80
27  66  25  46  13  19   0 0.00  0.0    0 12.1 32 280   M    M   7        41 290
28  67  36  52  19  13   0 0.00  0.0    0  8.7 24 280   M    M   7        32 270
================================================================================
SM 1389  601       818   0  0.76     4.0 280.2            M    159
================================================================================
AV 49.6 21.5                              10.0 FASTST            6    MAX(MPH)
                                 MISC ---->  # 43  40     M   M     # 54   40
================================================================================
NOTES: SUNSHINE DATA WILL NO LONGER BE AVAILABLE EFFECTIVE OCTOBER 1ST 2009.

# LAST OF SEVERAL OCCURRENCES

COLUMN 17 PEAK WIND IN M.P.H.

PRELIMINARY LOCAL CLIMATOLOGICAL DATA (WS FORM: F-6) , PAGE 2

                                          STATION:  DENVER CO
                                          MONTH:    NOVEMBER
                                          YEAR:     2014
                                          LATITUDE:   39 52 N
                                          LONGITUDE: 104 40 W

[TEMPERATURE DATA]      [PRECIPITATION DATA]       SYMBOLS USED IN COLUMN 16

AVERAGE MONTHLY: 35.5   TOTAL FOR MONTH:   0.76    1 = FOG OR MIST
DPTR FM NORMAL:  -3.2   DPTR FM NORMAL:    0.18    2 = FOG REDUCING VISIBILITY
HIGHEST:    72 ON  1    GRTST 24HR  0.30 ON  3- 3      TO 1/4 MILE OR LESS
LOWEST:    -14 ON 13                               3 = THUNDER
                        SNOW, ICE PELLETS, HAIL    4 = ICE PELLETS
                        TOTAL MONTH:   4.0 INCHES  5 = HAIL
                        GRTST 24HR   2.2 ON 12-12  6 = FREEZING RAIN OR DRIZZLE
                        GRTST DEPTH:   2 ON 13     7 = DUSTSTORM OR SANDSTORM:
                                                       VSBY 1/2 MILE OR LESS
                                                   8 = SMOKE OR HAZE
[NO. OF DAYS WITH]      [WEATHER - DAYS WITH]      9 = BLOWING SNOW
                                                   X = TORNADO
MAX 32 OR BELOW:   5    0.01 INCH OR MORE:   6
MAX 90 OR ABOVE:   0    0.10 INCH OR MORE:   3
MIN 32 OR BELOW:  21    0.50 INCH OR MORE:   0
MIN  0 OR BELOW:   4    1.00 INCH OR MORE:   0

[HDD (BASE 65) ]
TOTAL THIS MO.   818    CLEAR  (SCALE 0-3)   3
DPTR FM NORMAL    82    PTCLDY (SCALE 4-7)  22
TOTAL FM JUL 1  1215    CLOUDY (SCALE 8-10)  3
DPTR FM NORMAL  -102

[CDD (BASE 65) ]
TOTAL THIS MO.     0
DPTR FM NORMAL     0    [PRESSURE DATA]
TOTAL FM JAN 1   701    HIGHEST SLP M ON M
DPTR FM NORMAL   -68    LOWEST  SLP 29.28 ON 10

[REMARKS]




U.S. Dept. of Commerce
NOAA National Weather Service
1325 East West Highway
Silver Spring, MD 20910
E-mail: w-nws.webmaster@noaa.gov
Page last modified: May 16, 2007
NATIONAL WEATHER SERVICE: for Safety, for Work, for Fun - FOR LIFE