345
CXUS55 KBOU 270755
CF6DEN
PRELIMINARY LOCAL CLIMATOLOGICAL DATA (WS FORM: F-6)

                                          STATION:   DENVER CO
                                          MONTH:     JULY
                                          YEAR:      2014
                                          LATITUDE:   39 52 N
                                          LONGITUDE: 104 40 W

  TEMPERATURE IN F:       :PCPN:    SNOW:  WIND      :SUNSHINE: SKY     :PK WND
================================================================================
1   2   3   4   5  6A  6B    7    8   9   10  11  12  13   14  15   16   17  18
                                     12Z  AVG MX 2MIN
DY MAX MIN AVG DEP HDD CDD  WTR  SNW DPTH SPD SPD DIR MIN PSBL S-S WX    SPD DR
================================================================================

 1  76  56  66  -6   0   1 0.00  0.0    0  6.9 21  60   M    M   6        27  70
 2  80  59  70  -2   0   5 0.00  0.0    0 11.7 20 130   M    M   6        26 140
 3  92  58  75   3   0  10 0.00  0.0    0  9.4 25 180   M    M   3        31 190
 4  93  60  77   4   0  12    T  0.0    0  9.3 23 220   M    M   5 3      30 210
 5  96  58  77   4   0  12 0.00  0.0    0  9.3 21 300   M    M   6        25 310
 6  98  66  82   9   0  17 0.00  0.0    0 12.2 32 300   M    M   3 3      40 310
 7 100  61  81   8   0  16 0.15  0.0    0 10.3 37 120   M    M   4 3      42 120
 8  83  59  71  -3   0   6 0.00  0.0    0  8.8 18 170   M    M   8        22 150
 9  94  60  77   3   0  12    T  0.0    0 10.4 29  30   M    M   6 3      37  20
10  96  63  80   6   0  15    T  0.0    0  9.4 22 350   M    M   5        27 200
11  92  64  78   4   0  13 0.12  0.0    0  8.2 51 310   M    M   7 3      51 290
12  86  59  73  -1   0   8 0.30  0.0    0  8.6 31  10   M    M   6 138    37  10
13  85  59  72  -2   0   7 0.00  0.0    0  7.9 21  60   M    M   6        26  40
14  85  59  72  -2   0   7 0.05  0.0    0  9.9 23 170   M    M   5 3      29 170
15  81  57  69  -5   0   4 0.04  0.0    0  8.5 25  40   M    M   6 138    33  50
16  75  55  65 -10   0   0 0.26  0.0    0  9.2 32  30   M    M   7 13     41  10
17  77  55  66  -9   0   1 0.00  0.0    0  7.0 16 200   M    M   6 128    21 200
18  91  60  76   1   0  11    T  0.0    0 12.5 26  10   M    M   4 8      33  10
19  96  59  78   3   0  13 0.00  0.0    0 12.5 28 190   M    M   3        34 200
20  99  68  84   9   0  19    T  0.0    0 10.9 26 180   M    M   5        32 190
21  96  69  83   8   0  18 0.00  0.0    0  9.4 16 260   M    M   6        21 250
22  96  60  78   3   0  13 0.00  0.0    0  9.1 20 130   M    M   3        23 140
23  93  65  79   4   0  14 0.00  0.0    0 12.9 39 200   M    M   5        49 180
24  98  66  82   7   0  17    T  0.0    0 10.0 28 160   M    M   5 38     34 160
25  93  68  81   6   0  16    T  0.0    0 13.3 35 200   M    M   7 3      40 200
26  92  66  79   4   0  14    T  0.0    0 12.2 28 200   M    M   6        35 200
================================================================================
SM 2343 1589         0 281  0.92     0.0 259.8            M    139
================================================================================
AV 90.1 61.1                              10.0 FASTST            5    MAX(MPH)
                                 MISC ---->  # 51 310     M   M     # 51  290
================================================================================
NOTES: SUNSHINE DATA WILL NO LONGER BE AVAILABLE EFFECTIVE OCTOBER 1ST 2009.

# LAST OF SEVERAL OCCURRENCES

COLUMN 17 PEAK WIND IN M.P.H.

PRELIMINARY LOCAL CLIMATOLOGICAL DATA (WS FORM: F-6) , PAGE 2

                                          STATION:  DENVER CO
                                          MONTH:    JULY
                                          YEAR:     2014
                                          LATITUDE:   39 52 N
                                          LONGITUDE: 104 40 W

[TEMPERATURE DATA]      [PRECIPITATION DATA]       SYMBOLS USED IN COLUMN 16

AVERAGE MONTHLY: 75.6   TOTAL FOR MONTH:   0.92    1 = FOG OR MIST
DPTR FM NORMAL:   1.6   DPTR FM NORMAL:   -0.85    2 = FOG REDUCING VISIBILITY
HIGHEST:   100 ON  7    GRTST 24HR  0.30 ON 12-12      TO 1/4 MILE OR LESS
LOWEST:     55 ON 17,16                            3 = THUNDER
                        SNOW, ICE PELLETS, HAIL    4 = ICE PELLETS
                        TOTAL MONTH:   0.0 INCH    5 = HAIL
                        GRTST 24HR     0.0         6 = FREEZING RAIN OR DRIZZLE
                        GRTST DEPTH:   0           7 = DUSTSTORM OR SANDSTORM:
                                                       VSBY 1/2 MILE OR LESS
                                                   8 = SMOKE OR HAZE
[NO. OF DAYS WITH]      [WEATHER - DAYS WITH]      9 = BLOWING SNOW
                                                   X = TORNADO
MAX 32 OR BELOW:   0    0.01 INCH OR MORE:   6
MAX 90 OR ABOVE:  17    0.10 INCH OR MORE:   4
MIN 32 OR BELOW:   0    0.50 INCH OR MORE:   0
MIN  0 OR BELOW:   0    1.00 INCH OR MORE:   0

[HDD (BASE 65) ]
TOTAL THIS MO.     0    CLEAR  (SCALE 0-3)   3
DPTR FM NORMAL    -1    PTCLDY (SCALE 4-7)  23
TOTAL FM JUL 1     0    CLOUDY (SCALE 8-10)  0
DPTR FM NORMAL    -1

[CDD (BASE 65) ]
TOTAL THIS MO.   281
DPTR FM NORMAL    42    [PRESSURE DATA]
TOTAL FM JAN 1   408    HIGHEST SLP M ON M
DPTR FM NORMAL    14    LOWEST  SLP 29.68 ON 10

[REMARKS]




U.S. Dept. of Commerce
NOAA National Weather Service
1325 East West Highway
Silver Spring, MD 20910
E-mail: w-nws.webmaster@noaa.gov
Page last modified: May 16, 2007
NATIONAL WEATHER SERVICE: for Safety, for Work, for Fun - FOR LIFE