297
CXUS53 KARX 010930
CF6DEH
PRELIMINARY LOCAL CLIMATOLOGICAL DATA (WS FORM: F-6)

                                          STATION:   DECORAH IA
                                          MONTH:     NOVEMBER
                                          YEAR:      2014
                                          LATITUDE:   43 16 N
                                          LONGITUDE:  91 44 W

  TEMPERATURE IN F:       :PCPN:    SNOW:  WIND      :SUNSHINE: SKY     :PK WND
================================================================================
1   2   3   4   5  6A  6B    7    8   9   10  11  12  13   14  15   16   17  18
                                     12Z  AVG MX 2MIN
DY MAX MIN AVG DEP HDD CDD  WTR  SNW DPTH SPD SPD DIR MIN PSBL S-S WX    SPD DR
================================================================================

 1  43  19  31   M  34   0 0.00  0.0    0  4.8 10 160   M    M   0        17 160
 2  55  32  44   M  21   0 0.00  0.0    0 12.5 20 170   M    M   4        31 170
 3  59  41  50   M  15   0 0.06  0.0    0  9.8 14 210   M    M   6 1      21 210
 4  57  36  47   M  18   0 0.00  0.0    0  8.9 15 250   M    M   4        24 250
 5  48  32  40   M  25   0 0.00  0.0    0  3.5 10 200   M    M   5        17 200
 6  45  28  37   M  28   0 0.00  0.0    0 11.5 21 330   M    M   8        29 330
 7  45  28  37   M  28   0 0.00  0.0    0  8.6 16 150   M    M   5        27 160
 8  46  36  41   M  24   0 0.00  0.0    0 12.1 25 330   M    M   8        36 320
 9  46  36  41   M  24   0 0.00  0.0    0  5.6 12 240   M    M   6        16 200
10  52  32  42   M  23   0 0.00  0.0    0 13.0 21 110   M    M   8 1      29 110
11  32  23  28   M  37   0    M    M    0 16.4 22 340   M    M  10        30 340
12  23  16  20   M  45   0    M    M    0  7.2 10 300   M    M   9        20 270
13  25  16  21   M  44   0    T    T    0  8.3 16 320   M    M  10        22 320
14  23  10  17   M  48   0 0.00  0.0    0  3.7  8 320   M    M   3        13  99
15  23   9  16   M  49   0    M    M    0  1.4  6 170   M    M   6         M  M
16  21   9  15   M  50   0    M    M    1  6.2 13 210   M    M   7 1      18 210
17  12   5   9   M  56   0    M    M    1 10.3 17 280   M    M   8        32 290
18  16   3  10   M  55   0    M    M    1  7.1 10 150   M    M   9        25 280
19  23  16  20   M  45   0    M    M    1 10.8 20 310   M    M   9        32 310
20  18   3  11   M  54   0 0.00  0.0    1  6.7 15 300   M    M   1        28 300
21  32   3  18   M  47   0 0.00  0.0    1  9.0 15 180   M    M   4        25 180
22  52  32  42   M  23   0 0.00  0.0    0  8.3 16 200   M    M  10 12     21 180
23  52  39  46   M  19   0 0.08  0.0    0  9.4 17 330   M    M  10 12     24 340
24  39  16  28   M  37   0    M    M    1 13.6 18 310   M    M  10        30 300
25  21  10  16   M  49   0    M    M    2  6.4  9 310   M    M   5        15 310
26  28  18  23   M  42   0    M    M    1  7.6 12 340   M    M   7        15 120
27  23   5  14   M  51   0    T    T    1  8.2 17 330   M    M   5        20 330
28  27  10  19   M  46   0    T    T    1  8.9 14 150   M    M   4 18     23 150
29  46  25  36   M  29   0 0.00  0.0    0  6.8 10 170   M    M   3 1      16 210
30  32   9  21   M  44   0 0.00  0.0    0 16.3 22 330   M    M   3 1      29 350
================================================================================
SM 1064  597      1110   0  0.14    T    262.9          M      187
================================================================================
AV 35.5 19.9                               8.8 FASTST   M    M   6    MAX(MPH)
                                 MISC ---->    25   M                 36    M
================================================================================
NOTES:
# LAST OF SEVERAL OCCURRENCES

COLUMN 17 PEAK WIND IN M.P.H.

PRELIMINARY LOCAL CLIMATOLOGICAL DATA (WS FORM: F-6) , PAGE 2

                                          STATION:  DECORAH IA
                                          MONTH:    NOVEMBER
                                          YEAR:     2014
                                          LATITUDE:   43 16 N
                                          LONGITUDE:  91 44 W

[TEMPERATURE DATA]      [PRECIPITATION DATA]       SYMBOLS USED IN COLUMN 16

AVERAGE MONTHLY: 27.7   TOTAL FOR MONTH:   0.14    1 = FOG OR MIST
DPTR FM NORMAL:     M   DPTR FM NORMAL:       M    2 = FOG REDUCING VISIBILITY
HIGHEST:    59 ON  3    GRTST 24HR  0.08 ON 23-23      TO 1/4 MILE OR LESS
LOWEST:      3 ON 21,20                            3 = THUNDER
                        SNOW, ICE PELLETS, HAIL    4 = ICE PELLETS
                        TOTAL MONTH:    T          5 = HAIL
                        GRTST 24HR    T  ON 28-28  6 = FREEZING RAIN OR DRIZZLE
                        GRTST DEPTH:   2 ON 25     7 = DUSTSTORM OR SANDSTORM:
                                                       VSBY 1/2 MILE OR LESS
                                                   8 = SMOKE OR HAZE
[NO. OF DAYS WITH]      [WEATHER - DAYS WITH]      9 = BLOWING SNOW
                                                   X = TORNADO
MAX 32 OR BELOW:  16    0.01 INCH OR MORE:   2
MAX 90 OR ABOVE:   0    0.10 INCH OR MORE:   0
MIN 32 OR BELOW:  25    0.50 INCH OR MORE:   0
MIN  0 OR BELOW:   0    1.00 INCH OR MORE:   0

[HDD (BASE 65) ]
TOTAL THIS MO.  1110    CLEAR  (SCALE 0-3)   4
DPTR FM NORMAL     M    PTCLDY (SCALE 4-7)  18
TOTAL FM JUL 1  1807    CLOUDY (SCALE 8-10)  8
DPTR FM NORMAL     M

[CDD (BASE 65) ]
TOTAL THIS MO.     0
DPTR FM NORMAL     M    [PRESSURE DATA]
TOTAL FM JAN 1   444    HIGHEST SLP M ON M
DPTR FM NORMAL     M    LOWEST  SLP M ON M

[REMARKS]
#FINAL-11-14#




U.S. Dept. of Commerce
NOAA National Weather Service
1325 East West Highway
Silver Spring, MD 20910
E-mail: w-nws.webmaster@noaa.gov
Page last modified: May 16, 2007
NATIONAL WEATHER SERVICE: for Safety, for Work, for Fun - FOR LIFE