479
CXUS53 KILX 010900
CF6DEC
PRELIMINARY LOCAL CLIMATOLOGICAL DATA (WS FORM: F-6)

                                          STATION:   DECATUR IL AIRPORT
                                          MONTH:     JANUARY
                                          YEAR:      2015
                                          LATITUDE:   39 49 N
                                          LONGITUDE:  88 51 W

  TEMPERATURE IN F:       :PCPN:    SNOW:  WIND      :SUNSHINE: SKY     :PK WND
================================================================================
1   2   3   4   5  6A  6B    7    8   9   10  11  12  13   14  15   16   17  18
                                     12Z  AVG MX 2MIN
DY MAX MIN AVG DEP HDD CDD  WTR  SNW DPTH SPD SPD DIR MIN PSBL S-S WX    SPD DR
================================================================================

 1  33  18  26  -2  39   0 0.00    M    M 12.2 24 240   M    M   0        30 240
 2  39  24  32   4  33   0 0.03    M    M  5.9 13 150   M    M   6 1      15 160
 3  40  34  37   9  28   0 0.53    M    M  4.6 13 140   M    M  10 12     16 150
 4  35  10  23  -5  42   0 0.01    M    M 15.4 28 290   M    M   8 18     38 300
 5  17   4  11 -17  54   0    T    M    M  9.0 20 300   M    M   6 1      25 290
 6  19  12  16 -12  49   0    T    M    M  9.4 22 300   M    M   6 18     30 300
 7  16  -3   7 -20  58   0    T    M    M 17.5 28 320   M    M   5 8      37 330
 8  27  -6  11 -16  54   0    T    M    M 16.7 31 300   M    M   5 9      40 320
 9  18   2  10 -17  55   0    T    M    M 14.9 26 310   M    M   2 8      37 310
10  26   1  14 -13  51   0 0.00    M    M 12.7 23 190   M    M   3        29 180
11  35  26  31   4  34   0 0.23    M    M  8.5 17 210   M    M  10 16     22 200
12  33  10  22  -5  43   0 0.01    M    M 13.4 24 350   M    M   6 18     27 350
13  22   6  14 -13  51   0 0.00    M    M  9.9 17  70   M    M   2        21  10
14  22   4  13 -14  52   0 0.00    M    M  2.0  7 180   M    M   5 1       9 230
15  40  12  26  -1  39   0 0.00    M    M  9.7 17 240   M    M   0 18     21 240
16  43  25  34   7  31   0 0.00    M    M  7.4 15 180   M    M   0 18     20 170
17  49  34  42  15  23   0 0.00    M    M 14.2 22 200   M    M   2        31 210
18  47  25  36   9  29   0 0.00    M    M 10.6 21 270   M    M   1        27 260
19  48  23  36   9  29   0 0.00    M    M  4.0 13  20   M    M   2        14  20
20  47  30  39  12  26   0 0.00    M    M  6.3 15 310   M    M   6 1      20 300
21  39  31  35   8  30   0 0.00    M    M 11.0 18 280   M    M   8 18     25 330
22  36  32  34   7  31   0 0.00    M    M  2.9 13 320   M    M  10 18     16 320
23  35  25  30   3  35   0 0.00    M    M  4.4 13 240   M    M   7        18 230
24  47  26  37  10  28   0 0.00    M    M  9.7 16 250   M    M   0 18     21 240
25  41  29  35   8  30   0 0.06    M    M 13.1 26  20   M    M   9 1      36  30
26  32  22  27   0  38   0    T    M    M  7.5 15 330   M    M   9 1      18 330
27  34  23  29   2  36   0 0.00    M    M  7.7 17 350   M    M   8 1      23 330
28  41  22  32   5  33   0    T    M    M 14.2 25 160   M    M   1 1      34 160
29  46  33  40  12  25   0    T    M    M 18.0 26 280   M    M   8 18     36 280
30  36  24  30   2  35   0 0.00    M    M  7.0 25 320   M    M   2        32 340
31  38  23  31   3  34   0 0.07    M    M  8.4 14 220   M    M   7 1      17 210
================================================================================
SM 1081  581      1175   0  0.94    M    308.2          M      154
================================================================================
AV 34.9 18.7                               9.9 FASTST   M    M   5    MAX(MPH)
                                 MISC ---->  # 31 300               # 40  320
================================================================================
NOTES:
# LAST OF SEVERAL OCCURRENCES

COLUMN 17 PEAK WIND IN M.P.H.

PRELIMINARY LOCAL CLIMATOLOGICAL DATA (WS FORM: F-6) , PAGE 2

                                          STATION:  DECATUR IL AIRPORT
                                          MONTH:    JANUARY
                                          YEAR:     2015
                                          LATITUDE:   39 49 N
                                          LONGITUDE:  88 51 W

[TEMPERATURE DATA]      [PRECIPITATION DATA]       SYMBOLS USED IN COLUMN 16

AVERAGE MONTHLY: 26.8   TOTAL FOR MONTH:   0.94    1 = FOG OR MIST
DPTR FM NORMAL:  -0.5   DPTR FM NORMAL:   -0.80    2 = FOG REDUCING VISIBILITY
HIGHEST:    49 ON 17    GRTST 24HR  0.56 ON  2- 3      TO 1/4 MILE OR LESS
LOWEST:     -6 ON  8                               3 = THUNDER
                        SNOW, ICE PELLETS, HAIL    4 = ICE PELLETS
                        TOTAL MONTH:    M          5 = HAIL
                        GRTST 24HR    M  ON   M    6 = FREEZING RAIN OR DRIZZLE
                        GRTST DEPTH:  M  ON   M    7 = DUSTSTORM OR SANDSTORM:
                                                       VSBY 1/2 MILE OR LESS
                                                   8 = SMOKE OR HAZE
[NO. OF DAYS WITH]      [WEATHER - DAYS WITH]      9 = BLOWING SNOW
                                                   X = TORNADO
MAX 32 OR BELOW:   9    0.01 INCH OR MORE:   7
MAX 90 OR ABOVE:   0    0.10 INCH OR MORE:   2
MIN 32 OR BELOW:  28    0.50 INCH OR MORE:   1
MIN  0 OR BELOW:   2    1.00 INCH OR MORE:   0

[HDD (BASE 65) ]
TOTAL THIS MO.  1175    CLEAR  (SCALE 0-3)  12
DPTR FM NORMAL     7    PTCLDY (SCALE 4-7)  12
TOTAL FM JUL 1  3400    CLOUDY (SCALE 8-10)  7
DPTR FM NORMAL    93

[CDD (BASE 65) ]
TOTAL THIS MO.     0
DPTR FM NORMAL     0    [PRESSURE DATA]
TOTAL FM JAN 1     0    HIGHEST SLP 30.92 ON  7
DPTR FM NORMAL     0    LOWEST  SLP 29.61 ON 25

[REMARKS]
#FINAL-01-15#




U.S. Dept. of Commerce
NOAA National Weather Service
1325 East West Highway
Silver Spring, MD 20910
E-mail: w-nws.webmaster@noaa.gov
Page last modified: May 16, 2007
NATIONAL WEATHER SERVICE: for Safety, for Work, for Fun - FOR LIFE