017
CXUS53 KILX 242300
CF6DEC
PRELIMINARY LOCAL CLIMATOLOGICAL DATA (WS FORM: F-6)

                                          STATION:   DECATUR IL AIRPORT
                                          MONTH:     APRIL
                                          YEAR:      2014
                                          LATITUDE:   39 49 N
                                          LONGITUDE:  88 51 W

  TEMPERATURE IN F:       :PCPN:    SNOW:  WIND      :SUNSHINE: SKY     :PK WND
================================================================================
1   2   3   4   5  6A  6B    7    8   9   10  11  12  13   14  15   16   17  18
                                     12Z  AVG MX 2MIN
DY MAX MIN AVG DEP HDD CDD  WTR  SNW DPTH SPD SPD DIR MIN PSBL S-S WX    SPD DR
================================================================================

 1  57  35  46  -2  19   0 0.11    M    M 12.7 26 280   M    M   3 1      31 280
 2  55  42  49   1  16   0 0.48    M    M 12.0 26 100   M    M  10 13     30 100
 3  61  49  55   7  10   0 1.00    M    M  9.5 23 130   M    M   9 13     28 280
 4  58  39  49   0  16   0    T    M    M 16.6 32 270   M    M   8        42 270
 5  53  34  44  -5  21   0 0.00    M    M  4.4 15 320   M    M   3        18 320
 6  58  30  44  -5  21   0 0.00    M    M  6.2 15 110   M    M   0        21 140
 7  50  39  45  -5  20   0 0.52    M    M  7.6 20  10   M    M   9 18     27  10
 8  63  43  53   3  12   0 0.03    M    M 12.0 24 310   M    M   2 1      30 320
 9  63  40  52   2  13   0 0.00    M    M 10.9 21 240   M    M   0        27 250
10  76  51  64  13   1   0 0.00    M    M 16.0 31 210   M    M   3        38 220
11  72  45  59   8   6   0    T    M    M  7.1 12 350   M    M   1        15 210
12  79  45  62  10   3   0 0.00    M    M 17.9 35 200   M    M   2        44 210
13  71  60  66  14   0   1 0.62    M    M 16.7 31 210   M    M   6 13     40 210
14  63  33  48  -4  17   0 0.08    M    M 16.3 24 330   M    M  10 1      32 310
15  44  29  37 -16  28   0 0.00    M    M 10.5 20 330   M    M   3        27 330
16  54  30  42 -11  23   0 0.00    M    M 14.6 25 160   M    M   0        33 140
17  63  40  52  -1  13   0 0.00    M    M 10.9 21 220   M    M   1        25 210
18  69  40  55   1  10   0 0.00    M    M  6.8 14  70   M    M   1        17 320
19  74  34  54   0  11   0 0.00    M    M  7.4 14 130   M    M   0        20 110
20  78  41  60   6   5   0 0.00    M    M  8.5 17 180   M    M   0        26 210
21  71  57  64   9   1   0    T    M    M  8.5 22 210   M    M   5 18     29 250
22  66  43  55   0  10   0 0.00    M    M 13.0 22  10   M    M   1        29 340
23  63  31  47  -9  18   0 0.00    M    M  8.3 20  70   M    M   2        23  70
================================================================================
SM 1461  930       294   1  2.84    M    254.4          M       79
================================================================================
AV 63.5 40.4                              11.1 FASTST   M    M   3    MAX(MPH)
                                 MISC ---->  # 35 200               # 44  210
================================================================================
NOTES:
# LAST OF SEVERAL OCCURRENCES

COLUMN 17 PEAK WIND IN M.P.H.

PRELIMINARY LOCAL CLIMATOLOGICAL DATA (WS FORM: F-6) , PAGE 2

                                          STATION:  DECATUR IL AIRPORT
                                          MONTH:    APRIL
                                          YEAR:     2014
                                          LATITUDE:   39 49 N
                                          LONGITUDE:  88 51 W

[TEMPERATURE DATA]      [PRECIPITATION DATA]       SYMBOLS USED IN COLUMN 16

AVERAGE MONTHLY: 52.0   TOTAL FOR MONTH:   2.84    1 = FOG OR MIST
DPTR FM NORMAL:   0.4   DPTR FM NORMAL:    0.26    2 = FOG REDUCING VISIBILITY
HIGHEST:    79 ON 12    GRTST 24HR  1.08 ON  2- 3      TO 1/4 MILE OR LESS
LOWEST:     29 ON 15                               3 = THUNDER
                        SNOW, ICE PELLETS, HAIL    4 = ICE PELLETS
                        TOTAL MONTH:    M          5 = HAIL
                        GRTST 24HR    M  ON   M    6 = FREEZING RAIN OR DRIZZLE
                        GRTST DEPTH:  M  ON   M    7 = DUSTSTORM OR SANDSTORM:
                                                       VSBY 1/2 MILE OR LESS
                                                   8 = SMOKE OR HAZE
[NO. OF DAYS WITH]      [WEATHER - DAYS WITH]      9 = BLOWING SNOW
                                                   X = TORNADO
MAX 32 OR BELOW:   0    0.01 INCH OR MORE:   7
MAX 90 OR ABOVE:   0    0.10 INCH OR MORE:   5
MIN 32 OR BELOW:   4    0.50 INCH OR MORE:   3
MIN  0 OR BELOW:   0    1.00 INCH OR MORE:   1

[HDD (BASE 65) ]
TOTAL THIS MO.   294    CLEAR  (SCALE 0-3)  16
DPTR FM NORMAL   -25    PTCLDY (SCALE 4-7)   3
TOTAL FM JUL 1  5992    CLOUDY (SCALE 8-10)  4
DPTR FM NORMAL   689

[CDD (BASE 65) ]
TOTAL THIS MO.     1
DPTR FM NORMAL     0    [PRESSURE DATA]
TOTAL FM JAN 1     1    HIGHEST SLP M ON M
DPTR FM NORMAL    -1    LOWEST  SLP 29.39 ON 13

[REMARKS]




U.S. Dept. of Commerce
NOAA National Weather Service
1325 East West Highway
Silver Spring, MD 20910
E-mail: w-nws.webmaster@noaa.gov
Page last modified: May 16, 2007
NATIONAL WEATHER SERVICE: for Safety, for Work, for Fun - FOR LIFE