414
CXUS53 KILX 012300
CF6DEC
PRELIMINARY LOCAL CLIMATOLOGICAL DATA (WS FORM: F-6)

                                          STATION:   DECATUR IL AIRPORT
                                          MONTH:     SEPTEMBER
                                          YEAR:      2014
                                          LATITUDE:   39 49 N
                                          LONGITUDE:  88 51 W

  TEMPERATURE IN F:       :PCPN:    SNOW:  WIND      :SUNSHINE: SKY     :PK WND
================================================================================
1   2   3   4   5  6A  6B    7    8   9   10  11  12  13   14  15   16   17  18
                                     12Z  AVG MX 2MIN
DY MAX MIN AVG DEP HDD CDD  WTR  SNW DPTH SPD SPD DIR MIN PSBL S-S WX    SPD DR
================================================================================

 1  83  70  77   5   0  12 0.38    M    M 12.5 28 170   M    M   2 1      35 170
 2  81  68  75   4   0  10 0.20    M    M  6.1 14 190   M    M   6 1      17 190
 3  84  60  72   1   0   7 0.00    M    M  5.8 13 170   M    M   1 12     18 160
 4  90  70  80   9   0  15    T    M    M 10.5 20 190   M    M   2        24 190
 5  93  64  79   8   0  14 0.46    M    M 11.0 33 310   M    M   3 13     43 310
 6  74  54  64  -6   1   0 0.04    M    M  9.0 17 340   M    M   4        27  10
 7  78  51  65  -5   0   0 0.00    M    M  3.7 15 100   M    M   0        20 110
 8  80  50  65  -5   0   0 0.00    M    M  4.4 12 130   M    M   0        18 170
 9  73  61  67  -2   0   2 0.36    M    M  7.6 24 200   M    M   3 13     32 200
10  79  65  72   3   0   7 0.81    M    M 13.3 29 210   M    M   7 13     38 220
11  65  53  59 -10   6   0 0.01    M    M 10.8 18 340   M    M  10 1      23 350
12  60  47  54 -14  11   0    T    M    M 11.0 22 350   M    M  10 18     27 360
13  63  42  53 -15  12   0 0.00    M    M  6.6 18 350   M    M   2        24 360
14  71  40  56 -11   9   0 0.00    M    M  1.7  9 310   M    M   0        12 310
15  61  47  54 -13  11   0 1.23    M    M  7.5 21 350   M    M   8 13     26 340
16  68  47  58  -8   7   0 0.00    M    M  4.6 13 350   M    M   5 1      16  10
17  68  45  57  -9   8   0 0.00    M    M  3.6 13 210   M    M   5 1      17 210
18  75  48  62  -4   3   0 0.00    M    M  5.6 16  90   M    M   0 1      21 110
19  77  46  62  -3   3   0 0.00    M    M  7.1 17 140   M    M   0 1      23 150
20  85  58  72   7   0   7 0.43    M    M 10.9 22 230   M    M   2 138    28 230
21  73  55  64   0   1   0 0.00    M    M 13.0 25 290   M    M   2 1      36 300
22  71  47  59  -5   6   0 0.00    M    M  3.5 10  20   M    M   0 1      17  60
23  76  43  60  -3   5   0 0.00    M    M  3.3 10 120   M    M   0        14 120
24  78  46  62  -1   3   0 0.00    M    M  3.5 14 130   M    M   0        17 130
25  82  52  67   5   0   2 0.00    M    M  2.0  8  90   M    M   1        12 340
26  84  53  69   7   0   4 0.00    M    M  2.7 12  80   M    M   0        13 130
27  85  54  70   8   0   5 0.00    M    M  2.6 13 100   M    M   0        19  80
28  85  52  69   8   0   4 0.00    M    M  1.6 10  70   M    M   0        14  60
29  85  53  69   8   0   4 0.00    M    M  1.7 12 290   M    M   1        15 300
30  75  52  64   4   1   0 0.00    M    M  8.2 14  50   M    M   4 1      18  30
================================================================================
SM 2302 1593        87  93  3.92    M    195.4          M       78
================================================================================
AV 76.7 53.1                               6.5 FASTST   M    M   3    MAX(MPH)
                                 MISC ---->  # 33 310               # 43  310
================================================================================
NOTES:
# LAST OF SEVERAL OCCURRENCES

COLUMN 17 PEAK WIND IN M.P.H.

PRELIMINARY LOCAL CLIMATOLOGICAL DATA (WS FORM: F-6) , PAGE 2

                                          STATION:  DECATUR IL AIRPORT
                                          MONTH:    SEPTEMBER
                                          YEAR:     2014
                                          LATITUDE:   39 49 N
                                          LONGITUDE:  88 51 W

[TEMPERATURE DATA]      [PRECIPITATION DATA]       SYMBOLS USED IN COLUMN 16

AVERAGE MONTHLY: 64.9   TOTAL FOR MONTH:   3.92    1 = FOG OR MIST
DPTR FM NORMAL:  -1.6   DPTR FM NORMAL:    1.03    2 = FOG REDUCING VISIBILITY
HIGHEST:    93 ON  5    GRTST 24HR  1.23 ON 15-15      TO 1/4 MILE OR LESS
LOWEST:     40 ON 14                               3 = THUNDER
                        SNOW, ICE PELLETS, HAIL    4 = ICE PELLETS
                        TOTAL MONTH:    M          5 = HAIL
                        GRTST 24HR    M  ON   M    6 = FREEZING RAIN OR DRIZZLE
                        GRTST DEPTH:  M  ON   M    7 = DUSTSTORM OR SANDSTORM:
                                                       VSBY 1/2 MILE OR LESS
                                                   8 = SMOKE OR HAZE
[NO. OF DAYS WITH]      [WEATHER - DAYS WITH]      9 = BLOWING SNOW
                                                   X = TORNADO
MAX 32 OR BELOW:   0    0.01 INCH OR MORE:   9
MAX 90 OR ABOVE:   2    0.10 INCH OR MORE:   7
MIN 32 OR BELOW:   0    0.50 INCH OR MORE:   2
MIN  0 OR BELOW:   0    1.00 INCH OR MORE:   1

[HDD (BASE 65) ]
TOTAL THIS MO.    87    CLEAR  (SCALE 0-3)  20
DPTR FM NORMAL    20    PTCLDY (SCALE 4-7)   7
TOTAL FM JUL 1    89    CLOUDY (SCALE 8-10)  3
DPTR FM NORMAL    16

[CDD (BASE 65) ]
TOTAL THIS MO.    93
DPTR FM NORMAL   -18    [PRESSURE DATA]
TOTAL FM JAN 1   997    HIGHEST SLP 30.40 ON 13
DPTR FM NORMAL   -32    LOWEST  SLP 29.65 ON 10

[REMARKS]
#FINAL-09-14#




U.S. Dept. of Commerce
NOAA National Weather Service
1325 East West Highway
Silver Spring, MD 20910
E-mail: w-nws.webmaster@noaa.gov
Page last modified: May 16, 2007
NATIONAL WEATHER SERVICE: for Safety, for Work, for Fun - FOR LIFE