391
CXUS53 KILX 012300
CF6DEC
PRELIMINARY LOCAL CLIMATOLOGICAL DATA (WS FORM: F-6)

                                          STATION:   DECATUR IL AIRPORT
                                          MONTH:     NOVEMBER
                                          YEAR:      2014
                                          LATITUDE:   39 49 N
                                          LONGITUDE:  88 51 W

  TEMPERATURE IN F:       :PCPN:    SNOW:  WIND      :SUNSHINE: SKY     :PK WND
================================================================================
1   2   3   4   5  6A  6B    7    8   9   10  11  12  13   14  15   16   17  18
                                     12Z  AVG MX 2MIN
DY MAX MIN AVG DEP HDD CDD  WTR  SNW DPTH SPD SPD DIR MIN PSBL S-S WX    SPD DR
================================================================================

 1  49  29  39 -10  26   0 0.00    M    M  9.7 21  30   M    M   0        29 360
 2  54  21  38 -11  27   0 0.00    M    M 10.1 18 180   M    M   4        24 180
 3  67  43  55   7  10   0 0.00    M    M 19.2 26 200   M    M   2        34 210
 4  57  42  50   2  15   0 0.45    M    M 11.2 21 210   M    M   6 1      27 210
 5  60  39  50   2  15   0 0.00    M    M  9.2 16 210   M    M   1        20 190
 6  50  34  42  -5  23   0    T    M    M 15.5 29 330   M    M   8 18     42 330
 7  49  28  39  -8  26   0 0.00    M    M  6.3 15 190   M    M   0        19 190
 8  49  36  43  -3  22   0 0.00    M    M 12.6 25 330   M    M   4        32 320
 9  56  30  43  -3  22   0 0.00    M    M 10.9 25 200   M    M   1        31 200
10  66  42  54   8  11   0 0.00    M    M 16.6 30 180   M    M   0        39 180
11  58  32  45   0  20   0 0.11    M    M 15.2 24 290   M    M   9 18     34 280
12  32  24  28 -17  37   0 0.00    M    M 12.7 20 310   M    M   8        24 300
13  31  22  27 -17  38   0    T    M    0 11.5 18 300   M    M   7 8      23 300
14  32  19  26 -18  39   0 0.00    M    M  6.0 13 280   M    M   1        16 310
15  35  15  25 -18  40   0    T    M    M  3.7 13 220   M    M   3 18     15 190
16  34  24  29 -14  36   0    T    M    M  7.5 17 320   M    M  10 18     21 320
17  24  14  19 -23  46   0    T    M    M 15.5 26 290   M    M   3 8      37 290
18  22  12  17 -25  48   0 0.00    M    M 12.6 23 270   M    M   3        32 250
19  38  18  28 -13  37   0 0.00    M    M 15.6 26 290   M    M   8        38 290
20  33  19  26 -15  39   0    T    M    M  9.7 21 290   M    M   2        29 300
21  38  11  25 -15  40   0 0.01    M    M  9.7 17 190   M    M   3        23 180
22  58  36  47   7  18   0 0.18    M    M 16.0 28 210   M    M   9 1      35 220
23  54  49  52  13  13   0 0.69    M    M 11.6 20 150   M    M   9 18     25 130
24  53  34  44   5  21   0 0.42    M    M 16.8 30 260   M    M  10 12     43 290
25  34  22  28 -10  37   0 0.00    M    M  8.3 18 310   M    M   7        23 280
26  31  20  26 -12  39   0    T    M    M  8.6 16 100   M    M   6 18     19 100
27  29  12  21 -16  44   0    T    M    M 10.3 18 280   M    M   6 18     23 270
28  39  17  28  -9  37   0 0.00    M    M 12.0 24 170   M    M   2        30 180
29  56  37  47  11  18   0 0.00    M    M 16.7 26 200   M    M   1        33 190
30  66  30  48  12  17   0 0.00    M    M 17.3 28 210   M    M   6 18     34 220
================================================================================
SM 1354  811       861   0  1.86    M    358.6          M      139
================================================================================
AV 45.1 27.0                              12.0 FASTST   M    M   5    MAX(MPH)
                                 MISC ---->  # 30 180               # 43  290
================================================================================
NOTES:
# LAST OF SEVERAL OCCURRENCES

COLUMN 17 PEAK WIND IN M.P.H.

PRELIMINARY LOCAL CLIMATOLOGICAL DATA (WS FORM: F-6) , PAGE 2

                                          STATION:  DECATUR IL AIRPORT
                                          MONTH:    NOVEMBER
                                          YEAR:     2014
                                          LATITUDE:   39 49 N
                                          LONGITUDE:  88 51 W

[TEMPERATURE DATA]      [PRECIPITATION DATA]       SYMBOLS USED IN COLUMN 16

AVERAGE MONTHLY: 36.1   TOTAL FOR MONTH:   1.86    1 = FOG OR MIST
DPTR FM NORMAL:  -6.8   DPTR FM NORMAL:   -1.57    2 = FOG REDUCING VISIBILITY
HIGHEST:    67 ON  3    GRTST 24HR  1.11 ON 23-24      TO 1/4 MILE OR LESS
LOWEST:     11 ON 21                               3 = THUNDER
                        SNOW, ICE PELLETS, HAIL    4 = ICE PELLETS
                        TOTAL MONTH:    M          5 = HAIL
                        GRTST 24HR    M  ON   M    6 = FREEZING RAIN OR DRIZZLE
                        GRTST DEPTH:   0           7 = DUSTSTORM OR SANDSTORM:
                                                       VSBY 1/2 MILE OR LESS
                                                   8 = SMOKE OR HAZE
[NO. OF DAYS WITH]      [WEATHER - DAYS WITH]      9 = BLOWING SNOW
                                                   X = TORNADO
MAX 32 OR BELOW:   7    0.01 INCH OR MORE:   6
MAX 90 OR ABOVE:   0    0.10 INCH OR MORE:   5
MIN 32 OR BELOW:  20    0.50 INCH OR MORE:   1
MIN  0 OR BELOW:   0    1.00 INCH OR MORE:   0

[HDD (BASE 65) ]
TOTAL THIS MO.   861    CLEAR  (SCALE 0-3)  14
DPTR FM NORMAL   198    PTCLDY (SCALE 4-7)  11
TOTAL FM JUL 1  1273    CLOUDY (SCALE 8-10)  5
DPTR FM NORMAL   192

[CDD (BASE 65) ]
TOTAL THIS MO.     0
DPTR FM NORMAL     0    [PRESSURE DATA]
TOTAL FM JAN 1  1011    HIGHEST SLP 30.50 ON 21
DPTR FM NORMAL   -37    LOWEST  SLP 29.13 ON 24

[REMARKS]
#FINAL-11-14#




U.S. Dept. of Commerce
NOAA National Weather Service
1325 East West Highway
Silver Spring, MD 20910
E-mail: w-nws.webmaster@noaa.gov
Page last modified: May 16, 2007
NATIONAL WEATHER SERVICE: for Safety, for Work, for Fun - FOR LIFE