097
CXUS55 KALY 020104
CF6DDH
PRELIMINARY LOCAL CLIMATOLOGICAL DATA (WS FORM: F-6)

                                          STATION:   BENNINGTON VT
                                          MONTH:     NOVEMBER
                                          YEAR:      2014
                                          LATITUDE:   42 53 N
                                          LONGITUDE:  73 15 W

  TEMPERATURE IN F:       :PCPN:    SNOW:  WIND      :SUNSHINE: SKY     :PK WND
================================================================================
1   2   3   4   5  6A  6B    7    8   9   10  11  12  13   14  15   16   17  18
                                     12Z  AVG MX 2MIN
DY MAX MIN AVG DEP HDD CDD  WTR  SNW DPTH SPD SPD DIR MIN PSBL S-S WX    SPD DR
================================================================================

 1  45  36  41  -2  24   0 0.00    M    M  5.1 12 330   M    M   9 18     16 330
 2  43  33  38  -4  27   0 0.00    M    M 13.0 25 340   M    M   5        36 350
 3  53  24  39  -3  26   0 0.00    M    M  5.1 15 270   M    M   2        20 260
 4  64  33  49   7  16   0 0.00    M    M  3.3 13 170   M    M   5        17 200
 5  63  32  48   6  17   0 0.00    M    M  5.9 15 300   M    M   4        21 320
 6  50  34  42   1  23   0 0.17    M    M  1.9 10 100   M    M   7 1      15 120
 7  42  34  38  -3  27   0 0.11    M    M  7.1 14 330   M    M  10 1      22 320
 8  44  32  38  -3  27   0 0.00    M    M  4.2 10 280   M    M   6        15 280
 9  50  27  39  -2  26   0 0.00    M    M  4.2 13 280   M    M   6        18 270
10  56  26  41   1  24   0 0.00    M    M  1.6 10 120   M    M   1 1      15 170
11  63  35  49   9  16   0 0.00    M    M  7.5 23 190   M    M   3        30 190
12  63  33  48   8  17   0    T    M    M  4.8 21 260   M    M   4        28 260
13  41  24  33  -7  32   0 0.05    M    M  2.2 10 230   M    M   5 1      15 230
14  36  26  31  -8  34   0 0.06    M    M  6.1 15 290   M    M   7 1      29 220
15  36  20  28 -11  37   0 0.00    M    M  6.1 14 270   M    M   4        19 300
16  39  19  29 -10  36   0 0.00    M    M  4.3 17 180   M    M   6        24 150
17  44  31  38   0  27   0 0.91    M    M  5.5 15 260   M    M  10 1      21 270
18  37  20  29  -9  36   0 0.00    M    M 11.0 21 300   M    M   6        33 240
19  30  19  25 -13  40   0    T    M    M  7.3 18 180   M    M   5 8      27 200
20  37  22  30  -7  35   0    T    M    M  6.7 17 260   M    M   7        26 240
21  31  21  26 -11  39   0    T    M    M  7.7 17 270   M    M   6        26 310
22  40  15  28  -9  37   0    T    M    M  2.9 12 170   M    M   6        15 160
23  56  37  47  11  18   0 0.06    M    M  2.0 12 130   M    M   8 1      19 120
24  68  42  55  19  10   0 0.21    M    M 17.6 38 140   M    M   6 1      58 130
25  63  31  47  11  18   0 0.00    M    M  5.4 15 200   M    M   0        22 210
26  39  29  34  -1  31   0 0.59    M    M  4.1 13 360   M    M   7 12     18 350
27  29  26  28  -7  37   0 0.08    M    M  3.8 10 330   M    M  10 1      14 310
28  28  21  25 -10  40   0    T    M    M  5.4 14 270   M    M   9 18     19 280
29  35  10  23 -11  42   0    T    M    M  3.3 14 190   M    M   6        23 200
30  47  34  41   7  24   0 0.00    M    M  5.6 14 160   M    M  10        19 250
================================================================================
SM 1372  826       843   0  2.24    M    170.7          M      180
================================================================================
AV 45.7 27.5                               5.7 FASTST   M    M   6    MAX(MPH)
                                 MISC ---->  # 38 140               # 58  130
================================================================================
NOTES:
# LAST OF SEVERAL OCCURRENCES

COLUMN 17 PEAK WIND IN M.P.H.

PRELIMINARY LOCAL CLIMATOLOGICAL DATA (WS FORM: F-6) , PAGE 2

                                          STATION:  BENNINGTON VT
                                          MONTH:    NOVEMBER
                                          YEAR:     2014
                                          LATITUDE:   42 53 N
                                          LONGITUDE:  73 15 W

[TEMPERATURE DATA]      [PRECIPITATION DATA]       SYMBOLS USED IN COLUMN 16

AVERAGE MONTHLY: 36.6   TOTAL FOR MONTH:   2.24    1 = FOG OR MIST
DPTR FM NORMAL:  -2.0   DPTR FM NORMAL:   -0.87    2 = FOG REDUCING VISIBILITY
HIGHEST:    68 ON 24    GRTST 24HR  0.91 ON 17-17      TO 1/4 MILE OR LESS
LOWEST:     10 ON 29                               3 = THUNDER
                        SNOW, ICE PELLETS, HAIL    4 = ICE PELLETS
                        TOTAL MONTH:    M          5 = HAIL
                        GRTST 24HR    M  ON   M    6 = FREEZING RAIN OR DRIZZLE
                        GRTST DEPTH:  M  ON   M    7 = DUSTSTORM OR SANDSTORM:
                                                       VSBY 1/2 MILE OR LESS
                                                   8 = SMOKE OR HAZE
[NO. OF DAYS WITH]      [WEATHER - DAYS WITH]      9 = BLOWING SNOW
                                                   X = TORNADO
MAX 32 OR BELOW:   4    0.01 INCH OR MORE:   9
MAX 90 OR ABOVE:   0    0.10 INCH OR MORE:   5
MIN 32 OR BELOW:  20    0.50 INCH OR MORE:   2
MIN  0 OR BELOW:   0    1.00 INCH OR MORE:   0

[HDD (BASE 65) ]
TOTAL THIS MO.   843    CLEAR  (SCALE 0-3)   3
DPTR FM NORMAL    51    PTCLDY (SCALE 4-7)  21
TOTAL FM JUL 1  1493    CLOUDY (SCALE 8-10)  6
DPTR FM NORMAL  -120

[CDD (BASE 65) ]
TOTAL THIS MO.     0
DPTR FM NORMAL     0    [PRESSURE DATA]
TOTAL FM JAN 1   308    HIGHEST SLP 30.42 ON 22
DPTR FM NORMAL    -5    LOWEST  SLP 29.46 ON 17

[REMARKS]
#FINAL-11-14#




U.S. Dept. of Commerce
NOAA National Weather Service
1325 East West Highway
Silver Spring, MD 20910
E-mail: w-nws.webmaster@noaa.gov
Page last modified: May 16, 2007
NATIONAL WEATHER SERVICE: for Safety, for Work, for Fun - FOR LIFE