768
CXUS55 KALY 310800
CF6DDH
PRELIMINARY LOCAL CLIMATOLOGICAL DATA (WS FORM: F-6)

                                          STATION:   BENNINGTON VT
                                          MONTH:     JANUARY
                                          YEAR:      2015
                                          LATITUDE:   42 53 N
                                          LONGITUDE:  73 15 W

  TEMPERATURE IN F:       :PCPN:    SNOW:  WIND      :SUNSHINE: SKY     :PK WND
================================================================================
1   2   3   4   5  6A  6B    7    8   9   10  11  12  13   14  15   16   17  18
                                     12Z  AVG MX 2MIN
DY MAX MIN AVG DEP HDD CDD  WTR  SNW DPTH SPD SPD DIR MIN PSBL S-S WX    SPD DR
================================================================================

 1  31  18  25   3  40   0 0.00    M    M  7.4 17 200   M    M   4        23 240
 2  32  25  29   7  36   0    T    M    M  8.3 21 280   M    M  10 8      28 290
 3  36  14  25   3  40   0 0.34    M    M  6.2 24 140   M    M   6 68     38 140
 4  53  34  44  22  21   0 0.22    M    M  6.0 22 270   M    M   9 18     28 300
 5  39   9  24   3  41   0    T    M    M 14.1 25 280   M    M   9 8      42 280
 6  15   4  10 -11  55   0 0.01    M    M  2.0 10 280   M    M   6 8      15 270
 7  18  -6   6 -15  59   0    T    M    M  8.9 24 300   M    M   6        37 290
 8  17 -12   3 -18  62   0 0.00    M    M  4.2 14 150   M    M   1        20 160
 9  26  14  20  -1  45   0 0.01    M    M  9.5 30 190   M    M   7 18     45 190
10  17  -3   7 -14  58   0    T    M    M  5.8 17 280   M    M   2        24 250
11  29  -4  13  -8  52   0 0.00    M    M  1.8  9 210   M    M   7        13 210
12  33  27  30   9  35   0 0.23    M    M  3.2 17 360   M    M  10 18     23 350
13  27 -10   9 -12  56   0 0.00    M    M  5.5 14 340   M    M   2        20 340
14  24 -14   5 -16  60   0 0.00    M    M  1.0 13 120   M    M   1        16 140
15  23   5  14  -7  51   0    T    M    M  1.4  8 280   M    M   5 18     10 270
16  30   5  18  -3  47   0    T    M    M  7.9 25 270   M    M   6 18     38 280
17  26  -7  10 -11  55   0 0.00    M    M  3.9 18 180   M    M   1        28 190
18  44  24  34  13  31   0 1.27    M    M  6.9 31 180   M    M   7 1      46 190
19  35  27  31  10  34   0    T    M    M  8.2 16 260   M    M   9        26 250
20  27  14  21   0  44   0 0.00    M    M  7.1 20 280   M    M   3        28 270
21  25   4  15  -6  50   0 0.00    M    M  0.5  6 170   M    M   2         6 240
22  28  13  21   0  44   0 0.00    M    M  2.6  9 240   M    M   8 8      13 250
23  30  10  20  -1  45   0    T    M    M  2.2 13 250   M    M   4 18     18 230
24  33  19  26   5  39   0 0.09    M    M  2.8 14 250   M    M   8 18     21 250
25  33   8  21   0  44   0    T    M    M 10.0 22 270   M    M   4        34 290
26  23   5  14  -7  51   0    T    M    M  4.0 14  70   M    M   6        22  40
27  19   8  14  -8  51   0 0.04    M    M 10.9 23 340   M    M  10 18     35 360
28  20  -2   9 -13  56   0    T    M    M  7.7 21 340   M    M   6 8      30 340
29  36  -9  14  -8  51   0 0.01    M    M  1.5 14 170   M    M   3 18     19 110
30  31   8  20  -2  45   0 0.18    M    M  6.5 16 330   M    M  10 12     25 320
================================================================================
SM  860  228      1398   0  2.40    M    168.0          M      172
================================================================================
AV 28.7  7.6                               5.6 FASTST   M    M   6    MAX(MPH)
                                 MISC ---->  # 31 180               # 46  190
================================================================================
NOTES:
# LAST OF SEVERAL OCCURRENCES

COLUMN 17 PEAK WIND IN M.P.H.

PRELIMINARY LOCAL CLIMATOLOGICAL DATA (WS FORM: F-6) , PAGE 2

                                          STATION:  BENNINGTON VT
                                          MONTH:    JANUARY
                                          YEAR:     2015
                                          LATITUDE:   42 53 N
                                          LONGITUDE:  73 15 W

[TEMPERATURE DATA]      [PRECIPITATION DATA]       SYMBOLS USED IN COLUMN 16

AVERAGE MONTHLY: 18.1   TOTAL FOR MONTH:   2.40    1 = FOG OR MIST
DPTR FM NORMAL:  -3.1   DPTR FM NORMAL:   -0.27    2 = FOG REDUCING VISIBILITY
HIGHEST:    53 ON  4    GRTST 24HR  1.27 ON 18-18      TO 1/4 MILE OR LESS
LOWEST:    -14 ON 14                               3 = THUNDER
                        SNOW, ICE PELLETS, HAIL    4 = ICE PELLETS
                        TOTAL MONTH:    M          5 = HAIL
                        GRTST 24HR    M  ON   M    6 = FREEZING RAIN OR DRIZZLE
                        GRTST DEPTH:  M  ON   M    7 = DUSTSTORM OR SANDSTORM:
                                                       VSBY 1/2 MILE OR LESS
                                                   8 = SMOKE OR HAZE
[NO. OF DAYS WITH]      [WEATHER - DAYS WITH]      9 = BLOWING SNOW
                                                   X = TORNADO
MAX 32 OR BELOW:  21    0.01 INCH OR MORE:  10
MAX 90 OR ABOVE:   0    0.10 INCH OR MORE:   5
MIN 32 OR BELOW:  29    0.50 INCH OR MORE:   1
MIN  0 OR BELOW:   9    1.00 INCH OR MORE:   1

[HDD (BASE 65) ]
TOTAL THIS MO.  1398    CLEAR  (SCALE 0-3)   6
DPTR FM NORMAL    85    PTCLDY (SCALE 4-7)  17
TOTAL FM JUL 1  3915    CLOUDY (SCALE 8-10)  7
DPTR FM NORMAL  -170

[CDD (BASE 65) ]
TOTAL THIS MO.     0
DPTR FM NORMAL     0    [PRESSURE DATA]
TOTAL FM JAN 1     0    HIGHEST SLP M ON M
DPTR FM NORMAL     0    LOWEST  SLP 29.32 ON 24

[REMARKS]




U.S. Dept. of Commerce
NOAA National Weather Service
1325 East West Highway
Silver Spring, MD 20910
E-mail: w-nws.webmaster@noaa.gov
Page last modified: May 16, 2007
NATIONAL WEATHER SERVICE: for Safety, for Work, for Fun - FOR LIFE