886
CXUS53 KDDC 011200
CF6DDC
PRELIMINARY LOCAL CLIMATOLOGICAL DATA (WS FORM: F-6)

                                          STATION:   DODGE CITY KS
                                          MONTH:     SEPTEMBER
                                          YEAR:      2014
                                          LATITUDE:   37 46 N
                                          LONGITUDE:  99 58 W

  TEMPERATURE IN F:       :PCPN:    SNOW:  WIND      :SUNSHINE: SKY     :PK WND
================================================================================
1   2   3   4   5  6A  6B    7    8   9   10  11  12  13   14  15   16   17  18
                                     12Z  AVG MX 2MIN
DY MAX MIN AVG DEP HDD CDD  WTR  SNW DPTH SPD SPD DIR MIN PSBL S-S WX    SPD DR
================================================================================

 1  82  60  71  -4   0   6 0.00  0.0    0  9.8 17  30   M    M   3 1      22  40
 2  86  64  75   0   0  10 0.04  0.0    0  9.3 17  40   M    M   5 12     21 140
 3  97  68  83   9   0  18 0.00  0.0    0 18.8 33 180   M    M   0 1      42 180
 4  96  72  84  10   0  19 0.00  0.0    0 18.9 31 190   M    M   0        38 190
 5  73  53  63 -11   2   0 0.40  0.0    0 15.3 24  20   M    M   8 13     30  10
 6  75  49  62 -11   3   0 0.00  0.0    0  7.2 13  50   M    M   3 1      19  30
 7  80  49  65  -8   0   0 0.00  0.0    0  9.9 18 170   M    M   0        25 160
 8  90  61  76   4   0  11 0.00  0.0    0 15.5 25 180   M    M   0        32 180
 9 100  69  85  13   0  20 0.05  0.0    0 16.6 33 180   M    M   1 38     44 200
10  77  53  65  -7   0   0 0.00  0.0    0 14.6 26 360   M    M   5        33  10
11  64  50  57 -14   8   0 0.01  0.0    0 11.6 18  60   M    M   8 1      24  60
12  52  39  46 -25  19   0 0.19  0.0    0 15.2 28 360   M    M   9 1      35 360
13  65  35  50 -20  15   0 0.00  0.0    0 10.6 24 160   M    M   3        30 150
14  87  47  67  -3   0   2 0.00  0.0    0 16.0 29 190   M    M   0        35 170
15  67  59  63  -7   2   0    T  0.0    0 11.3 21  30   M    M   7 18     26  30
16  84  51  68  -1   0   3 0.00  0.0    0 11.0 24 200   M    M   4 18     29 190
17  96  61  79  10   0  14 0.00  0.0    0  8.4 15 170   M    M   0 18     19 210
18  89  57  73   5   0   8 0.00  0.0    0 11.3 23 170   M    M   0        32 180
19  89  57  73   5   0   8 0.00  0.0    0 13.3 25 190   M    M   0        34 210
20  93  62  78  11   0  13    T  0.0    0 10.8 18  40   M    M   2 13     23  30
21  83  56  70   3   0   5 0.01  0.0    0 10.6 23  50   M    M   1        29  60
22  81  51  66   0   0   1    T  0.0    0 13.4 23 160   M    M   2        31 170
23  91  61  76  10   0  11 0.96  0.0    0 17.3 36 320   M    M   6 13     48 320
24  88  60  74   8   0   9 0.00  0.0    0 11.8 22 150   M    M   0        27 150
25  86  57  72   7   0   7 0.00  0.0    0 10.2 21 170   M    M   0 18     25 160
26  84  55  70   5   0   5 0.00  0.0    0 11.5 23 190   M    M   0        29 190
27  84  56  70   6   0   5 0.00  0.0    0 15.0 26 180   M    M   1        34 170
28  84  57  71   7   0   6 0.00  0.0    0 12.4 22 160   M    M   2        32 170
29  85  56  71   8   0   6 0.00  0.0    0 14.2 29 160   M    M   1 8      35 170
30  85  58  72   9   0   7    T  0.0    0 11.6 21 220   M    M   6        26 230
================================================================================
SM 2493 1683        49 194  1.66     0.0 383.4          M       77
================================================================================
AV 83.1 56.1                              12.8 FASTST   M    M   3    MAX(MPH)
                                 MISC ---->  # 36 320               # 48  320
================================================================================
NOTES:
# LAST OF SEVERAL OCCURRENCES

COLUMN 17 PEAK WIND IN M.P.H.

PRELIMINARY LOCAL CLIMATOLOGICAL DATA (WS FORM: F-6) , PAGE 2

                                          STATION:  DODGE CITY KS
                                          MONTH:    SEPTEMBER
                                          YEAR:     2014
                                          LATITUDE:   37 46 N
                                          LONGITUDE:  99 58 W

[TEMPERATURE DATA]      [PRECIPITATION DATA]       SYMBOLS USED IN COLUMN 16

AVERAGE MONTHLY: 69.6   TOTAL FOR MONTH:   1.66    1 = FOG OR MIST
DPTR FM NORMAL:   0.4   DPTR FM NORMAL:   -0.01    2 = FOG REDUCING VISIBILITY
HIGHEST:   100 ON  9    GRTST 24HR  0.96 ON 23-23      TO 1/4 MILE OR LESS
LOWEST:     35 ON 13                               3 = THUNDER
                        SNOW, ICE PELLETS, HAIL    4 = ICE PELLETS
                        TOTAL MONTH:   0.0 INCH    5 = HAIL
                        GRTST 24HR     0.0         6 = FREEZING RAIN OR DRIZZLE
                        GRTST DEPTH:   0           7 = DUSTSTORM OR SANDSTORM:
                                                       VSBY 1/2 MILE OR LESS
                                                   8 = SMOKE OR HAZE
[NO. OF DAYS WITH]      [WEATHER - DAYS WITH]      9 = BLOWING SNOW
                                                   X = TORNADO
MAX 32 OR BELOW:   0    0.01 INCH OR MORE:   7
MAX 90 OR ABOVE:   7    0.10 INCH OR MORE:   3
MIN 32 OR BELOW:   0    0.50 INCH OR MORE:   1
MIN  0 OR BELOW:   0    1.00 INCH OR MORE:   0

[HDD (BASE 65) ]
TOTAL THIS MO.    49    CLEAR  (SCALE 0-3)  21
DPTR FM NORMAL   -12    PTCLDY (SCALE 4-7)   8
TOTAL FM JUL 1    62    CLOUDY (SCALE 8-10)  1
DPTR FM NORMAL    -3

[CDD (BASE 65) ]
TOTAL THIS MO.   194
DPTR FM NORMAL     7    [PRESSURE DATA]
TOTAL FM JAN 1  1439    HIGHEST SLP 30.48 ON 12
DPTR FM NORMAL     6    LOWEST  SLP 29.48 ON  9

[REMARKS]
#FINAL-09-14#




U.S. Dept. of Commerce
NOAA National Weather Service
1325 East West Highway
Silver Spring, MD 20910
E-mail: w-nws.webmaster@noaa.gov
Page last modified: May 16, 2007
NATIONAL WEATHER SERVICE: for Safety, for Work, for Fun - FOR LIFE