076
CXUS53 KDDC 301200
CF6DDC
PRELIMINARY LOCAL CLIMATOLOGICAL DATA (WS FORM: F-6)

                                          STATION:   DODGE CITY KS
                                          MONTH:     JULY
                                          YEAR:      2014
                                          LATITUDE:   37 46 N
                                          LONGITUDE:  99 58 W

  TEMPERATURE IN F:       :PCPN:    SNOW:  WIND      :SUNSHINE: SKY     :PK WND
================================================================================
1   2   3   4   5  6A  6B    7    8   9   10  11  12  13   14  15   16   17  18
                                     12Z  AVG MX 2MIN
DY MAX MIN AVG DEP HDD CDD  WTR  SNW DPTH SPD SPD DIR MIN PSBL S-S WX    SPD DR
================================================================================

 1  84  62  73  -5   0   8 0.11  0.0    0  8.9 21 110   M    M   3 13     27 120
 2  77  57  67 -11   0   2 0.04  0.0    0  5.9 13  40   M    M   3 1      14  50
 3  80  59  70  -8   0   5 0.00  0.0    0 13.8 24 160   M    M   3        31 130
 4  88  64  76  -3   0  11 0.00  0.0    0 18.0 26 170   M    M   2        34 150
 5  93  70  82   3   0  17 0.00  0.0    0 15.2 25 210   M    M   0        34 170
 6  97  67  82   3   0  17 0.00  0.0    0  7.5 14 220   M    M   0        17 230
 7  98  67  83   4   0  18 0.00  0.0    0 12.2 28 310   M    M   0        42 310
 8  84  65  75  -4   0  10    T  0.0    0 11.2 24  10   M    M   1        31  40
 9  85  63  74  -5   0   9 0.00  0.0    0 14.2 24 160   M    M   3        30 170
10  90  65  78  -2   0  13 0.00  0.0    0 19.0 30 110   M    M   0        38 120
11  94  63  79  -1   0  14 0.00  0.0    0 14.9 28 190   M    M   0        33 180
12  94  67  81   1   0  16 0.00  0.0    0 13.6 25 200   M    M   1        33 210
13  89  69  79  -1   0  14 0.00  0.0    0 11.1 21 360   M    M   2        30 310
14  92  64  78  -2   0  13 0.00  0.0    0  8.8 25  30   M    M   1        32  40
15  73  53  63 -17   2   0    T  0.0    0  6.1 13 140   M    M   5        16  50
16  63  56  60 -20   5   0 1.17  0.0    0 13.8 24 180   M    M  10 13     31 160
17  62  57  60 -20   5   0 0.19  0.0    0  7.4 14 110   M    M  10 1      18 110
18  75  60  68 -12   0   3 0.00  0.0    0 12.1 22 150   M    M   9 1      27 140
19  84  63  74  -6   0   9 0.00  0.0    0 16.1 24 180   M    M   5 18     30 180
20  93  68  81   1   0  16 0.00  0.0    0 15.3 24 180   M    M   0 1      31 180
21  97  71  84   4   0  19 0.02  0.0    0 15.5 31 280   M    M   0 3      37 280
22  95  69  82   2   0  17 0.00  0.0    0  8.5 17 180   M    M   0        24 200
23  93  65  79  -1   0  14 0.00  0.0    0  8.9 29  30   M    M   0 18     36  40
24  95  68  82   2   0  17 0.00  0.0    0 14.0 26 150   M    M   0 18     33 150
25 102  74  88   8   0  23 0.00  0.0    0 13.4 29 220   M    M   0        36 220
26 102  73  88   8   0  23    T  0.0    0  7.9 21 220   M    M   0        27 240
27  89  67  78  -2   0  13 0.11  0.0    0 10.7 22  60   M    M   3 18     29  70
28  85  64  75  -5   0  10 0.00  0.0    0  7.8 17 180   M    M   2        23 200
29  84  61  73  -7   0   8 0.00  0.0    0 10.5 21 210   M    M   2        26 200
================================================================================
SM 2537 1871        12 339  1.64     0.0 342.3          M       65
================================================================================
AV 87.5 64.5                              11.8 FASTST   M    M   2    MAX(MPH)
                                 MISC ---->  # 31 280               # 42  310
================================================================================
NOTES:
# LAST OF SEVERAL OCCURRENCES

COLUMN 17 PEAK WIND IN M.P.H.

PRELIMINARY LOCAL CLIMATOLOGICAL DATA (WS FORM: F-6) , PAGE 2

                                          STATION:  DODGE CITY KS
                                          MONTH:    JULY
                                          YEAR:     2014
                                          LATITUDE:   37 46 N
                                          LONGITUDE:  99 58 W

[TEMPERATURE DATA]      [PRECIPITATION DATA]       SYMBOLS USED IN COLUMN 16

AVERAGE MONTHLY: 76.0   TOTAL FOR MONTH:   1.64    1 = FOG OR MIST
DPTR FM NORMAL:  -3.6   DPTR FM NORMAL:   -1.24    2 = FOG REDUCING VISIBILITY
HIGHEST:   102 ON 26,25 GRTST 24HR  1.26 ON 16-17      TO 1/4 MILE OR LESS
LOWEST:     53 ON 15                               3 = THUNDER
                        SNOW, ICE PELLETS, HAIL    4 = ICE PELLETS
                        TOTAL MONTH:   0.0 INCH    5 = HAIL
                        GRTST 24HR     0.0         6 = FREEZING RAIN OR DRIZZLE
                        GRTST DEPTH:   0           7 = DUSTSTORM OR SANDSTORM:
                                                       VSBY 1/2 MILE OR LESS
                                                   8 = SMOKE OR HAZE
[NO. OF DAYS WITH]      [WEATHER - DAYS WITH]      9 = BLOWING SNOW
                                                   X = TORNADO
MAX 32 OR BELOW:   0    0.01 INCH OR MORE:   6
MAX 90 OR ABOVE:  14    0.10 INCH OR MORE:   4
MIN 32 OR BELOW:   0    0.50 INCH OR MORE:   1
MIN  0 OR BELOW:   0    1.00 INCH OR MORE:   1

[HDD (BASE 65) ]
TOTAL THIS MO.    12    CLEAR  (SCALE 0-3)  24
DPTR FM NORMAL    12    PTCLDY (SCALE 4-7)   2
TOTAL FM JUL 1    12    CLOUDY (SCALE 8-10)  3
DPTR FM NORMAL    12

[CDD (BASE 65) ]
TOTAL THIS MO.   339
DPTR FM NORMAL   -84    [PRESSURE DATA]
TOTAL FM JAN 1   795    HIGHEST SLP M ON M
DPTR FM NORMAL   -15    LOWEST  SLP 29.69 ON 25

[REMARKS]




U.S. Dept. of Commerce
NOAA National Weather Service
1325 East West Highway
Silver Spring, MD 20910
E-mail: w-nws.webmaster@noaa.gov
Page last modified: May 16, 2007
NATIONAL WEATHER SERVICE: for Safety, for Work, for Fun - FOR LIFE