664
CXUS53 KDDC 021957
CF6DDC
PRELIMINARY LOCAL CLIMATOLOGICAL DATA (WS FORM: F-6)

                                          STATION:   DODGE CITY KS
                                          MONTH:     NOVEMBER
                                          YEAR:      2014
                                          LATITUDE:   37 46 N
                                          LONGITUDE:  99 58 W

  TEMPERATURE IN F:       :PCPN:    SNOW:  WIND      :SUNSHINE: SKY     :PK WND
================================================================================
1   2   3   4   5  6A  6B    7    8   9   10  11  12  13   14  15   16   17  18
                                     12Z  AVG MX 2MIN
DY MAX MIN AVG DEP HDD CDD  WTR  SNW DPTH SPD SPD DIR MIN PSBL S-S WX    SPD DR
================================================================================

 1  58  32  45  -5  20   0 0.00  0.0    0 23.5 35 170   M    M   0        45 160
 2  71  44  58   8   7   0 0.00  0.0    0 21.5 30 180   M    M   0        37 180
 3  72  41  57   8   8   0    T  0.0    0 19.1 31 310   M    M   2        37 300
 4  60  36  48  -1  17   0 0.00  0.0    0  8.5 20 360   M    M   0        24 360
 5  71  31  51   3  14   0 0.00  0.0    0  9.3 18 360   M    M   0        27 360
 6  61  33  47  -1  18   0 0.00  0.0    0  9.0 18 170   M    M   0 8      24 170
 7  74  41  58  11   7   0 0.00  0.0    0 12.2 23 220   M    M   0 8      28 230
 8  61  38  50   3  15   0 0.00  0.0    0  8.8 18 360   M    M   0        22 360
 9  74  34  54   8  11   0 0.00  0.0    0  6.9 14 190   M    M   0        17 180
10  80  22  51   5  14   0 0.00  0.0    0 21.8 41 350   M    M   1 8      55 360
11  29  15  22 -23  43   0 0.00  0.0    0 18.6 37 360   M    M   5        47 360
12  19  13  16 -29  49   0    T    T    0 16.3 25 360   M    M   8        31 360
13  27   6  17 -27  48   0 0.00  0.0    0  9.2 21 360   M    M   2        26 340
14  36  14  25 -19  40   0 0.00  0.0    0 16.2 25 170   M    M   5        30 150
15  43  18  31 -12  34   0 0.01  0.1    0 16.7 26 350   M    M   4        37 350
16  29  12  21 -22  44   0 0.13  2.1    2 13.8 28 350   M    M   6 128    35  10
17  34   3  19 -23  46   0 0.00  0.0    2  9.3 23 320   M    M   0        30 350
18  53  12  33  -9  32   0 0.00  0.0    1 11.5 24 230   M    M   0        30 320
19  51  27  39  -2  26   0 0.00  0.0    0  8.6 15 360   M    M   0        19 360
20  54  24  39  -2  26   0 0.00  0.0    0  9.3 15 180   M    M   0        20 160
21  49  24  37  -3  28   0 0.00  0.0    0  5.8 16 190   M    M   3 128    19 190
22  64  32  48   8  17   0 0.00  0.0    0 16.6 33 180   M    M   2 1      43 180
23  52  32  42   3  23   0 0.01  0.0    0 19.4 44 360   M    M   4 1      57 350
24  53  28  41   2  24   0 0.00  0.0    0 15.3 29 310   M    M   1        35 320
25  51  21  36  -2  29   0 0.00  0.0    0 12.1 23 220   M    M   1        29 220
26  48  21  35  -3  30   0    T  0.0    0 15.0 29 350   M    M   5        37 320
27  54  20  37  -1  28   0 0.00  0.0    0 14.6 28 180   M    M   0        34 190
28  78  32  55  18  10   0 0.00  0.0    0 11.0 18 260   M    M   0        22 220
29  79  41  60  23   5   0 0.00  0.0    0 10.8 20 270   M    M   0        23 260
30  49  17  33  -3  32   0 0.00  0.0    0 20.2 29  20   M    M   2 8      35  30
================================================================================
SM 1634  764       745   0 0.15  2.2     410.9          M       51
================================================================================
AV 54.5 25.5                              13.7 FASTST   M    M   2      MAX(MPH)
                                 MISC ---->    44 360                     57 350
================================================================================
NOTES:
# LAST OF SEVERAL OCCURRENCES

COLUMN 17 PEAK WIND IN M.P.H.

PRELIMINARY LOCAL CLIMATOLOGICAL DATA (WS FORM: F-6) , PAGE 2

                                          STATION:  DODGE CITY KS
                                          MONTH:    NOVEMBER
                                          YEAR:     2014
                                          LATITUDE:   37 46 N
                                          LONGITUDE:  99 58 W

[TEMPERATURE DATA]      [PRECIPITATION DATA]       SYMBOLS USED IN COLUMN 16

AVERAGE MONTHLY: 40.0   TOTAL FOR MONTH:   0.15    1 = FOG OR MIST
DPTR FM NORMAL:  -3.1   DPTR FM NORMAL:   -0.61    2 = FOG REDUCING VISIBILITY
HIGHEST:    80 ON 10    GRTST 24HR  0.14 ON 15-16      TO 1/4 MILE OR LESS
LOWEST:      3 ON 17                               3 = THUNDER
                        SNOW, ICE PELLETS, HAIL    4 = ICE PELLETS
                        TOTAL MONTH:   2.2 INCHES  5 = HAIL
                        GRTST 24HR   2.2 ON 15-16  6 = FREEZING RAIN OR DRIZZLE
                        GRTST DEPTH:   2 ON 17,16  7 = DUSTSTORM OR SANDSTORM:
                                                       VSBY 1/2 MILE OR LESS
                                                   8 = SMOKE OR HAZE
[NO. OF DAYS WITH]      [WEATHER - DAYS WITH]      9 = BLOWING SNOW
                                                   X = TORNADO
MAX 32 OR BELOW:   4    0.01 INCH OR MORE:   3
MAX 90 OR ABOVE:   0    0.10 INCH OR MORE:   1
MIN 32 OR BELOW:  22    0.50 INCH OR MORE:   0
MIN  0 OR BELOW:   0    1.00 INCH OR MORE:   0

[HDD (BASE 65) ]
TOTAL THIS MO.   745    CLEAR  (SCALE 0-3)  23
DPTR FM NORMAL    87    PTCLDY (SCALE 4-7)   6
TOTAL FM JUL 1   998    CLOUDY (SCALE 8-10)  1
DPTR FM NORMAL   -16

[CDD (BASE 65) ]
TOTAL THIS MO.     0
DPTR FM NORMAL    -1    [PRESSURE DATA]
TOTAL FM JAN 1  1475    HIGHEST SLP 30.73 ON 13
DPTR FM NORMAL    12    LOWEST  SLP 29.32 ON 10

[REMARKS]
#FINAL-11-14#




U.S. Dept. of Commerce
NOAA National Weather Service
1325 East West Highway
Silver Spring, MD 20910
E-mail: w-nws.webmaster@noaa.gov
Page last modified: May 16, 2007
NATIONAL WEATHER SERVICE: for Safety, for Work, for Fun - FOR LIFE