695
CXUS54 KHUN 022041
CF6DCU
PRELIMINARY LOCAL CLIMATOLOGICAL DATA (WS FORM: F-6)

                                          STATION:   DECATUR
                                          MONTH:     NOVEMBER
                                          YEAR:      2014
                                          LATITUDE:   34 39 N
                                          LONGITUDE:  86 56 W

  TEMPERATURE IN F:       :PCPN:    SNOW:  WIND      :SUNSHINE: SKY     :PK WND
================================================================================
1   2   3   4   5  6A  6B    7    8   9   10  11  12  13   14  15   16   17  18
                                     12Z  AVG MX 2MIN
DY MAX MIN AVG DEP HDD CDD  WTR  SNW DPTH SPD SPD DIR MIN PSBL S-S WX    SPD DR
================================================================================

 1  50  31  41 -15  24   0 0.00  0.0    0 10.4 22 340   M    M   2        28 360
 2  58  27  43 -13  22   0 0.00  0.0    0  2.6 12  40   M    M   0        15  50
 3  67  33  50  -5  15   0 0.00  0.0    0  3.1 10 170   M    M   0        14 160
 4  71  43  57   2   8   0 0.00  0.0    0  7.0 16 180   M    M   0        21 200
 5  67  51  59   4   6   0 0.18  0.0    0  7.3 17 220   M    M   8 1      23 220
 6  66  44  55   1  10   0 0.22  0.0    0 11.5 23  10   M    M   4 1      30 290
 7  56  35  46  -8  19   0 0.00  0.0    0  6.1 18  10   M    M   2        24  10
 8  64  32  48  -6  17   0 0.00  0.0    0  3.4 10 310   M    M   0 1      16 230
 9  59  33  46  -7  19   0 0.00  0.0    0  2.7 12 340   M    M   1 1      31 210
10  69  31  50  -3  15   0 0.00  0.0    0  4.9 15 170   M    M   0 1      18 190
11  76  38  57   4   8   0 0.04  0.0    0  7.9 22 190   M    M   5 1      28 180
12  48  37  43  -9  22   0    T  0.0    0 11.6 18 360   M    M  10 18     24  10
13  40  25  33 -19  32   0 0.00  0.0    0 12.5 18 340   M    M   7 8      23 360
14  39  19  29 -23  36   0 0.00  0.0    0  7.9 18  10   M    M   0        25 360
15  50  22  36 -16  29   0 0.00  0.0    0  4.6 15 150   M    M   3 8      20 140
16  52  40  46  -5  19   0 1.10  0.0    0  6.2 18 150   M    M  10 1      23 150
17  49  22  36 -15  29   0 0.90  0.0    0 11.7 22 320   M    M   6 1      33 220
18  33  21  27 -23  38   0 0.00  0.0    0  8.0 17 300   M    M   0        24 280
19  52  20  36 -14  29   0 0.00  0.0    0  8.5 20 220   M    M   1        24 220
20  55  35  45  -5  20   0 0.00  0.0    0  5.9 14 290   M    M   4        18 280
21  61  33  47  -3  18   0 0.00  0.0    0  4.6 10  60   M    M   4        15  70
22  66  38  52   3  13   0 0.00  0.0    0  8.2 18 160   M    M   3        23 160
23  64  53  59  10   6   0 0.42  0.0    0 13.0 25 200   M    M   9 1      35 200
24  63  41  52   3  13   0 0.00  0.0    0 11.3 24 240   M    M   2        31 250
25  54  30  42  -6  23   0 0.00  0.0    0  4.7 14 280   M    M   0        24 210
26  53  29  41  -7  24   0    T  0.0    0  7.0 26 280   M    M   3        36 280
27  44  27  36 -12  29   0 0.00  0.0    0  9.6 20 320   M    M   6        25 340
28  50  24  37 -10  28   0 0.00  0.0    0  4.6 13 170   M    M   0 1      16 150
29  60  33  47   0  18   0 0.00  0.0    0 12.3 22 200   M    M   5        29 200
30  71  56  64  17   1   0 0.00  0.0    0 12.8 24 200   M    M   4        30 190
================================================================================
SM 1707 1003       590   0  2.86     0.0 231.9          M       99
================================================================================
AV 56.9 33.4                               7.7 FASTST   M    M   3    MAX(MPH)
                                 MISC ---->  # 26 280               # 36  280
================================================================================
NOTES:
# LAST OF SEVERAL OCCURRENCES

COLUMN 17 PEAK WIND IN M.P.H.

PRELIMINARY LOCAL CLIMATOLOGICAL DATA (WS FORM: F-6) , PAGE 2

                                          STATION:  DECATUR
                                          MONTH:    NOVEMBER
                                          YEAR:     2014
                                          LATITUDE:   34 39 N
                                          LONGITUDE:  86 56 W

[TEMPERATURE DATA]      [PRECIPITATION DATA]       SYMBOLS USED IN COLUMN 16

AVERAGE MONTHLY: 45.2   TOTAL FOR MONTH:   2.86    1 = FOG OR MIST
DPTR FM NORMAL:  -6.1   DPTR FM NORMAL:   -1.93    2 = FOG REDUCING VISIBILITY
HIGHEST:    76 ON 11    GRTST 24HR  1.99 ON 16-17      TO 1/4 MILE OR LESS
LOWEST:     19 ON 14                               3 = THUNDER
                        SNOW, ICE PELLETS, HAIL    4 = ICE PELLETS
                        TOTAL MONTH:   0.0 INCH    5 = HAIL
                        GRTST 24HR     0.0         6 = FREEZING RAIN OR DRIZZLE
                        GRTST DEPTH:   0           7 = DUSTSTORM OR SANDSTORM:
                                                       VSBY 1/2 MILE OR LESS
                                                   8 = SMOKE OR HAZE
[NO. OF DAYS WITH]      [WEATHER - DAYS WITH]      9 = BLOWING SNOW
                                                   X = TORNADO
MAX 32 OR BELOW:   0    0.01 INCH OR MORE:   6
MAX 90 OR ABOVE:   0    0.10 INCH OR MORE:   5
MIN 32 OR BELOW:  14    0.50 INCH OR MORE:   2
MIN  0 OR BELOW:   0    1.00 INCH OR MORE:   1

[HDD (BASE 65) ]
TOTAL THIS MO.   590    CLEAR  (SCALE 0-3)  16
DPTR FM NORMAL   173    PTCLDY (SCALE 4-7)  11
TOTAL FM JUL 1   724    CLOUDY (SCALE 8-10)  3
DPTR FM NORMAL   123

[CDD (BASE 65) ]
TOTAL THIS MO.     0
DPTR FM NORMAL    -6    [PRESSURE DATA]
TOTAL FM JAN 1  1752    HIGHEST SLP 30.49 ON 27
DPTR FM NORMAL     6    LOWEST  SLP 29.46 ON 23

[REMARKS]
#FINAL-11-14#




U.S. Dept. of Commerce
NOAA National Weather Service
1325 East West Highway
Silver Spring, MD 20910
E-mail: w-nws.webmaster@noaa.gov
Page last modified: May 16, 2007
NATIONAL WEATHER SERVICE: for Safety, for Work, for Fun - FOR LIFE