324
CXUS54 KHUN 231015
CF6DCU
PRELIMINARY LOCAL CLIMATOLOGICAL DATA (WS FORM: F-6)

                                          STATION:   DECATUR
                                          MONTH:     APRIL
                                          YEAR:      2014
                                          LATITUDE:   34 39 N
                                          LONGITUDE:  86 56 W

  TEMPERATURE IN F:       :PCPN:    SNOW:  WIND      :SUNSHINE: SKY     :PK WND
================================================================================
1   2   3   4   5  6A  6B    7    8   9   10  11  12  13   14  15   16   17  18
                                     12Z  AVG MX 2MIN
DY MAX MIN AVG DEP HDD CDD  WTR  SNW DPTH SPD SPD DIR MIN PSBL S-S WX    SPD DR
================================================================================

 1  83  56  70  13   0   5    T  0.0    0  6.1 16 170   M    M   3        23 200
 2  81  54  68  11   0   3    T  0.0    0  7.9 21 170   M    M   1        25 180
 3  82  61  72  15   0   7 0.00  0.0    0 12.6 23 190   M    M   4        29 200
 4  70  48  59   1   6   0 0.30  0.0    0 12.1  M   M   M    M   5 138     M  M
 5  59  42  51  -7  14   0 0.00  0.0    0  7.4 18  20   M    M   0        23  30
 6  65  44  55  -3  10   0 1.64  0.0    0  4.9 15  90   M    M   4 1      22 100
 7  64  47  56  -2   9   0 0.58  0.0    0 12.5 23 270   M    M   9 8      31 270
 8  64  38  51  -8  14   0 0.01  0.0    0  5.0 17 280   M    M   5 1      26  30
 9  67  44  56  -3   9   0 0.00  0.0    0  6.6 16 250   M    M   1        20 240
10  77  39  58  -1   7   0 0.00  0.0    0  9.1 20 190   M    M   0        25 190
11  77  49  63   4   2   0    T  0.0    0  8.7 15 150   M    M   1        21 160
12  81  49  65   5   0   0 0.00  0.0    0  7.1 20 180   M    M   1        25 190
13  82  51  67   7   0   2 0.00  0.0    0 12.0 23 180   M    M   1        31 180
14  71  48  60   0   5   0 0.92  0.0    0  9.7 33 160   M    M   8 13     40 160
15  52  33  43 -17  22   0 0.15    M    0 14.4 24 350   M    M   5 1      32 340
16  65  32  49 -12  16   0 0.00  0.0    0  6.2 15 150   M    M   0        17 160
17  70  44  57  -4   8   0 0.00  0.0    0  7.1 18 170   M    M   0        25 150
18  65  49  57  -4   8   0 0.01  0.0    0  3.9 12 110   M    M   3        15 140
19  78  48  63   1   2   0 0.00  0.0    0  7.0 20  40   M    M   0        26  20
20  79  42  61  -1   4   0 0.00  0.0    0  2.2  9 310   M    M   0        12 320
21  81  48  65   3   0   0 0.00  0.0    0  3.7 14 240   M    M   2 1      17 230
22  76  58  67   5   0   2 0.17  0.0    0  4.7 13 270   M    M   7 18     17  10
================================================================================
SM 1589 1024       136  19  3.78     0.0 170.9          M       60
================================================================================
AV 72.2 46.5                               7.8 FASTST   M    M   3    MAX(MPH)
                                 MISC ---->  # 33 160               # 40  160
================================================================================
NOTES:
# LAST OF SEVERAL OCCURRENCES

COLUMN 17 PEAK WIND IN M.P.H.

PRELIMINARY LOCAL CLIMATOLOGICAL DATA (WS FORM: F-6) , PAGE 2

                                          STATION:  DECATUR
                                          MONTH:    APRIL
                                          YEAR:     2014
                                          LATITUDE:   34 39 N
                                          LONGITUDE:  86 56 W

[TEMPERATURE DATA]      [PRECIPITATION DATA]       SYMBOLS USED IN COLUMN 16

AVERAGE MONTHLY: 59.4   TOTAL FOR MONTH:   3.78    1 = FOG OR MIST
DPTR FM NORMAL:  -0.2   DPTR FM NORMAL:    0.60    2 = FOG REDUCING VISIBILITY
HIGHEST:    83 ON  1    GRTST 24HR  2.22 ON  6- 7      TO 1/4 MILE OR LESS
LOWEST:     32 ON 16                               3 = THUNDER
                        SNOW, ICE PELLETS, HAIL    4 = ICE PELLETS
                        TOTAL MONTH:   0.0 INCH    5 = HAIL
                        GRTST 24HR     0.0         6 = FREEZING RAIN OR DRIZZLE
                        GRTST DEPTH:   0           7 = DUSTSTORM OR SANDSTORM:
                                                       VSBY 1/2 MILE OR LESS
                                                   8 = SMOKE OR HAZE
[NO. OF DAYS WITH]      [WEATHER - DAYS WITH]      9 = BLOWING SNOW
                                                   X = TORNADO
MAX 32 OR BELOW:   0    0.01 INCH OR MORE:   8
MAX 90 OR ABOVE:   0    0.10 INCH OR MORE:   6
MIN 32 OR BELOW:   1    0.50 INCH OR MORE:   3
MIN  0 OR BELOW:   0    1.00 INCH OR MORE:   1

[HDD (BASE 65) ]
TOTAL THIS MO.   136    CLEAR  (SCALE 0-3)  13
DPTR FM NORMAL   -14    PTCLDY (SCALE 4-7)   8
TOTAL FM JUL 1  3636    CLOUDY (SCALE 8-10)  1
DPTR FM NORMAL   471

[CDD (BASE 65) ]
TOTAL THIS MO.    19
DPTR FM NORMAL   -14    [PRESSURE DATA]
TOTAL FM JAN 1    19    HIGHEST SLP M ON M
DPTR FM NORMAL   -22    LOWEST  SLP 29.58 ON  7

[REMARKS]




U.S. Dept. of Commerce
NOAA National Weather Service
1325 East West Highway
Silver Spring, MD 20910
E-mail: w-nws.webmaster@noaa.gov
Page last modified: May 16, 2007
NATIONAL WEATHER SERVICE: for Safety, for Work, for Fun - FOR LIFE