112
CXUS51 KLWX 280620
CF6DCA
PRELIMINARY LOCAL CLIMATOLOGICAL DATA (WS FORM: F-6)

                                          STATION:   WASHINGTON NATIONAL DC
                                          MONTH:     JULY
                                          YEAR:      2014
                                          LATITUDE:   38 50 N
                                          LONGITUDE:  77  2 W

  TEMPERATURE IN F:       :PCPN:    SNOW:  WIND      :SUNSHINE: SKY     :PK WND
================================================================================
1   2   3   4   5  6A  6B    7    8   9   10  11  12  13   14  15   16   17  18
                                     12Z  AVG MX 2MIN
DY MAX MIN AVG DEP HDD CDD  WTR  SNW DPTH SPD SPD DIR MIN PSBL S-S WX    SPD DR
================================================================================

 1  93  76  85   6   0  20 0.00  0.0    0 11.3 20 170   M    M   6        23 170
 2  99  77  88   9   0  23 0.04  0.0    0  9.1 22 330   M    M   5 3      29 300
 3  92  75  84   5   0  19 0.36  0.0    0  6.9 30 280   M    M   7 38     38 280
 4  83  68  76  -3   0  11 0.16  0.0    0 15.0 31 320   M    M   6        43 320
 5  86  64  75  -5   0  10 0.00  0.0    0  7.6 16  10   M    M   2        21  10
 6  89  65  77  -3   0  12 0.00  0.0    0  9.0 20 200   M    M   7        24 200
 7  94  74  84   4   0  19 0.00  0.0    0 12.1 13 200   M    M   5        16 200
 8  96  72  84   4   0  19 0.76  0.0    0 12.0 36 290   M    M   6 3      47 300
 9  89  73  81   1   0  16 0.02  0.0    0  6.8 20 220   M    M   8 3      25 250
10  87  69  78  -2   0  13 1.31  0.0    0  5.1 36 320   M    M   9 38     49 320
11  89  69  79  -1   0  14 0.00  0.0    0  4.5  9  70   M    M   6        12  70
12  90  73  82   2   0  17 0.00  0.0    0  9.8 16 170   M    M   6        24 200
13  94  76  85   5   0  20 0.05  0.0    0 11.5 23 340   M    M   8 3      28 330
14  93  76  85   5   0  20 0.16  0.0    0  6.7 30 300   M    M   9 3      43 300
15  89  72  81   1   0  16 1.71  0.0    0  5.4 18 340   M    M   8 3      23 350
16  82  71  77  -3   0  12 0.00  0.0    0  8.2 17 340   M    M   7        23 340
17  83  66  75  -5   0  10 0.00  0.0    0  6.4 14 350   M    M   4        17 340
18  86  68  77  -3   0  12 0.00  0.0    0  4.3 13 120   M    M   7        14 120
19  84  73  79  -1   0  14    T  0.0    0  5.1 15 120   M    M   9        23 150
20  85  73  79  -1   0  14 0.00  0.0    0  4.4 10  80   M    M   8        12  90
21  86  73  80   0   0  15 0.00  0.0    0  5.4 12 160   M    M   8        14 160
22  88  74  81   1   0  16 0.00  0.0    0  8.3 14 180   M    M   6        17 180
23  94  75  85   5   0  20    T  0.0    0  8.2 18 330   M    M   5 3      28 340
24  83  71  77  -3   0  12 0.01  0.0    0  8.4 15  20   M    M   9        18  10
25  85  65  75  -5   0  10 0.00  0.0    0  7.5 16 350   M    M   3        29 330
26  88  72  80   0   0  15    T  0.0    0  7.5 14 180   M    M   7        17 170
27  87  73  80   0   0  15 0.10  0.0    0  9.5 25 330   M    M   8 3      30 330
================================================================================
SM 2394 1933         0 414  4.68     0.0 216.0          M      179
================================================================================
AV 88.7 71.6                               8.0 FASTST   M    M   7    MAX(MPH)
                                 MISC ---->  # 36 290               # 49  320
================================================================================
NOTES:
# LAST OF SEVERAL OCCURRENCES

COLUMN 17 PEAK WIND IN M.P.H.

PRELIMINARY LOCAL CLIMATOLOGICAL DATA (WS FORM: F-6) , PAGE 2

                                          STATION:  WASHINGTON NATIONAL DC
                                          MONTH:    JULY
                                          YEAR:     2014
                                          LATITUDE:   38 50 N
                                          LONGITUDE:  77  2 W

[TEMPERATURE DATA]      [PRECIPITATION DATA]       SYMBOLS USED IN COLUMN 16

AVERAGE MONTHLY: 80.1   TOTAL FOR MONTH:   4.68    1 = FOG OR MIST
DPTR FM NORMAL:   0.3   DPTR FM NORMAL:    1.42    2 = FOG REDUCING VISIBILITY
HIGHEST:    99 ON  2    GRTST 24HR  1.71 ON 15-15      TO 1/4 MILE OR LESS
LOWEST:     64 ON  5                               3 = THUNDER
                        SNOW, ICE PELLETS, HAIL    4 = ICE PELLETS
                        TOTAL MONTH:   0.0 INCH    5 = HAIL
                        GRTST 24HR     0.0         6 = FREEZING RAIN OR DRIZZLE
                        GRTST DEPTH:   0           7 = DUSTSTORM OR SANDSTORM:
                                                       VSBY 1/2 MILE OR LESS
                                                   8 = SMOKE OR HAZE
[NO. OF DAYS WITH]      [WEATHER - DAYS WITH]      9 = BLOWING SNOW
                                                   X = TORNADO
MAX 32 OR BELOW:   0    0.01 INCH OR MORE:  11
MAX 90 OR ABOVE:   9    0.10 INCH OR MORE:   7
MIN 32 OR BELOW:   0    0.50 INCH OR MORE:   3
MIN  0 OR BELOW:   0    1.00 INCH OR MORE:   2

[HDD (BASE 65) ]
TOTAL THIS MO.     0    CLEAR  (SCALE 0-3)   2
DPTR FM NORMAL     0    PTCLDY (SCALE 4-7)  19
TOTAL FM JUL 1     0    CLOUDY (SCALE 8-10)  6
DPTR FM NORMAL     0

[CDD (BASE 65) ]
TOTAL THIS MO.   414
DPTR FM NORMAL    14    [PRESSURE DATA]
TOTAL FM JAN 1   955    HIGHEST SLP M ON M
DPTR FM NORMAL   107    LOWEST  SLP 29.61 ON 27

[REMARKS]




U.S. Dept. of Commerce
NOAA National Weather Service
1325 East West Highway
Silver Spring, MD 20910
E-mail: w-nws.webmaster@noaa.gov
Page last modified: May 16, 2007
NATIONAL WEATHER SERVICE: for Safety, for Work, for Fun - FOR LIFE