149
CXUS55 KDVN 271100
CF6DBQ
PRELIMINARY LOCAL CLIMATOLOGICAL DATA (WS FORM: F-6)

                                          STATION:   DUBUQUE IA
                                          MONTH:     AUGUST
                                          YEAR:      2014
                                          LATITUDE:   42 24 N
                                          LONGITUDE:  90 42 W

  TEMPERATURE IN F:       :PCPN:    SNOW:  WIND      :SUNSHINE: SKY     :PK WND
================================================================================
1   2   3   4   5  6A  6B    7    8   9   10  11  12  13   14  15   16   17  18
                                     12Z  AVG MX 2MIN
DY MAX MIN AVG DEP HDD CDD  WTR  SNW DPTH SPD SPD DIR MIN PSBL S-S WX    SPD DR
================================================================================

 1  81  56  69  -2   0   4 0.00  0.0    0  3.3 16 120   M    M   1 3      22 120
 2  82  56  69  -2   0   4 0.00  0.0    0  2.1  9 250   M    M   0        12 270
 3  81  57  69  -2   0   4 0.00  0.0    0  4.6 13 250   M    M   1        16 220
 4  84  62  73   2   0   8 0.03  0.0    0  5.7 15  50   M    M   2 3      20 210
 5  72  60  66  -5   0   1 0.00  0.0    0  4.8 10 350   M    M   8 1      13 360
 6  78  61  70  -1   0   5 0.00  0.0    0  5.1 10  70   M    M   2 1      12  80
 7  79  61  70  -1   0   5 0.00  0.0    0  9.8 20 120   M    M   2        25 110
 8  80  62  71   0   0   6 0.00  0.0    0  9.5 18  90   M    M   2        23  90
 9  81  58  70  -1   0   5 0.00  0.0    0  7.6 15 120   M    M   1        18 120
10  80  57  69  -2   0   4 0.00  0.0    0  4.7 28 340   M    M   1        29 330
11  78  58  68  -3   0   3 0.00  0.0    0 10.3 25 330   M    M   5        31 340
12  75  52  64  -7   1   0 0.00  0.0    0 13.2 25 330   M    M   2        32 350
13  83  50  67  -4   0   2 0.00  0.0    0  7.0 17 320   M    M   2        23 310
14  76  56  66  -4   0   1 0.00  0.0    0  5.9 13  40   M    M   1        15  60
15  73  55  64  -6   1   0 0.00  0.0    0  7.0 14 190   M    M   1         M  M
16  79  59  69  -1   0   4 0.00  0.0    0  4.6 13 170   M    M   5        16 170
17  76  59  68  -2   0   3 0.00  0.0    0  4.1 10  30   M    M   6 1      13  40
18  82  62  72   2   0   7 0.00  0.0    0 10.2 18 220   M    M   5 12     23 220
19  84  63  74   4   0   9 0.01  0.0    0  8.3 17 290   M    M   4 13     24 300
20  83  59  71   1   0   6 0.00  0.0    0  6.3 18 200   M    M   2        23 200
21  76  69  73   3   0   8 0.16  0.0    0  8.1 20 170   M    M   6 13     24 170
22  87  70  79   9   0  14 0.00  0.0    0  3.8 10 240   M    M   5 138    13 240
23  77  69  73   4   0   8 1.35  0.0    0  4.3 20 230   M    M   3 13     28 230
24  89  68  79  10   0  14 0.00  0.0    0  8.2 15 160   M    M   3 1      19 130
25  82  69  76   7   0  11 0.71  0.0    0  4.8 23 250   M    M   3 13     30 240
26  78  63  71   2   0   6 0.75  0.0    0  7.2 33 280   M    M   3 13     52 260
================================================================================
SM 2076 1571         2 142  3.01     0.0 170.5          M       76
================================================================================
AV 79.8 60.4                               6.6 FASTST   M    M   3    MAX(MPH)
                                 MISC ---->  # 33 280               # 52  260
================================================================================
NOTES:
# LAST OF SEVERAL OCCURRENCES

COLUMN 17 PEAK WIND IN M.P.H.

PRELIMINARY LOCAL CLIMATOLOGICAL DATA (WS FORM: F-6) , PAGE 2

                                          STATION:  DUBUQUE IA
                                          MONTH:    AUGUST
                                          YEAR:     2014
                                          LATITUDE:   42 24 N
                                          LONGITUDE:  90 42 W

[TEMPERATURE DATA]      [PRECIPITATION DATA]       SYMBOLS USED IN COLUMN 16

AVERAGE MONTHLY: 70.1   TOTAL FOR MONTH:   3.01    1 = FOG OR MIST
DPTR FM NORMAL:  -0.2   DPTR FM NORMAL:   -0.71    2 = FOG REDUCING VISIBILITY
HIGHEST:    89 ON 24    GRTST 24HR  1.42 ON 25-26      TO 1/4 MILE OR LESS
LOWEST:     50 ON 13                               3 = THUNDER
                        SNOW, ICE PELLETS, HAIL    4 = ICE PELLETS
                        TOTAL MONTH:   0.0 INCH    5 = HAIL
                        GRTST 24HR     0.0         6 = FREEZING RAIN OR DRIZZLE
                        GRTST DEPTH:   0           7 = DUSTSTORM OR SANDSTORM:
                                                       VSBY 1/2 MILE OR LESS
                                                   8 = SMOKE OR HAZE
[NO. OF DAYS WITH]      [WEATHER - DAYS WITH]      9 = BLOWING SNOW
                                                   X = TORNADO
MAX 32 OR BELOW:   0    0.01 INCH OR MORE:   6
MAX 90 OR ABOVE:   0    0.10 INCH OR MORE:   4
MIN 32 OR BELOW:   0    0.50 INCH OR MORE:   3
MIN  0 OR BELOW:   0    1.00 INCH OR MORE:   1

[HDD (BASE 65) ]
TOTAL THIS MO.     2    CLEAR  (SCALE 0-3)  15
DPTR FM NORMAL    -9    PTCLDY (SCALE 4-7)  11
TOTAL FM JUL 1    29    CLOUDY (SCALE 8-10)  0
DPTR FM NORMAL    10

[CDD (BASE 65) ]
TOTAL THIS MO.   142
DPTR FM NORMAL   -13    [PRESSURE DATA]
TOTAL FM JAN 1   452    HIGHEST SLP M ON M
DPTR FM NORMAL  -103    LOWEST  SLP 29.69 ON 19

[REMARKS]




U.S. Dept. of Commerce
NOAA National Weather Service
1325 East West Highway
Silver Spring, MD 20910
E-mail: w-nws.webmaster@noaa.gov
Page last modified: May 16, 2007
NATIONAL WEATHER SERVICE: for Safety, for Work, for Fun - FOR LIFE