009
CXUS55 KDVN 311100
CF6DBQ
PRELIMINARY LOCAL CLIMATOLOGICAL DATA (WS FORM: F-6)

                                          STATION:   DUBUQUE IA
                                          MONTH:     JANUARY
                                          YEAR:      2015
                                          LATITUDE:   42 24 N
                                          LONGITUDE:  90 42 W

  TEMPERATURE IN F:       :PCPN:    SNOW:  WIND      :SUNSHINE: SKY     :PK WND
================================================================================
1   2   3   4   5  6A  6B    7    8   9   10  11  12  13   14  15   16   17  18
                                     12Z  AVG MX 2MIN
DY MAX MIN AVG DEP HDD CDD  WTR  SNW DPTH SPD SPD DIR MIN PSBL S-S WX    SPD DR
================================================================================

 1  33  11  22   3  43   0 0.00  0.0    0 14.2 24 250   M    M   3        30 250
 2  32  13  23   4  42   0    T    T    0  4.8 10 160   M    M   2 1      13 150
 3  32  27  30  11  35   0 0.01  0.1    T  5.9 16 360   M    M  10 12     19 350
 4  30  -5  13  -6  52   0 0.05  0.9    1 17.9 28 320   M    M   6 18     33 340
 5   4  -9  -2 -21  67   0 0.26  2.6    1  8.7 16 250   M    M   4 18     19 250
 6   6  -9  -1 -20  66   0 0.01  0.2    4 11.8 26 320   M    M   3 18     34 310
 7   3 -13  -5 -24  70   0 0.00  0.0    3 15.8 26 330   M    M   1 18     32 340
 8  18 -15   2 -17  63   0 0.04  1.0    4 20.0 36 310   M    M   6 12     44 310
 9   7  -5   1 -18  64   0 0.00  0.0    4 15.8 29 300   M    M   5 8      41 300
10  21 -10   6 -13  59   0 0.00  0.0    4 11.5 24 190   M    M   4        28 190
11  28   8  18  -1  47   0 0.00  0.0    4  5.5 10 360   M    M   0        12 360
12  20   1  11  -8  54   0 0.00  0.0    3 11.9 18  20   M    M   2 18     23  10
13  18  -4   7 -12  58   0 0.00  0.0    3  5.5 14  30   M    M   1        15  30
14  21  -2  10  -9  55   0    T    T    3  8.0 14 220   M    M   8 1      16 220
15  34  17  26   7  39   0 0.00  0.0    3 10.4 18 280   M    M   1 18     22 290
16  35  16  26   7  39   0 0.00  0.0    3  9.7 22 140   M    M   0 128    29 150
17  39  30  35  16  30   0 0.00  0.0    2 16.2 25 300   M    M   5 18     34 210
18  40  26  33  14  32   0 0.00  0.0    T 10.4 20 290   M    M   1        24 290
19  36  23  30  11  35   0 0.00  0.0    T  6.6 15 160   M    M   3 1      19 150
20  34  24  29  10  36   0 0.01  0.1    T  6.6 15 140   M    M   9 126    17 140
21  32  29  31  12  34   0 0.11  1.5    2  5.5 16 140   M    M  10 1      19 140
22  30  26  28   9  37   0    T    T    2  8.2 17 230   M    M  10 18     21 230
23  35  25  30  11  35   0 0.00  0.0    1 12.9 21 210   M    M   6 1      26 210
24  43  21  32  13  33   0 0.00  0.0    1  5.3 14 330   M    M   4 12     16 280
25  35  15  25   6  40   0 0.06  0.7    T 14.6 28  30   M    M   5 18     35  30
26  30   8  19   0  46   0 0.06  0.8    1  6.8 20 180   M    M   9 12     22 180
27  32  25  29  10  36   0 0.00  0.0    2  9.5 20  30   M    M  10 18     24  30
28  33  24  29   9  36   0 0.00  0.0    2 15.6 26 150   M    M   5 18     31 150
29  34  23  29   9  36   0 0.00  0.0    1 18.1 28 330   M    M   9 18     36 330
30  26  11  19  -1  46   0 0.00  0.0    1  7.5 17 350   M    M   1        22 350
================================================================================
SM  821  331      1365   0  0.61     7.9 321.2          M      143
================================================================================
AV 27.4 11.0                              10.7 FASTST   M    M   5    MAX(MPH)
                                 MISC ---->  # 36 310               # 44  310
================================================================================
NOTES:
# LAST OF SEVERAL OCCURRENCES

COLUMN 17 PEAK WIND IN M.P.H.

PRELIMINARY LOCAL CLIMATOLOGICAL DATA (WS FORM: F-6) , PAGE 2

                                          STATION:  DUBUQUE IA
                                          MONTH:    JANUARY
                                          YEAR:     2015
                                          LATITUDE:   42 24 N
                                          LONGITUDE:  90 42 W

[TEMPERATURE DATA]      [PRECIPITATION DATA]       SYMBOLS USED IN COLUMN 16

AVERAGE MONTHLY: 19.2   TOTAL FOR MONTH:   0.61    1 = FOG OR MIST
DPTR FM NORMAL:   0.1   DPTR FM NORMAL:   -0.52    2 = FOG REDUCING VISIBILITY
HIGHEST:    43 ON 24    GRTST 24HR  0.27 ON  5- 6      TO 1/4 MILE OR LESS
LOWEST:    -15 ON  8                               3 = THUNDER
                        SNOW, ICE PELLETS, HAIL    4 = ICE PELLETS
                        TOTAL MONTH:   7.9 INCHES  5 = HAIL
                        GRTST 24HR   2.6 ON   M    6 = FREEZING RAIN OR DRIZZLE
                        GRTST DEPTH:   4 ON 11,10  7 = DUSTSTORM OR SANDSTORM:
                                                       VSBY 1/2 MILE OR LESS
                                                   8 = SMOKE OR HAZE
[NO. OF DAYS WITH]      [WEATHER - DAYS WITH]      9 = BLOWING SNOW
                                                   X = TORNADO
MAX 32 OR BELOW:  18    0.01 INCH OR MORE:   9
MAX 90 OR ABOVE:   0    0.10 INCH OR MORE:   2
MIN 32 OR BELOW:  30    0.50 INCH OR MORE:   0
MIN  0 OR BELOW:   9    1.00 INCH OR MORE:   0

[HDD (BASE 65) ]
TOTAL THIS MO.  1365    CLEAR  (SCALE 0-3)  10
DPTR FM NORMAL   -13    PTCLDY (SCALE 4-7)  13
TOTAL FM JUL 1  4291    CLOUDY (SCALE 8-10)  7
DPTR FM NORMAL   103

[CDD (BASE 65) ]
TOTAL THIS MO.     0
DPTR FM NORMAL     0    [PRESSURE DATA]
TOTAL FM JAN 1     0    HIGHEST SLP M ON M
DPTR FM NORMAL     0    LOWEST  SLP 29.58 ON 25

[REMARKS]




U.S. Dept. of Commerce
NOAA National Weather Service
1325 East West Highway
Silver Spring, MD 20910
E-mail: w-nws.webmaster@noaa.gov
Page last modified: May 16, 2007
NATIONAL WEATHER SERVICE: for Safety, for Work, for Fun - FOR LIFE