271
CXUS55 KDVN 011718
CF6DBQ

PRELIMINARY LOCAL CLIMATOLOGICAL DATA (WS FORM: F-6)

                                          STATION:   DUBUQUE IA
                                          MONTH:     NOVEMBER
                                          YEAR:      2014
                                          LATITUDE:   42 24 N
                                          LONGITUDE:  90 42 W

  TEMPERATURE IN F:       :PCPN:    SNOW:  WIND      :SUNSHINE: SKY     :PK WND
================================================================================
1   2   3   4   5  6A  6B    7    8   9   10  11  12  13   14  15   16   17  18
                                     12Z  AVG MX 2MIN
DY MAX MIN AVG DEP HDD CDD  WTR  SNW DPTH SPD SPD DIR MIN PSBL S-S WX    SPD DR
================================================================================

 1  43  18  31 -13  34   0 0.00  0.0    0  5.8 13 170   M    M   0        16 330
 2  50  28  39  -5  26   0 0.00  0.0    0 16.7 26 170   M    M   4        33 170
 3  62  38  50   7  15   0 0.14  0.0    0 16.3 25 200   M    M   3 1      29 200
 4  58  36  47   4  18   0 0.01  0.0    0 14.4 24 280   M    M   3        31 280
 5  55  31  43   1  22   0 0.00  0.0    0 10.9 24 200   M    M   5        30 240
 6  47  27  37  -5  28   0 0.00  0.0    0 15.1 30 350   M    M   8 1      38 350
 7  43  21  32  -9  33   0    T  0.0    0  9.6 20 160   M    M   3        25 160
 8  45  32  39  -2  26   0    T  0.0    0 15.0 31 320   M    M   5        37 320
 9  50  34  42   2  23   0 0.00  0.0    0 10.1 23 220   M    M   6        27 220
10  60  40  50  10  15   0 0.00  0.0    0 12.2 23  20   M    M   2 18     27 160
11  40  25  33  -6  32   0 0.02  0.1    T 17.2 24 320   M    M  10 1      30 310
12  26  18  22 -17  43   0    T    T    0 13.5 20 290   M    M   9 18     26 300
13  27  18  23 -15  42   0 0.01  0.2    T 12.0 22 280   M    M   9 18     27 280
14  27  10  19 -19  46   0 0.00  0.0    T  5.7 13 270   M    M   2        16 310
15  24   7  16 -21  49   0 0.05  1.4    0  2.3  8 150   M    M   6 18     11 360
16  25   3  14 -22  51   0 0.02  0.6    2  9.1 18 240   M    M   6 1      21 250
17  14   4   9 -27  56   0    T    T    2 15.9 29 270   M    M   5 18     37 280
18  16   3  10 -25  55   0    T    T    1 14.1 23 280   M    M   6 8      30 280
19  24  13  19 -16  46   0    T    T    1 15.0 30 290   M    M   8 18     36 300
20  22   3  13 -21  52   0 0.00  0.0    1 11.2 23 280   M    M   0        26 270
21  31   1  16 -18  49   0 0.03  0.0    T 10.0 22 160   M    M   2 16     25 190
22  50  30  40   7  25   0 0.05  0.0    T 13.1 21 180   M    M  10 126    25 180
23  49  44  47  14  18   0 0.81  0.0    0 11.0 21 180   M    M  10 12     27 190
24  44  16  30  -2  35   0 0.04  1.1    0 20.7 32 280   M    M   9 12     42 280
25  23  11  17 -15  48   0    T    T    1  8.7 18 290   M    M   3 1      22 290
26  27  14  21 -10  44   0 0.00  0.0    1  9.2 15  90   M    M   7 1      17  80
27  23   5  14 -16  51   0    T    T    1  9.7 20 320   M    M   6 1      22 330
28  30  12  21  -9  44   0    T  0.1    1 11.3 21 160   M    M   4 1      27 160
29  49  29  39  10  26   0 0.00  0.0    1 12.5 23 190   M    M   0 1      27 190
30  39  16  28  -1  37   0 0.00  0.0    0 13.8 23 350   M    M   4 12     27 350
================================================================================
SM 1123  587      1089   0  1.18     3.5 362.1          M      155
================================================================================
AV 37.4 19.6                              12.1 FASTST   M    M   5    MAX(MPH)
                                 MISC ---->  # 32 280               # 42  280
================================================================================
NOTES:
# LAST OF SEVERAL OCCURRENCES

COLUMN 17 PEAK WIND IN M.P.H.

PRELIMINARY LOCAL CLIMATOLOGICAL DATA (WS FORM: F-6) , PAGE 2

                                          STATION:  DUBUQUE IA
                                          MONTH:    NOVEMBER
                                          YEAR:     2014
                                          LATITUDE:   42 24 N
                                          LONGITUDE:  90 42 W

[TEMPERATURE DATA]      [PRECIPITATION DATA]       SYMBOLS USED IN COLUMN 16

AVERAGE MONTHLY: 28.5   TOTAL FOR MONTH:   1.18    1 = FOG OR MIST
DPTR FM NORMAL:  -8.2   DPTR FM NORMAL:   -1.17    2 = FOG REDUCING VISIBILITY
HIGHEST:    62 ON  3    GRTST 24HR  0.82 ON 23-24      TO 1/4 MILE OR LESS
LOWEST:      1 ON 21                               3 = THUNDER
                        SNOW, ICE PELLETS, HAIL    4 = ICE PELLETS
                        TOTAL MONTH:   3.5 INCHES  5 = HAIL
                        GRTST 24HR   1.4 ON   M    6 = FREEZING RAIN OR DRIZZLE
                        GRTST DEPTH:   2 ON 17,16  7 = DUSTSTORM OR SANDSTORM:
                                                       VSBY 1/2 MILE OR LESS
                                                   8 = SMOKE OR HAZE
[NO. OF DAYS WITH]      [WEATHER - DAYS WITH]      9 = BLOWING SNOW
                                                   X = TORNADO
MAX 32 OR BELOW:  14    0.01 INCH OR MORE:  10
MAX 90 OR ABOVE:   0    0.10 INCH OR MORE:   2
MIN 32 OR BELOW:  25    0.50 INCH OR MORE:   1
MIN  0 OR BELOW:   0    1.00 INCH OR MORE:   0

[HDD (BASE 65) ]
TOTAL THIS MO.  1089    CLEAR  (SCALE 0-3)   9
DPTR FM NORMAL   238    PTCLDY (SCALE 4-7)  14
TOTAL FM JUL 1  1782    CLOUDY (SCALE 8-10)  7
DPTR FM NORMAL   282

[CDD (BASE 65) ]
TOTAL THIS MO.     0
DPTR FM NORMAL     0    [PRESSURE DATA]
TOTAL FM JAN 1   526    HIGHEST SLP 30.53 ON  1
DPTR FM NORMAL  -117    LOWEST  SLP 29.15 ON 24

[REMARKS]

===================================================================

NOTE: SUPPLEMENTAL CLIMATE DATA WAS USED FROM A NEARBY
CLIMATOLOGICALLY REPRESENTATIVE STATION.

PARAMETER   DATE
---------   ----
   SNW      ALL OBSERVED SNW ABOVE
12Z DPTH    ALL OBSERVED 12Z DPTH ABOVE

===================================================================

#FINAL-11-14#







U.S. Dept. of Commerce
NOAA National Weather Service
1325 East West Highway
Silver Spring, MD 20910
E-mail: w-nws.webmaster@noaa.gov
Page last modified: May 16, 2007
NATIONAL WEATHER SERVICE: for Safety, for Work, for Fun - FOR LIFE