152
CXUS55 KDVN 281100
CF6DBQ
PRELIMINARY LOCAL CLIMATOLOGICAL DATA (WS FORM: F-6)

                                          STATION:   DUBUQUE IA
                                          MONTH:     JULY
                                          YEAR:      2014
                                          LATITUDE:   42 24 N
                                          LONGITUDE:  90 42 W

  TEMPERATURE IN F:       :PCPN:    SNOW:  WIND      :SUNSHINE: SKY     :PK WND
================================================================================
1   2   3   4   5  6A  6B    7    8   9   10  11  12  13   14  15   16   17  18
                                     12Z  AVG MX 2MIN
DY MAX MIN AVG DEP HDD CDD  WTR  SNW DPTH SPD SPD DIR MIN PSBL S-S WX    SPD DR
================================================================================

 1  76  60  68  -4   0   3 0.01  0.0    0 14.1 30 280   M    M   4 1      38 280
 2  65  54  60 -12   5   0 0.00  0.0    0  8.5 17 350   M    M   7        21 310
 3  74  50  62 -10   3   0 0.00  0.0    0  4.0 14 340   M    M   2        18 350
 4  76  51  64  -8   1   0 0.00  0.0    0  4.0 13 180   M    M   1        15 190
 5  68  56  62 -10   3   0 0.00  0.0    0 11.9 24 200   M    M   6        31 190
 6  83  62  73   1   0   8 0.00  0.0    0 11.5 23 230   M    M   7        29 230
 7  83  65  74   2   0   9 0.00  0.0    0  7.5 16 260   M    M   2        20 250
 8  78  62  70  -2   0   5 0.00  0.0    0 12.3 23 300   M    M   2        29 290
 9  75  56  66  -6   0   1 0.00  0.0    0  7.9 16 340   M    M   2        27 340
10  79  59  69  -3   0   4 0.00  0.0    0  8.0 15 190   M    M   4        17 200
11  76  61  69  -3   0   4    T  0.0    0  9.6 18 170   M    M   4        23 150
12  81  64  73   1   0   8 1.80  0.0    0  6.9 28 350   M    M   6 1238   32 300
13  81  61  71  -1   0   6 0.00  0.0    0  8.2 21 310   M    M   3        25 320
14  73  54  64  -8   1   0 0.00  0.0    0 10.5 23 320   M    M   4 3      31 300
15  67  51  59 -13   6   0 0.00  0.0    0  8.9 20 320   M    M   6        24 320
16  72  48  60 -12   5   0 0.00  0.0    0  3.0 12 350   M    M   3        17 310
17  76  52  64  -8   1   0 0.00  0.0    0  3.5  9 150   M    M   2        11 230
18  77  59  68  -4   0   3 0.00  0.0    0  7.4 15 170   M    M   3        19 190
19  77  58  68  -4   0   3 0.00  0.0    0  7.9 14 190   M    M   1        21 150
20  79  61  70  -2   0   5 0.00  0.0    0  9.9 16 180   M    M   3        20 180
21  83  63  73   1   0   8 0.00  0.0    0 11.2 21 190   M    M   2        27 200
22  89  71  80   8   0  15 0.00  0.0    0 12.6 21 240   M    M   2        25 240
23  78  61  70  -2   0   5 0.00  0.0    0  8.8 16  40   M    M   1        20  40
24  76  54  65  -7   0   0 0.00  0.0    0  6.1 12 150   M    M   2        14 160
25  72  58  65  -7   0   0 0.27  0.0    0 11.8 31 170   M    M   6 13     41 170
26  82  63  73   1   0   8 0.00  0.0    0  5.0 12  40   M    M   5        16  30
27  74  64  69  -3   0   4 0.00  0.0    0 13.1 28 300   M    M   3        34 310
================================================================================
SM 2070 1578        25  99  2.08     0.0 234.1          M       93
================================================================================
AV 76.7 58.4                               8.7 FASTST   M    M   3    MAX(MPH)
                                 MISC ---->  # 31 170               # 41  170
================================================================================
NOTES:
# LAST OF SEVERAL OCCURRENCES

COLUMN 17 PEAK WIND IN M.P.H.

PRELIMINARY LOCAL CLIMATOLOGICAL DATA (WS FORM: F-6) , PAGE 2

                                          STATION:  DUBUQUE IA
                                          MONTH:    JULY
                                          YEAR:     2014
                                          LATITUDE:   42 24 N
                                          LONGITUDE:  90 42 W

[TEMPERATURE DATA]      [PRECIPITATION DATA]       SYMBOLS USED IN COLUMN 16

AVERAGE MONTHLY: 67.6   TOTAL FOR MONTH:   2.08    1 = FOG OR MIST
DPTR FM NORMAL:  -4.4   DPTR FM NORMAL:   -1.67    2 = FOG REDUCING VISIBILITY
HIGHEST:    89 ON 22    GRTST 24HR  1.80 ON 12-12      TO 1/4 MILE OR LESS
LOWEST:     48 ON 16                               3 = THUNDER
                        SNOW, ICE PELLETS, HAIL    4 = ICE PELLETS
                        TOTAL MONTH:   0.0 INCH    5 = HAIL
                        GRTST 24HR     0.0         6 = FREEZING RAIN OR DRIZZLE
                        GRTST DEPTH:   0           7 = DUSTSTORM OR SANDSTORM:
                                                       VSBY 1/2 MILE OR LESS
                                                   8 = SMOKE OR HAZE
[NO. OF DAYS WITH]      [WEATHER - DAYS WITH]      9 = BLOWING SNOW
                                                   X = TORNADO
MAX 32 OR BELOW:   0    0.01 INCH OR MORE:   3
MAX 90 OR ABOVE:   0    0.10 INCH OR MORE:   2
MIN 32 OR BELOW:   0    0.50 INCH OR MORE:   1
MIN  0 OR BELOW:   0    1.00 INCH OR MORE:   1

[HDD (BASE 65) ]
TOTAL THIS MO.    25    CLEAR  (SCALE 0-3)  14
DPTR FM NORMAL    25    PTCLDY (SCALE 4-7)  13
TOTAL FM JUL 1    25    CLOUDY (SCALE 8-10)  0
DPTR FM NORMAL    25

[CDD (BASE 65) ]
TOTAL THIS MO.    99
DPTR FM NORMAL   -91    [PRESSURE DATA]
TOTAL FM JAN 1   307    HIGHEST SLP M ON M
DPTR FM NORMAL   -59    LOWEST  SLP 29.62 ON  7

[REMARKS]




U.S. Dept. of Commerce
NOAA National Weather Service
1325 East West Highway
Silver Spring, MD 20910
E-mail: w-nws.webmaster@noaa.gov
Page last modified: May 16, 2007
NATIONAL WEATHER SERVICE: for Safety, for Work, for Fun - FOR LIFE