498
CXUS51 KILN 020200
CF6DAY

PRELIMINARY LOCAL CLIMATOLOGICAL DATA (WS FORM: F-6)

                                          STATION:   DAYTON OH
                                          MONTH:     NOVEMBER
                                          YEAR:      2014
                                          LATITUDE:   39 54 N
                                          LONGITUDE:  84 12 W

  TEMPERATURE IN F:       :PCPN:    SNOW:  WIND      :SUNSHINE: SKY     :PK WND
================================================================================
1   2   3   4   5  6A  6B    7    8   9   10  11  12  13   14  15   16   17  18
                                     12Z  AVG MX 2MIN
DY MAX MIN AVG DEP HDD CDD  WTR  SNW DPTH SPD SPD DIR MIN PSBL S-S WX    SPD DR
================================================================================

 1  42  27  35 -14  30   0    T    T    0 15.8 28 340   M    M   7 1      37 350
 2  50  23  37 -11  28   0 0.00  0.0    0  6.0 10 310   M    M   2        11 320
 3  66  36  51   3  14   0 0.00  0.0    0 13.5 23 220   M    M   6        29 210
 4  66  50  58  10   7   0 0.18  0.0    0 16.1 28 240   M    M   9 18     39 220
 5  56  43  50   3  15   0 0.00  0.0    0  5.5 13 270   M    M   8 1      16 270
 6  50  41  46  -1  19   0 0.09  0.0    0 16.0 26 290   M    M  10 128    36 280
 7  48  34  41  -5  24   0    T  0.0    0  8.5 22 330   M    M   6 1      29 330
 8  54  34  44  -2  21   0    T  0.0    0 11.8 22 260   M    M   8 1      28 260
 9  52  33  43  -3  22   0 0.00  0.0    0 10.2 16 200   M    M   6        22 210
10  63  42  53   8  12   0 0.00  0.0    0 11.9 22 170   M    M   7        29 180
11  64  37  51   6  14   0 0.07  0.0    0 15.8 25 190   M    M   6 1      32 210
12  40  30  35  -9  30   0 0.00  0.0    0 11.1 22 290   M    M  10        27 290
13  31  24  28 -16  37   0    T    T    0 11.8 20 280   M    M  10 8      23 290
14  34  19  27 -17  38   0 0.00  0.0    0  7.4 14 260   M    M   6        17 260
15  36  16  26 -17  39   0 0.00  0.0    0  4.4 13 220   M    M   6        15 230
16  36  31  34  -9  31   0 0.13  1.2    0  3.8 10 190   M    M  10 128    13 180
17  33  14  24 -18  41   0 0.26  2.9    2 14.5 29 270   M    M   8 1289   34 260
18  19  10  15 -27  50   0    T    T    4 16.2 26 240   M    M   6 18     32 240
19  38  15  27 -14  38   0    T    T    3 17.2 28 270   M    M   8        37 270
20  29  19  24 -17  41   0 0.00  0.0    1 16.1 26 250   M    M   6        32 240
21  30  12  21 -19  44   0 0.00  0.0    1  6.4 12 130   M    M   0        14 140
22  55  21  38  -2  27   0 0.02  0.0    0 13.4 22 210   M    M   9 6      29 200
23  64  50  57  17   8   0 0.93  0.0    0 14.7 28 170   M    M   9 1      37 160
24  62  36  49  10  16   0 0.26  0.0    0 23.4 41 240   M    M   8 1      51 230
25  39  29  34  -5  31   0 0.00  0.0    0 11.2 21 250   M    M   9        29 240
26  34  26  30  -8  35   0 0.00  0.0    0  5.4  9 340   M    M  10        11  20
27  33  26  30  -8  35   0    T    T    0 12.1 21 300   M    M   9 18     25 290
28  34  18  26 -11  39   0 0.00  0.0    0  8.9 18 170   M    M   8        23 180
29  56  32  44   7  21   0 0.00  0.0    0 15.2 25 200   M    M   8        35 220
30  65  54  60  24   5   0 0.10  0.0    0 15.6 25 230   M    M  10 1      35 220
================================================================================
SM 1379  882       812   0  2.04     4.1 359.9          M      225
================================================================================
AV 46.0 29.4                              12.0 FASTST   M    M   8    MAX(MPH)
                                 MISC ---->  # 41 240               # 51  230
================================================================================
NOTES:
# LAST OF SEVERAL OCCURRENCES

COLUMN 17 PEAK WIND IN M.P.H.

PRELIMINARY LOCAL CLIMATOLOGICAL DATA (WS FORM: F-6) , PAGE 2

                                          STATION:  DAYTON OH
                                          MONTH:    NOVEMBER
                                          YEAR:     2014
                                          LATITUDE:   39 54 N
                                          LONGITUDE:  84 12 W

[TEMPERATURE DATA]      [PRECIPITATION DATA]       SYMBOLS USED IN COLUMN 16

AVERAGE MONTHLY: 37.7   TOTAL FOR MONTH:   2.04    1 = FOG OR MIST
DPTR FM NORMAL:  -5.1   DPTR FM NORMAL:   -1.35    2 = FOG REDUCING VISIBILITY
HIGHEST:    66 ON  4, 3 GRTST 24HR  1.19 ON 23-24      TO 1/4 MILE OR LESS
LOWEST:     10 ON 18                               3 = THUNDER
                        SNOW, ICE PELLETS, HAIL    4 = ICE PELLETS
                        TOTAL MONTH:   4.1 INCHES  5 = HAIL
                        GRTST 24HR   2.9 ON 17     6 = FREEZING RAIN OR DRIZZLE
                        GRTST DEPTH:   4 ON 18     7 = DUSTSTORM OR SANDSTORM:
                                                       VSBY 1/2 MILE OR LESS
                                                   8 = SMOKE OR HAZE
[NO. OF DAYS WITH]      [WEATHER - DAYS WITH]      9 = BLOWING SNOW
                                                   X = TORNADO
MAX 32 OR BELOW:   4    0.01 INCH OR MORE:   9
MAX 90 OR ABOVE:   0    0.10 INCH OR MORE:   6
MIN 32 OR BELOW:  18    0.50 INCH OR MORE:   1
MIN  0 OR BELOW:   0    1.00 INCH OR MORE:   0

[HDD (BASE 65) ]
TOTAL THIS MO.   812    CLEAR  (SCALE 0-3)   2
DPTR FM NORMAL   148    PTCLDY (SCALE 4-7)  13
TOTAL FM JUL 1  1216    CLOUDY (SCALE 8-10) 15
DPTR FM NORMAL   105

[CDD (BASE 65) ]
TOTAL THIS MO.     0
DPTR FM NORMAL     0    [PRESSURE DATA]
TOTAL FM JAN 1   977    HIGHEST SLP 30.56 ON 21
DPTR FM NORMAL    86    LOWEST  SLP 29.21 ON 24

[REMARKS]
#FINAL-11-14#







U.S. Dept. of Commerce
NOAA National Weather Service
1325 East West Highway
Silver Spring, MD 20910
E-mail: w-nws.webmaster@noaa.gov
Page last modified: May 16, 2007
NATIONAL WEATHER SERVICE: for Safety, for Work, for Fun - FOR LIFE