034
CXUS51 KRNK 290929
CF6DAN
PRELIMINARY LOCAL CLIMATOLOGICAL DATA (WS FORM: F-6)

                                          STATION:   DANVILLE VA
                                          MONTH:     JULY
                                          YEAR:      2014
                                          LATITUDE:   36 34 N
                                          LONGITUDE:  79 20 W

  TEMPERATURE IN F:       :PCPN:    SNOW:  WIND      :SUNSHINE: SKY     :PK WND
================================================================================
1   2   3   4   5  6A  6B    7    8   9   10  11  12  13   14  15   16   17  18
                                     12Z  AVG MX 2MIN
DY MAX MIN AVG DEP HDD CDD  WTR  SNW DPTH SPD SPD DIR MIN PSBL S-S WX    SPD DR
================================================================================

 1  95  70  83   5   0  18 0.00  0.0    0  4.8 14 220   M    M   4        19 240
 2  97  74  86   8   0  21 0.00  0.0    0  6.2 16 220   M    M   1        20 210
 3  94  74  84   6   0  19 0.01  0.0    0  5.2 14 230   M    M   5 3      19 170
 4  88  67  78   0   0  13 0.00  0.0    0  9.2 16 350   M    M   4        23 350
 5  84  54  69  -9   0   4 0.00  0.0    0  4.1 15  30   M    M   0        19  20
 6  89  54  72  -6   0   7 0.00  0.0    0  8.1 15 230   M    M   0        22 230
 7  94  66  80   2   0  15 0.00  0.0    0  8.1 18 230   M    M   1        24 200
 8  96  71  84   6   0  19 0.00  0.0    0  8.7 24 250   M    M   M        33 250
 9  90  70  80   2   0  15 0.84  0.0    0  5.4 16 350   M    M   M 13     22 230
10  83  69  76  -2   0  11 1.28  0.0    0  1.5  9 320   M    M   5 13     12 290
11  87  69  78   0   0  13 0.00  0.0    0  3.6  9  50   M    M   4 12     14  20
12  90  66  78   0   0  13 0.00  0.0    0  2.5  8 210   M    M   1 1      13 150
13  92  69  81   3   0  16 0.00  0.0    0  4.9 15 250   M    M   2        19 230
14  96  70  83   5   0  18 0.00  0.0    0  4.5 16 300   M    M   1        23 300
15  90  70  80   2   0  15 0.46  0.0    0  4.5 13 230   M    M   4 13     17 230
16  84  66  75  -3   0  10 0.00  0.0    0  4.7 12 320   M    M   5        17  10
17  83  58  71  -7   0   6 0.00  0.0    0  2.8 12  60   M    M   2        16  60
18  86  61  74  -4   0   9 0.00  0.0    0  3.3  9 160   M    M   3         M  M
19  82  67  75  -3   0  10 0.01  0.0    0  2.5 10  50   M    M   5        14  60
20  79  67  73  -5   0   8    T  0.0    0  1.8  7 210   M    M   9        14  90
21  82  72  77  -1   0  12 0.01  0.0    0  4.7 12  60   M    M   8 13     15  80
22  86  71  79   1   0  14 0.00  0.0    0  3.1  8 130   M    M   6 12     12 130
23  94  68  81   3   0  16 0.02  0.0    0  5.0 15 250   M    M   1 13     21 280
24  87  69  78   0   0  13 0.86  0.0    0  4.6 21  20   M    M   6 13     27  50
25  84  66  75  -3   0  10 0.00  0.0    0  2.2  8 190   M    M   4 1      14  90
26  89  68  79   1   0  14 0.00  0.0    0  3.7 13 220   M    M   2 1      20 220
27  84  72  78   0   0  13 0.14  0.0    0  4.2 13 230   M    M   3 13     17 190
28  86  67  77  -1   0  12 0.00  0.0    0 10.7 24 240   M    M   3        34 230
================================================================================
SM 2471 1885         0 364  3.63     0.0 134.6          M       89
================================================================================
AV 88.2 67.3                               4.8 FASTST   M    M   3    MAX(MPH)
                                 MISC ---->  # 24 250               # 34  230
================================================================================
NOTES:
# LAST OF SEVERAL OCCURRENCES

COLUMN 17 PEAK WIND IN M.P.H.

PRELIMINARY LOCAL CLIMATOLOGICAL DATA (WS FORM: F-6) , PAGE 2

                                          STATION:  DANVILLE VA
                                          MONTH:    JULY
                                          YEAR:     2014
                                          LATITUDE:   36 34 N
                                          LONGITUDE:  79 20 W

[TEMPERATURE DATA]      [PRECIPITATION DATA]       SYMBOLS USED IN COLUMN 16

AVERAGE MONTHLY: 77.8   TOTAL FOR MONTH:   3.63    1 = FOG OR MIST
DPTR FM NORMAL:  -0.2   DPTR FM NORMAL:   -0.53    2 = FOG REDUCING VISIBILITY
HIGHEST:    97 ON  2    GRTST 24HR  1.28 ON 10-10      TO 1/4 MILE OR LESS
LOWEST:     54 ON  6, 5                            3 = THUNDER
                        SNOW, ICE PELLETS, HAIL    4 = ICE PELLETS
                        TOTAL MONTH:   0.0 INCH    5 = HAIL
                        GRTST 24HR     0.0         6 = FREEZING RAIN OR DRIZZLE
                        GRTST DEPTH:   0           7 = DUSTSTORM OR SANDSTORM:
                                                       VSBY 1/2 MILE OR LESS
                                                   8 = SMOKE OR HAZE
[NO. OF DAYS WITH]      [WEATHER - DAYS WITH]      9 = BLOWING SNOW
                                                   X = TORNADO
MAX 32 OR BELOW:   0    0.01 INCH OR MORE:   9
MAX 90 OR ABOVE:  11    0.10 INCH OR MORE:   5
MIN 32 OR BELOW:   0    0.50 INCH OR MORE:   3
MIN  0 OR BELOW:   0    1.00 INCH OR MORE:   1

[HDD (BASE 65) ]
TOTAL THIS MO.     0    CLEAR  (SCALE 0-3)  13
DPTR FM NORMAL     0    PTCLDY (SCALE 4-7)  11
TOTAL FM JUL 1     0    CLOUDY (SCALE 8-10)  2
DPTR FM NORMAL     0

[CDD (BASE 65) ]
TOTAL THIS MO.   364
DPTR FM NORMAL     0    [PRESSURE DATA]
TOTAL FM JAN 1   870    HIGHEST SLP M ON M
DPTR FM NORMAL    65    LOWEST  SLP 29.70 ON 28

[REMARKS]




U.S. Dept. of Commerce
NOAA National Weather Service
1325 East West Highway
Silver Spring, MD 20910
E-mail: w-nws.webmaster@noaa.gov
Page last modified: May 16, 2007
NATIONAL WEATHER SERVICE: for Safety, for Work, for Fun - FOR LIFE