758
CXUS51 KRNK 261029
CF6DAN
PRELIMINARY LOCAL CLIMATOLOGICAL DATA (WS FORM: F-6)

                                          STATION:   DANVILLE VA
                                          MONTH:     NOVEMBER
                                          YEAR:      2014
                                          LATITUDE:   36 34 N
                                          LONGITUDE:  79 20 W

  TEMPERATURE IN F:       :PCPN:    SNOW:  WIND      :SUNSHINE: SKY     :PK WND
================================================================================
1   2   3   4   5  6A  6B    7    8   9   10  11  12  13   14  15   16   17  18
                                     12Z  AVG MX 2MIN
DY MAX MIN AVG DEP HDD CDD  WTR  SNW DPTH SPD SPD DIR MIN PSBL S-S WX    SPD DR
================================================================================

 1  54  45  50  -4  15   0 0.28  0.0    0 12.3 25 360   M    M   9 1      33  10
 2  53  33  43 -11  22   0 0.00  0.0    0 11.2 23 310   M    M   2        34 300
 3  66  28  47  -7  18   0 0.00  0.0    0  5.4 12 260   M    M   0        15 270
 4  70  38  54   1  11   0 0.00  0.0    0  5.5 16 220   M    M   0        22 230
 5  71  44  58   5   7   0 0.00  0.0    0  3.5 10 250   M    M   0        13 240
 6  67  50  59   6   6   0 0.16  0.0    0  8.0 24 350   M    M   8 1      32 290
 7  58  32  45  -7  20   0 0.00  0.0    0  8.6 23 320   M    M   0        31 280
 8  57  28  43  -9  22   0 0.00  0.0    0  2.9 16 240   M    M   0        21 240
 9  62  37  50  -2  15   0 0.00  0.0    0  1.8 13 350   M    M   0 1      16 360
10  67  32  50  -1  15   0 0.00  0.0    0  2.6  9  90   M    M   0 1      12  70
11  74  38  56   5   9   0 0.00  0.0    0  1.7  7 340   M    M   2 18     11 290
12  74  42  58   7   7   0 0.00  0.0    0  6.2 14 340   M    M   1 128    18 330
13  54  42  48  -2  17   0 0.01  0.0    0  8.5 14 360   M    M  10        21  10
14  43  27  35 -15  30   0 0.00  0.0    0  9.6 18 340   M    M   4        24 340
15  45  20  33 -17  32   0 0.00  0.0    0  2.0  7 240   M    M   0         9 320
16  51  25  38 -11  27   0    T  0.0    0  1.3 10 230   M    M   8        12 240
17  50  37  44  -5  21   0 0.38  0.0    0  5.2 20 300   M    M   9        26 290
18  38  19  29 -19  36   0 0.00  0.0    0  8.6 18 310   M    M   0        26 310
19  43  15  29 -19  36   0 0.00  0.0    0  5.6 15 230   M    M   0        20 210
20  57  28  43  -5  22   0 0.00  0.0    0  8.4 23 240   M    M   0        29 240
21  46  23  35 -12  30   0 0.00  0.0    0  6.0 15 310   M    M   0        21 320
22  52  18  35 -12  30   0 0.00  0.0    0  3.9 12 230   M    M   0        16 230
23  63  30  47   1  18   0 0.46  0.0    0  3.4 13 160   M    M   6 1      20 140
24  74  57  66  20   0   1 0.00  0.0    0  8.8 25 230   M    M   2        34 240
25  64  48  56  10   9   0 0.05  0.0    0  5.1 10 330   M    M   5        14 320
================================================================================
SM 1453  836       475   1  1.34     0.0 146.1          M       66
================================================================================
AV 58.1 33.4                               5.8 FASTST   M    M   3    MAX(MPH)
                                 MISC ---->  # 25 360               # 34  300
================================================================================
NOTES:
# LAST OF SEVERAL OCCURRENCES

COLUMN 17 PEAK WIND IN M.P.H.

PRELIMINARY LOCAL CLIMATOLOGICAL DATA (WS FORM: F-6) , PAGE 2

                                          STATION:  DANVILLE VA
                                          MONTH:    NOVEMBER
                                          YEAR:     2014
                                          LATITUDE:   36 34 N
                                          LONGITUDE:  79 20 W

[TEMPERATURE DATA]      [PRECIPITATION DATA]       SYMBOLS USED IN COLUMN 16

AVERAGE MONTHLY: 45.8   TOTAL FOR MONTH:   1.34    1 = FOG OR MIST
DPTR FM NORMAL:  -4.4   DPTR FM NORMAL:   -1.48    2 = FOG REDUCING VISIBILITY
HIGHEST:    74 ON 24,12 GRTST 24HR  0.46 ON 23-23      TO 1/4 MILE OR LESS
LOWEST:     15 ON 19                               3 = THUNDER
                        SNOW, ICE PELLETS, HAIL    4 = ICE PELLETS
                        TOTAL MONTH:   0.0 INCH    5 = HAIL
                        GRTST 24HR     0.0         6 = FREEZING RAIN OR DRIZZLE
                        GRTST DEPTH:   0           7 = DUSTSTORM OR SANDSTORM:
                                                       VSBY 1/2 MILE OR LESS
                                                   8 = SMOKE OR HAZE
[NO. OF DAYS WITH]      [WEATHER - DAYS WITH]      9 = BLOWING SNOW
                                                   X = TORNADO
MAX 32 OR BELOW:   0    0.01 INCH OR MORE:   6
MAX 90 OR ABOVE:   0    0.10 INCH OR MORE:   4
MIN 32 OR BELOW:  13    0.50 INCH OR MORE:   0
MIN  0 OR BELOW:   0    1.00 INCH OR MORE:   0

[HDD (BASE 65) ]
TOTAL THIS MO.   475    CLEAR  (SCALE 0-3)  17
DPTR FM NORMAL   101    PTCLDY (SCALE 4-7)   5
TOTAL FM JUL 1   644    CLOUDY (SCALE 8-10)  3
DPTR FM NORMAL    37

[CDD (BASE 65) ]
TOTAL THIS MO.     1
DPTR FM NORMAL     1    [PRESSURE DATA]
TOTAL FM JAN 1  1419    HIGHEST SLP M ON M
DPTR FM NORMAL   -17    LOWEST  SLP 29.58 ON 17

[REMARKS]




U.S. Dept. of Commerce
NOAA National Weather Service
1325 East West Highway
Silver Spring, MD 20910
E-mail: w-nws.webmaster@noaa.gov
Page last modified: May 16, 2007
NATIONAL WEATHER SERVICE: for Safety, for Work, for Fun - FOR LIFE