506
CXUS51 KRNK 301006
CF6DAN
PRELIMINARY LOCAL CLIMATOLOGICAL DATA (WS FORM: F-6)

                                          STATION:   DANVILLE VA
                                          MONTH:     JANUARY
                                          YEAR:      2015
                                          LATITUDE:   36 34 N
                                          LONGITUDE:  79 20 W

  TEMPERATURE IN F:       :PCPN:    SNOW:  WIND      :SUNSHINE: SKY     :PK WND
================================================================================
1   2   3   4   5  6A  6B    7    8   9   10  11  12  13   14  15   16   17  18
                                     12Z  AVG MX 2MIN
DY MAX MIN AVG DEP HDD CDD  WTR  SNW DPTH SPD SPD DIR MIN PSBL S-S WX    SPD DR
================================================================================

 1  50  21  36  -2  29   0 0.00  0.0    0  6.9 20 240   M    M   1        26 240
 2  54  36  45   7  20   0 0.00  0.0    0  2.5 10 320   M    M   3        13 320
 3  47  42  45   7  20   0 0.12  0.0    0  4.3  8  50   M    M  10 1      10  60
 4  65  43  54  16  11   0 0.13  0.0    0  8.9 26 260   M    M   8 1      35 300
 5  50  28  39   1  26   0 0.00  0.0    0  9.6 22 270   M    M   0        32 280
 6  52  25  39   1  26   0 0.00  0.0    0  5.1 18 300   M    M   0        25 300
 7  38  14  26 -11  39   0 0.00  0.0    0 13.1 25 330   M    M   1        34 340
 8  25   9  17 -20  48   0 0.00  0.0    0  7.0 18 330   M    M   0        23 330
 9  44  24  34  -3  31   0 0.00  0.0    0  9.3 20 250   M    M   2        24 210
10  38  16  27 -10  38   0 0.00  0.0    0  3.4 12 320   M    M   0        14 320
11  47  12  30  -7  35   0    T  0.0    0  0.7  9 230   M    M   2        12 240
12  44  35  40   3  25   0 0.34  0.0    0  2.4  9 230   M    M  10 12     12 230
13  45  31  38   1  27   0 0.05  0.0    0 12.0 20  60   M    M   9 1      28  50
14  37  27  32  -5  33   0 0.00  0.0    0  5.9 15  10   M    M  10 1      19  10
15  43  29  36  -1  29   0 0.00  0.0    0  3.7 10 240   M    M   8 12     12 230
16  52  27  40   2  25   0 0.00  0.0    0  6.5 18 320   M    M   1 1      30 330
17  53  25  39   1  26   0 0.00  0.0    0  4.0  8 140   M    M   0        13 140
18  60  39  50  12  15   0 0.07  0.0    0  7.0 25 300   M    M   5 1      35 290
19  60  31  46   8  19   0 0.00  0.0    0  5.4 16 230   M    M   0        21 220
20  67  31  49  11  16   0 0.00  0.0    0  4.0 18 250   M    M   0        22 250
21  53  32  43   5  22   0 0.00  0.0    0  5.5 13  50   M    M   2 1      17  50
22  56  29  43   5  22   0 0.00  0.0    0  4.6 16 300   M    M   0 1      22 310
23  39  28  34  -4  31   0 0.53  0.0    0  5.0 14  60   M    M   9 1      17  50
24  48  33  41   3  24   0 0.23  0.0    0  7.8 20 280   M    M   6 1      28 290
25  57  29  43   5  22   0 0.00  0.0    0  4.9 16 230   M    M   1        20 220
26  49  35  42   4  23   0 0.03    T    0  6.2 20 330   M    M   9 1      26 330
27  46  28  37  -1  28   0    T    T    0 11.7 23 330   M    M   4        31 330
28  46  24  35  -3  30   0 0.00  0.0    0  6.0 16 320   M    M   0        23 320
29  46  20  33  -5  32   0 0.01  0.0    0  5.1 14 200   M    M   1        27 270
================================================================================
SM 1411  803       772   0  1.51    T    178.5          M      102
================================================================================
AV 48.7 27.7                               6.2 FASTST   M    M   4    MAX(MPH)
                                 MISC ---->  # 26 260               # 35  300
================================================================================
NOTES:
# LAST OF SEVERAL OCCURRENCES

COLUMN 17 PEAK WIND IN M.P.H.

PRELIMINARY LOCAL CLIMATOLOGICAL DATA (WS FORM: F-6) , PAGE 2

                                          STATION:  DANVILLE VA
                                          MONTH:    JANUARY
                                          YEAR:     2015
                                          LATITUDE:   36 34 N
                                          LONGITUDE:  79 20 W

[TEMPERATURE DATA]      [PRECIPITATION DATA]       SYMBOLS USED IN COLUMN 16

AVERAGE MONTHLY: 38.2   TOTAL FOR MONTH:   1.51    1 = FOG OR MIST
DPTR FM NORMAL:   0.5   DPTR FM NORMAL:   -1.66    2 = FOG REDUCING VISIBILITY
HIGHEST:    67 ON 20    GRTST 24HR  0.74 ON 23-24      TO 1/4 MILE OR LESS
LOWEST:      9 ON  8                               3 = THUNDER
                        SNOW, ICE PELLETS, HAIL    4 = ICE PELLETS
                        TOTAL MONTH:    T          5 = HAIL
                        GRTST 24HR    T  ON 27-27  6 = FREEZING RAIN OR DRIZZLE
                        GRTST DEPTH:   0           7 = DUSTSTORM OR SANDSTORM:
                                                       VSBY 1/2 MILE OR LESS
                                                   8 = SMOKE OR HAZE
[NO. OF DAYS WITH]      [WEATHER - DAYS WITH]      9 = BLOWING SNOW
                                                   X = TORNADO
MAX 32 OR BELOW:   1    0.01 INCH OR MORE:   9
MAX 90 OR ABOVE:   0    0.10 INCH OR MORE:   5
MIN 32 OR BELOW:  22    0.50 INCH OR MORE:   1
MIN  0 OR BELOW:   0    1.00 INCH OR MORE:   0

[HDD (BASE 65) ]
TOTAL THIS MO.   772    CLEAR  (SCALE 0-3)  18
DPTR FM NORMAL   -22    PTCLDY (SCALE 4-7)   5
TOTAL FM JUL 1  2193    CLOUDY (SCALE 8-10)  6
DPTR FM NORMAL   -83

[CDD (BASE 65) ]
TOTAL THIS MO.     0
DPTR FM NORMAL     0    [PRESSURE DATA]
TOTAL FM JAN 1     0    HIGHEST SLP M ON M
DPTR FM NORMAL     0    LOWEST  SLP 29.56 ON 24

[REMARKS]




U.S. Dept. of Commerce
NOAA National Weather Service
1325 East West Highway
Silver Spring, MD 20910
E-mail: w-nws.webmaster@noaa.gov
Page last modified: May 16, 2007
NATIONAL WEATHER SERVICE: for Safety, for Work, for Fun - FOR LIFE