948
CXUS54 KFWD 270730
CF6DAL
PRELIMINARY LOCAL CLIMATOLOGICAL DATA (WS FORM: F-6)

                                          STATION:   DALLAS LOVE FIELD
                                          MONTH:     NOVEMBER
                                          YEAR:      2014
                                          LATITUDE:   32 50 N
                                          LONGITUDE:  96 51 W

  TEMPERATURE IN F:       :PCPN:    SNOW:  WIND      :SUNSHINE: SKY     :PK WND
================================================================================
1   2   3   4   5  6A  6B    7    8   9   10  11  12  13   14  15   16   17  18
                                     12Z  AVG MX 2MIN
DY MAX MIN AVG DEP HDD CDD  WTR  SNW DPTH SPD SPD DIR MIN PSBL S-S WX    SPD DR
================================================================================

 1  62  41  52 -11  13   0 0.00  0.0    0  9.2 20 130   M    M   2        23 120
 2  68  45  57  -6   8   0 0.00  0.0    0 16.1 23 150   M    M   7        29 150
 3  76  54  65   3   0   0 0.00  0.0    0 15.6 25 170   M    M   9        32 160
 4  70  53  62   0   3   0 1.21  0.0    0 10.7 31  20   M    M  10 1      37  20
 5  58  52  55  -7  10   0 0.15  0.0    0  5.5 13 350   M    M   9 1      19 360
 6  73  45  59  -2   6   0 0.00  0.0    0  5.3 16  30   M    M   3        23  40
 7  68  42  55  -6  10   0 0.00  0.0    0  6.8 18 150   M    M   1        22 160
 8  70  48  59  -1   6   0    T  0.0    0  8.1 25  20   M    M   3        32  10
 9  74  41  58  -2   7   0 0.00  0.0    0  6.8 17 170   M    M   2        23 170
10  79  50  65   5   0   0 0.00  0.0    0 13.8 28 190   M    M   2        40 220
11  67  38  53  -6  12   0 0.00  0.0    0 14.4 32 310   M    M   3 7      39 340
12  41  32  37 -22  28   0    T    T    0 15.0 25 360   M    M   5 4      32 350
13  39  29  34 -24  31   0    T    T    0 12.7 24 360   M    M   5 4      28 350
14  41  28  35 -23  30   0 0.00  0.0    0  4.8 12 130   M    M   7        14 160
15  46  39  43 -15  22   0 0.01  0.0    0 12.9 23 150   M    M  10 18     27 150
16  41  29  35 -22  30   0 0.05    T    0 12.0 22 320   M    M  10 1      29 320
17  45  25  35 -22  30   0 0.00  0.0    T  9.1 20 320   M    M   1        26 340
18  57  27  42 -14  23   0 0.00  0.0    0  6.6 14 200   M    M   1        19 210
19  65  38  52  -4  13   0 0.00  0.0    0  8.0 15 220   M    M   1        22 210
20  72  41  57   1   8   0 0.00  0.0    0  9.2 20 170   M    M   5        25 170
21  68  59  64   9   1   0 0.07  0.0    0 13.1 25 150   M    M  10 138    33 150
22  63  57  60   5   5   0 0.63  0.0    0 14.4 25 140   M    M   9 13     32 140
23  77  50  64  10   1   0 0.00  0.0    0 12.9 32 310   M    M   4 12     41 320
24  61  41  51  -3  14   0 0.00  0.0    0  4.3 15 330   M    M   3        21 330
25  63  36  50  -3  15   0 0.00  0.0    0  3.6 16 260   M    M   2        22 270
26  66  43  55   2  10   0 0.00  0.0    0  7.6 18  10   M    M   2        23  10
================================================================================
SM 1610 1083       336   0  2.12    T    258.5          M      126
================================================================================
AV 61.9 41.7                               9.9 FASTST   M    M   5    MAX(MPH)
                                 MISC ---->  # 32 310               # 41  320
================================================================================
NOTES:
# LAST OF SEVERAL OCCURRENCES

COLUMN 17 PEAK WIND IN M.P.H.

PRELIMINARY LOCAL CLIMATOLOGICAL DATA (WS FORM: F-6) , PAGE 2

                                          STATION:  DALLAS LOVE FIELD
                                          MONTH:    NOVEMBER
                                          YEAR:     2014
                                          LATITUDE:   32 50 N
                                          LONGITUDE:  96 51 W

[TEMPERATURE DATA]      [PRECIPITATION DATA]       SYMBOLS USED IN COLUMN 16

AVERAGE MONTHLY: 51.8   TOTAL FOR MONTH:   2.12    1 = FOG OR MIST
DPTR FM NORMAL:  -6.4   DPTR FM NORMAL:   -0.44    2 = FOG REDUCING VISIBILITY
HIGHEST:    79 ON 10    GRTST 24HR  1.29 ON  4- 5      TO 1/4 MILE OR LESS
LOWEST:     25 ON 17                               3 = THUNDER
                        SNOW, ICE PELLETS, HAIL    4 = ICE PELLETS
                        TOTAL MONTH:    T          5 = HAIL
                        GRTST 24HR    T  ON 16-16  6 = FREEZING RAIN OR DRIZZLE
                        GRTST DEPTH:   T           7 = DUSTSTORM OR SANDSTORM:
                                                       VSBY 1/2 MILE OR LESS
                                                   8 = SMOKE OR HAZE
[NO. OF DAYS WITH]      [WEATHER - DAYS WITH]      9 = BLOWING SNOW
                                                   X = TORNADO
MAX 32 OR BELOW:   0    0.01 INCH OR MORE:   6
MAX 90 OR ABOVE:   0    0.10 INCH OR MORE:   3
MIN 32 OR BELOW:   6    0.50 INCH OR MORE:   2
MIN  0 OR BELOW:   0    1.00 INCH OR MORE:   1

[HDD (BASE 65) ]
TOTAL THIS MO.   336    CLEAR  (SCALE 0-3)  12
DPTR FM NORMAL   127    PTCLDY (SCALE 4-7)   7
TOTAL FM JUL 1   347    CLOUDY (SCALE 8-10)  7
DPTR FM NORMAL    75

[CDD (BASE 65) ]
TOTAL THIS MO.     0
DPTR FM NORMAL   -31    [PRESSURE DATA]
TOTAL FM JAN 1  2979    HIGHEST SLP M ON M
DPTR FM NORMAL    41    LOWEST  SLP 29.35 ON 23

[REMARKS]




U.S. Dept. of Commerce
NOAA National Weather Service
1325 East West Highway
Silver Spring, MD 20910
E-mail: w-nws.webmaster@noaa.gov
Page last modified: May 16, 2007
NATIONAL WEATHER SERVICE: for Safety, for Work, for Fun - FOR LIFE