048
CXUS54 KFWD 010730
CF6DAL
PRELIMINARY LOCAL CLIMATOLOGICAL DATA (WS FORM: F-6)

                                          STATION:   DALLAS LOVE FIELD
                                          MONTH:     AUGUST
                                          YEAR:      2014
                                          LATITUDE:   32 50 N
                                          LONGITUDE:  96 51 W

  TEMPERATURE IN F:       :PCPN:    SNOW:  WIND      :SUNSHINE: SKY     :PK WND
================================================================================
1   2   3   4   5  6A  6B    7    8   9   10  11  12  13   14  15   16   17  18
                                     12Z  AVG MX 2MIN
DY MAX MIN AVG DEP HDD CDD  WTR  SNW DPTH SPD SPD DIR MIN PSBL S-S WX    SPD DR
================================================================================

 1  82  69  76 -11   0  11 0.01  0.0    0  7.4 14  60   M    M   9 1      20  40
 2  90  68  79  -9   0  14 0.00  0.0    0  6.2 14  70   M    M   4 18     20  30
 3  93  71  82  -6   0  17 0.00  0.0    0  7.4 15  50   M    M   4 8      24  60
 4  94  74  84  -4   0  19 0.00  0.0    0  7.4 15 100   M    M   2 8      24 110
 5  98  74  86  -2   0  21    T  0.0    0  7.1 26 120   M    M   5 38     33 130
 6 100  79  90   2   0  25 0.00  0.0    0 11.5 21 140   M    M   4        25 160
 7  99  76  88   0   0  23 0.00  0.0    0 10.9 17 170   M    M   4        24 140
 8 104  81  93   5   0  28    T  0.0    0 10.1 22 340   M    M   3 3      28 340
 9 102  81  92   4   0  27 0.00  0.0    0  9.7 18  80   M    M   3        23  50
10 101  80  91   4   0  26 0.03  0.0    0  6.8 20 170   M    M   5 3      26 360
11  98  81  90   3   0  25 0.00  0.0    0  7.3 18  20   M    M   6        26  30
12  95  75  85  -2   0  20 0.00  0.0    0  8.5 21  40   M    M   2        29 350
13  95  70  83  -4   0  18 0.00  0.0    0  6.5 13 360   M    M   0        17  50
14  95  74  85  -2   0  20 0.00  0.0    0  8.4 16 120   M    M   3        20 110
15 100  75  88   1   0  23 0.00  0.0    0 12.6 23 150   M    M   4 8      29 150
16 103  77  90   3   0  25 0.41  0.0    0 10.7 37 180   M    M   7 38     52 190
17  86  71  79  -8   0  14 2.81  0.0    0  7.8 21 170   M    M   8 13     29 220
18  90  75  83  -4   0  18    T  0.0    0  5.8 14 130   M    M   7        19 220
19  94  77  86  -1   0  21 0.00  0.0    0  9.4 28 140   M    M   7        35 140
20  98  79  89   2   0  24 0.00  0.0    0 13.8 28 150   M    M   5        33 140
21  99  78  89   3   0  24 0.00  0.0    0 14.2 22 170   M    M   2        29 150
22 100  78  89   3   0  24 0.00  0.0    0 12.8 22 160   M    M   1        26 190
23  98  79  89   3   0  24 0.00  0.0    0 10.6 20 150   M    M   1        24 140
24  99  79  89   3   0  24 0.00  0.0    0  8.9 18 140   M    M   4        22 140
25 100  80  90   4   0  25 0.00  0.0    0  7.8 15 150   M    M   2        20 150
26  97  81  89   3   0  24 0.00  0.0    0  7.8 16 110   M    M   5        20 100
27  94  78  86   1   0  21 0.00  0.0    0  6.6 15 110   M    M   2        20 100
28  96  76  86   1   0  21 0.00  0.0    0  8.9 22 160   M    M   3        26 170
29  94  72  83  -2   0  18    T  0.0    0  7.0 20 160   M    M   7        24 160
30  94  76  85   1   0  20 0.00  0.0    0  7.0 16 150   M    M   6        20 160
31  95  76  86   2   0  21 0.00  0.0    0 13.4 25 160   M    M   2        32 160
================================================================================
SM 2983 2360         0 665  3.26     0.0 280.3          M      127
================================================================================
AV 96.2 76.1                               9.0 FASTST   M    M   4    MAX(MPH)
                                 MISC ---->  # 37 180               # 52  190
================================================================================
NOTES:
# LAST OF SEVERAL OCCURRENCES

COLUMN 17 PEAK WIND IN M.P.H.

PRELIMINARY LOCAL CLIMATOLOGICAL DATA (WS FORM: F-6) , PAGE 2

                                          STATION:  DALLAS LOVE FIELD
                                          MONTH:    AUGUST
                                          YEAR:     2014
                                          LATITUDE:   32 50 N
                                          LONGITUDE:  96 51 W

[TEMPERATURE DATA]      [PRECIPITATION DATA]       SYMBOLS USED IN COLUMN 16

AVERAGE MONTHLY: 86.2   TOTAL FOR MONTH:   3.26    1 = FOG OR MIST
DPTR FM NORMAL:  -0.4   DPTR FM NORMAL:    1.39    2 = FOG REDUCING VISIBILITY
HIGHEST:   104 ON  8    GRTST 24HR  3.22 ON 16-17      TO 1/4 MILE OR LESS
LOWEST:     68 ON  2                               3 = THUNDER
                        SNOW, ICE PELLETS, HAIL    4 = ICE PELLETS
                        TOTAL MONTH:   0.0 INCH    5 = HAIL
                        GRTST 24HR     0.0         6 = FREEZING RAIN OR DRIZZLE
                        GRTST DEPTH:   0           7 = DUSTSTORM OR SANDSTORM:
                                                       VSBY 1/2 MILE OR LESS
                                                   8 = SMOKE OR HAZE
[NO. OF DAYS WITH]      [WEATHER - DAYS WITH]      9 = BLOWING SNOW
                                                   X = TORNADO
MAX 32 OR BELOW:   0    0.01 INCH OR MORE:   4
MAX 90 OR ABOVE:  29    0.10 INCH OR MORE:   2
MIN 32 OR BELOW:   0    0.50 INCH OR MORE:   1
MIN  0 OR BELOW:   0    1.00 INCH OR MORE:   1

[HDD (BASE 65) ]
TOTAL THIS MO.     0    CLEAR  (SCALE 0-3)  11
DPTR FM NORMAL     0    PTCLDY (SCALE 4-7)  18
TOTAL FM JUL 1     0    CLOUDY (SCALE 8-10)  2
DPTR FM NORMAL     0

[CDD (BASE 65) ]
TOTAL THIS MO.   665
DPTR FM NORMAL    -4    [PRESSURE DATA]
TOTAL FM JAN 1  2262    HIGHEST SLP M ON M
DPTR FM NORMAL   -62    LOWEST  SLP 29.75 ON  7

[REMARKS]
#FINAL-08-14#




U.S. Dept. of Commerce
NOAA National Weather Service
1325 East West Highway
Silver Spring, MD 20910
E-mail: w-nws.webmaster@noaa.gov
Page last modified: May 16, 2007
NATIONAL WEATHER SERVICE: for Safety, for Work, for Fun - FOR LIFE