810
CXUS54 KFWD 300730
CF6DAL
PRELIMINARY LOCAL CLIMATOLOGICAL DATA (WS FORM: F-6)

                                          STATION:   DALLAS LOVE FIELD
                                          MONTH:     JULY
                                          YEAR:      2014
                                          LATITUDE:   32 50 N
                                          LONGITUDE:  96 51 W

  TEMPERATURE IN F:       :PCPN:    SNOW:  WIND      :SUNSHINE: SKY     :PK WND
================================================================================
1   2   3   4   5  6A  6B    7    8   9   10  11  12  13   14  15   16   17  18
                                     12Z  AVG MX 2MIN
DY MAX MIN AVG DEP HDD CDD  WTR  SNW DPTH SPD SPD DIR MIN PSBL S-S WX    SPD DR
================================================================================

 1  94  76  85   0   0  20 0.00  0.0    0 10.5 20 170   M    M   6 8      28 190
 2  94  78  86   1   0  21 0.10  0.0    0  6.4 16 100   M    M   9        23  60
 3  88  70  79  -6   0  14 0.03  0.0    0  7.1 21  10   M    M   8 3      29  10
 4  93  75  84  -1   0  19 0.00  0.0    0  8.4 23 110   M    M   5 8      26 110
 5  92  74  83  -2   0  18 0.00  0.0    0 10.4 17 160   M    M   4 8      22 160
 6  94  75  85  -1   0  20 0.00  0.0    0  9.0 15 160   M    M   5        20 150
 7  99  77  88   2   0  23 0.00  0.0    0 10.4 20 170   M    M   4 3      23 180
 8  97  80  89   3   0  24 0.00  0.0    0  8.8 17 150   M    M   4        22 150
 9  97  80  89   3   0  24 0.00  0.0    0  7.5 16 160   M    M   6 3      20 160
10  97  79  88   2   0  23 0.00  0.0    0 11.2 20 160   M    M   3        23 160
11  96  76  86   0   0  21 0.00  0.0    0 10.4 21 170   M    M   1 8      26 160
12  98  79  89   3   0  24 0.00  0.0    0  8.3 18 180   M    M   0        23 160
13 101  80  91   5   0  26 0.00  0.0    0  6.3 13 180   M    M   1        16 220
14 101  78  90   4   0  25 0.02  0.0    0  6.7 16  10   M    M   5 3      21 200
15  94  75  85  -1   0  20 0.00  0.0    0  8.6 21  20   M    M   7        26  60
16  91  70  81  -5   0  16 0.09  0.0    0 11.0 20 130   M    M   8 3      25 160
17  80  68  74 -12   0   9 0.67  0.0    0 11.4 22  80   M    M  10 138    26  80
18  78  65  72 -15   0   7 0.00  0.0    0  8.4 13  70   M    M  10 1      16 330
19  77  68  73 -14   0   8 0.00  0.0    0  5.5 10 110   M    M   9        13 130
20  92  67  80  -7   0  15 0.00  0.0    0  8.9 16 140   M    M   4 18     20 160
21  97  74  86  -1   0  21 0.00  0.0    0  9.8 16 140   M    M   3 18     19 140
22  98  78  88   1   0  23 0.00  0.0    0  7.6 14  80   M    M   5 8      19 130
23  96  74  85  -2   0  20 0.09  0.0    0  6.1 26 100   M    M   5 38     36 100
24  95  73  84  -3   0  19 0.00  0.0    0  6.9 13 100   M    M   4        16 110
25 100  75  88   1   0  23 0.00  0.0    0 10.4 20 160   M    M   1 1      25 170
26 101  80  91   4   0  26 0.00  0.0    0 10.9 21 150   M    M   1        25 150
27 103  80  92   5   0  27 0.00  0.0    0  9.4 17 160   M    M   1        24 170
28  97  81  89   2   0  24 0.00  0.0    0  8.2 24 350   M    M   6        31 350
29  86  75  81  -6   0  16    T  0.0    0  3.1 13 280   M    M   8        16 260
================================================================================
SM 2726 2180         0 576  1.00     0.0 247.6          M      143
================================================================================
AV 94.0 75.2                               8.5 FASTST   M    M   5    MAX(MPH)
                                 MISC ---->  # 26 100               # 36  100
================================================================================
NOTES:
# LAST OF SEVERAL OCCURRENCES

COLUMN 17 PEAK WIND IN M.P.H.

PRELIMINARY LOCAL CLIMATOLOGICAL DATA (WS FORM: F-6) , PAGE 2

                                          STATION:  DALLAS LOVE FIELD
                                          MONTH:    JULY
                                          YEAR:     2014
                                          LATITUDE:   32 50 N
                                          LONGITUDE:  96 51 W

[TEMPERATURE DATA]      [PRECIPITATION DATA]       SYMBOLS USED IN COLUMN 16

AVERAGE MONTHLY: 84.6   TOTAL FOR MONTH:   1.00    1 = FOG OR MIST
DPTR FM NORMAL:  -1.7   DPTR FM NORMAL:   -1.11    2 = FOG REDUCING VISIBILITY
HIGHEST:   103 ON 27    GRTST 24HR  0.76 ON 16-17      TO 1/4 MILE OR LESS
LOWEST:     65 ON 18                               3 = THUNDER
                        SNOW, ICE PELLETS, HAIL    4 = ICE PELLETS
                        TOTAL MONTH:   0.0 INCH    5 = HAIL
                        GRTST 24HR     0.0         6 = FREEZING RAIN OR DRIZZLE
                        GRTST DEPTH:   0           7 = DUSTSTORM OR SANDSTORM:
                                                       VSBY 1/2 MILE OR LESS
                                                   8 = SMOKE OR HAZE
[NO. OF DAYS WITH]      [WEATHER - DAYS WITH]      9 = BLOWING SNOW
                                                   X = TORNADO
MAX 32 OR BELOW:   0    0.01 INCH OR MORE:   6
MAX 90 OR ABOVE:  24    0.10 INCH OR MORE:   2
MIN 32 OR BELOW:   0    0.50 INCH OR MORE:   1
MIN  0 OR BELOW:   0    1.00 INCH OR MORE:   0

[HDD (BASE 65) ]
TOTAL THIS MO.     0    CLEAR  (SCALE 0-3)   6
DPTR FM NORMAL     0    PTCLDY (SCALE 4-7)  19
TOTAL FM JUL 1     0    CLOUDY (SCALE 8-10)  4
DPTR FM NORMAL     0

[CDD (BASE 65) ]
TOTAL THIS MO.   576
DPTR FM NORMAL   -40    [PRESSURE DATA]
TOTAL FM JAN 1  1566    HIGHEST SLP M ON M
DPTR FM NORMAL   -43    LOWEST  SLP 29.80 ON  1

[REMARKS]




U.S. Dept. of Commerce
NOAA National Weather Service
1325 East West Highway
Silver Spring, MD 20910
E-mail: w-nws.webmaster@noaa.gov
Page last modified: May 16, 2007
NATIONAL WEATHER SERVICE: for Safety, for Work, for Fun - FOR LIFE