927
CXUS54 KFWD 300730
CF6DAL
PRELIMINARY LOCAL CLIMATOLOGICAL DATA (WS FORM: F-6)

                                          STATION:   DALLAS LOVE FIELD
                                          MONTH:     SEPTEMBER
                                          YEAR:      2014
                                          LATITUDE:   32 50 N
                                          LONGITUDE:  96 51 W

  TEMPERATURE IN F:       :PCPN:    SNOW:  WIND      :SUNSHINE: SKY     :PK WND
================================================================================
1   2   3   4   5  6A  6B    7    8   9   10  11  12  13   14  15   16   17  18
                                     12Z  AVG MX 2MIN
DY MAX MIN AVG DEP HDD CDD  WTR  SNW DPTH SPD SPD DIR MIN PSBL S-S WX    SPD DR
================================================================================

 1  96  78  87   3   0  22 0.00  0.0    0 15.3 22 170   M    M   3        30 150
 2  97  79  88   4   0  23 0.00  0.0    0 13.2 22 160   M    M   3        28 150
 3  97  78  88   5   0  23 0.00  0.0    0 12.8 22 170   M    M   2        27 170
 4  97  78  88   5   0  23 0.00  0.0    0 11.7 21 160   M    M   4        26 170
 5  97  78  88   5   0  23 0.00  0.0    0  8.2 17 140   M    M   4        20 140
 6  98  72  85   3   0  20 0.07  0.0    0  6.3 22 360   M    M   8 3      30 360
 7  89  70  80  -2   0  15 0.00  0.0    0  6.4 12  80   M    M   7        21  60
 8  94  74  84   2   0  19 0.00  0.0    0  7.7 16 150   M    M   4 18     23 160
 9  98  78  88   7   0  23 0.00  0.0    0 12.6 22 180   M    M   2        27 160
10 100  79  90   9   0  25 0.00  0.0    0 12.9 21 170   M    M   2        26 160
11  88  73  81   0   0  16    T  0.0    0  9.9 17  10   M    M   8        23 350
12  74  60  67 -13   0   2 0.04  0.0    0 11.6 21 360   M    M  10 18     29  10
13  71  57  64 -16   1   0 0.00  0.0    0  9.5 18  10   M    M  10        25  20
14  81  62  72  -8   0   7 0.00  0.0    0  4.8 10 110   M    M   9 1      13 120
15  85  71  78  -1   0  13    T  0.0    0  4.4  9 120   M    M   9        11 210
16  92  75  84   5   0  19 0.00  0.0    0  5.4 14 140   M    M   8        16 150
17  94  76  85   7   0  20    T  0.0    0  5.6 22 160   M    M   8        27 150
18  89  73  81   3   0  16 0.00  0.0    0  8.0 18 140   M    M   8        21 140
19  90  69  80   2   0  15 0.00  0.0    0  8.7 16 150   M    M   7        22 140
20  93  72  83   6   0  18 0.00  0.0    0  9.0 16 120   M    M   4        22 130
21  95  70  83   6   0  18 0.00  0.0    0  4.0 18  60   M    M   3        23  60
22  88  71  80   4   0  15    T  0.0    0  8.9 17 100   M    M   5        26  80
23  85  64  75  -1   0  10 0.00  0.0    0  7.6 15 130   M    M   4        18 120
24  87  61  74  -2   0   9 0.00  0.0    0  6.8 13  90   M    M   1        17  80
25  87  63  75   0   0  10 0.00  0.0    0  5.2 15 110   M    M   3        20  50
26  89  66  78   3   0  13 0.00  0.0    0  6.1 13 120   M    M   7        16 130
27  88  67  78   3   0  13 0.00  0.0    0  5.8 14  90   M    M   7        19  80
28  90  67  79   5   0  14 0.00  0.0    0  5.7 14 120   M    M   4 8      20  80
29  89  67  78   4   0  13 0.00  0.0    0  6.8 13  70   M    M   2        20  80
================================================================================
SM 2618 2048         1 457  0.11     0.0 240.9          M      156
================================================================================
AV 90.3 70.6                               8.3 FASTST   M    M   5    MAX(MPH)
                                 MISC ---->  # 22 170               # 30  150
================================================================================
NOTES:
# LAST OF SEVERAL OCCURRENCES

COLUMN 17 PEAK WIND IN M.P.H.

PRELIMINARY LOCAL CLIMATOLOGICAL DATA (WS FORM: F-6) , PAGE 2

                                          STATION:  DALLAS LOVE FIELD
                                          MONTH:    SEPTEMBER
                                          YEAR:     2014
                                          LATITUDE:   32 50 N
                                          LONGITUDE:  96 51 W

[TEMPERATURE DATA]      [PRECIPITATION DATA]       SYMBOLS USED IN COLUMN 16

AVERAGE MONTHLY: 80.4   TOTAL FOR MONTH:   0.11    1 = FOG OR MIST
DPTR FM NORMAL:   1.4   DPTR FM NORMAL:   -2.64    2 = FOG REDUCING VISIBILITY
HIGHEST:   100 ON 10    GRTST 24HR  0.07 ON  6- 6      TO 1/4 MILE OR LESS
LOWEST:     57 ON 13                               3 = THUNDER
                        SNOW, ICE PELLETS, HAIL    4 = ICE PELLETS
                        TOTAL MONTH:   0.0 INCH    5 = HAIL
                        GRTST 24HR     0.0         6 = FREEZING RAIN OR DRIZZLE
                        GRTST DEPTH:   0           7 = DUSTSTORM OR SANDSTORM:
                                                       VSBY 1/2 MILE OR LESS
                                                   8 = SMOKE OR HAZE
[NO. OF DAYS WITH]      [WEATHER - DAYS WITH]      9 = BLOWING SNOW
                                                   X = TORNADO
MAX 32 OR BELOW:   0    0.01 INCH OR MORE:   2
MAX 90 OR ABOVE:  15    0.10 INCH OR MORE:   0
MIN 32 OR BELOW:   0    0.50 INCH OR MORE:   0
MIN  0 OR BELOW:   0    1.00 INCH OR MORE:   0

[HDD (BASE 65) ]
TOTAL THIS MO.     1    CLEAR  (SCALE 0-3)   7
DPTR FM NORMAL     0    PTCLDY (SCALE 4-7)  16
TOTAL FM JUL 1     1    CLOUDY (SCALE 8-10)  6
DPTR FM NORMAL     0

[CDD (BASE 65) ]
TOTAL THIS MO.   457
DPTR FM NORMAL    46    [PRESSURE DATA]
TOTAL FM JAN 1  2719    HIGHEST SLP M ON M
DPTR FM NORMAL   -16    LOWEST  SLP 29.69 ON 10

[REMARKS]




U.S. Dept. of Commerce
NOAA National Weather Service
1325 East West Highway
Silver Spring, MD 20910
E-mail: w-nws.webmaster@noaa.gov
Page last modified: May 16, 2007
NATIONAL WEATHER SERVICE: for Safety, for Work, for Fun - FOR LIFE