573
CXUS54 KFWD 230730
CF6DAL
PRELIMINARY LOCAL CLIMATOLOGICAL DATA (WS FORM: F-6)

                                          STATION:   DALLAS LOVE FIELD
                                          MONTH:     APRIL
                                          YEAR:      2014
                                          LATITUDE:   32 50 N
                                          LONGITUDE:  96 51 W

  TEMPERATURE IN F:       :PCPN:    SNOW:  WIND      :SUNSHINE: SKY     :PK WND
================================================================================
1   2   3   4   5  6A  6B    7    8   9   10  11  12  13   14  15   16   17  18
                                     12Z  AVG MX 2MIN
DY MAX MIN AVG DEP HDD CDD  WTR  SNW DPTH SPD SPD DIR MIN PSBL S-S WX    SPD DR
================================================================================

 1  85  65  75  12   0  10 0.00  0.0    0 14.7 22 170   M    M   8 8      29 150
 2  83  70  77  14   0  12 0.00  0.0    0 15.4 25 170   M    M   9 8      34 170
 3  84  60  72   9   0   7    T  0.0    0 15.3 31 340   M    M   8 38     41 350
 4  68  46  57  -7   8   0 0.00  0.0    0 12.0 26 340   M    M   5        34 350
 5  56  50  53 -11  12   0 0.05  0.0    0  9.0 17 120   M    M  10 8      21 110
 6  53  47  50 -14  15   0 0.58  0.0    0  9.5 18  50   M    M  10 13     24  80
 7  68  47  58  -6   7   0 0.01  0.0    0  7.1 29 340   M    M   8 18     38 330
 8  71  50  61  -3   4   0 0.00  0.0    0 13.1 30 320   M    M   1        39 320
 9  81  45  63  -2   2   0 0.00  0.0    0  9.6 22 160   M    M   1 8      27 160
10  86  59  73   8   0   8 0.00  0.0    0 19.0 31 180   M    M   5 8      39 180
11  83  63  73   8   0   8 0.00  0.0    0 16.5 24 170   M    M   6        32 190
12  84  66  75   9   0  10 0.00  0.0    0 20.5 31 180   M    M   9        39 170
13  79  64  72   6   0   7 0.37  0.0    0 16.9 32 160   M    M   9 138    42 150
14  64  43  54 -12  11   0 0.00  0.0    0 18.1 29 310   M    M   8        39 310
15  64  37  51 -15  14   0 0.00  0.0    0  5.8 16 150   M    M   0        21 150
16  69  45  57  -9   8   0 0.00  0.0    0 16.7 29 150   M    M   5        35 170
17  64  51  58  -9   7   0 0.04  0.0    0  8.8 16 130   M    M   8 18     21 140
18  78  56  67   0   0   2 0.02  0.0    0  4.7 12 100   M    M   6 1      20  30
19  79  57  68   1   0   3 0.00  0.0    0  8.6 18 150   M    M   7 8      23 150
20  81  63  72   4   0   7 0.71  0.0    0  9.3 22 170   M    M   9 13     30 190
21  80  62  71   3   0   6    T  0.0    0  7.0 18 170   M    M   7 138    22 170
22  84  60  72   4   0   7 0.00  0.0    0  5.0 15  30   M    M   1 18     21  50
================================================================================
SM 1644 1206        88  87  1.78     0.0 262.6          M      140
================================================================================
AV 74.7 54.8                              11.9 FASTST   M    M   6    MAX(MPH)
                                 MISC ---->  # 32 160               # 42  150
================================================================================
NOTES:
# LAST OF SEVERAL OCCURRENCES

COLUMN 17 PEAK WIND IN M.P.H.

PRELIMINARY LOCAL CLIMATOLOGICAL DATA (WS FORM: F-6) , PAGE 2

                                          STATION:  DALLAS LOVE FIELD
                                          MONTH:    APRIL
                                          YEAR:     2014
                                          LATITUDE:   32 50 N
                                          LONGITUDE:  96 51 W

[TEMPERATURE DATA]      [PRECIPITATION DATA]       SYMBOLS USED IN COLUMN 16

AVERAGE MONTHLY: 64.8   TOTAL FOR MONTH:   1.78    1 = FOG OR MIST
DPTR FM NORMAL:  -0.6   DPTR FM NORMAL:   -0.32    2 = FOG REDUCING VISIBILITY
HIGHEST:    86 ON 10    GRTST 24HR  0.71 ON 20-20      TO 1/4 MILE OR LESS
LOWEST:     37 ON 15                               3 = THUNDER
                        SNOW, ICE PELLETS, HAIL    4 = ICE PELLETS
                        TOTAL MONTH:   0.0 INCH    5 = HAIL
                        GRTST 24HR     0.0         6 = FREEZING RAIN OR DRIZZLE
                        GRTST DEPTH:   0           7 = DUSTSTORM OR SANDSTORM:
                                                       VSBY 1/2 MILE OR LESS
                                                   8 = SMOKE OR HAZE
[NO. OF DAYS WITH]      [WEATHER - DAYS WITH]      9 = BLOWING SNOW
                                                   X = TORNADO
MAX 32 OR BELOW:   0    0.01 INCH OR MORE:   7
MAX 90 OR ABOVE:   0    0.10 INCH OR MORE:   3
MIN 32 OR BELOW:   0    0.50 INCH OR MORE:   2
MIN  0 OR BELOW:   0    1.00 INCH OR MORE:   0

[HDD (BASE 65) ]
TOTAL THIS MO.    88    CLEAR  (SCALE 0-3)   4
DPTR FM NORMAL    22    PTCLDY (SCALE 4-7)  10
TOTAL FM JUL 1  2463    CLOUDY (SCALE 8-10)  8
DPTR FM NORMAL   341

[CDD (BASE 65) ]
TOTAL THIS MO.    87
DPTR FM NORMAL    12    [PRESSURE DATA]
TOTAL FM JAN 1   110    HIGHEST SLP M ON M
DPTR FM NORMAL   -15    LOWEST  SLP 29.51 ON 13

[REMARKS]




U.S. Dept. of Commerce
NOAA National Weather Service
1325 East West Highway
Silver Spring, MD 20910
E-mail: w-nws.webmaster@noaa.gov
Page last modified: May 16, 2007
NATIONAL WEATHER SERVICE: for Safety, for Work, for Fun - FOR LIFE