741
CXUS55 KVEF 270940
CF6DAG
PRELIMINARY LOCAL CLIMATOLOGICAL DATA (WS FORM: F-6)

                                          STATION:   BARSTOW-DAGGETT CA
                                          MONTH:     NOVEMBER
                                          YEAR:      2014
                                          LATITUDE:   34 51 N
                                          LONGITUDE: 116 47 W

  TEMPERATURE IN F:       :PCPN:    SNOW:  WIND      :SUNSHINE: SKY     :PK WND
================================================================================
1   2   3   4   5  6A  6B    7    8   9   10  11  12  13   14  15   16   17  18
                                     12Z  AVG MX 2MIN
DY MAX MIN AVG DEP HDD CDD  WTR  SNW DPTH SPD SPD DIR MIN PSBL S-S WX    SPD DR
================================================================================

 1  66  53  60  -2   5   0    T  0.0    0 19.2 24 240   M    M   2        37 240
 2  67  45  56  -6   9   0 0.00  0.0    0 11.7 20 280   M    M   2        22 260
 3  66  43  55  -6  10   0 0.00  0.0    0  7.4 16  10   M    M   0        19  20
 4  70  39  55  -6  10   0 0.00  0.0    0  5.7 14 270   M    M   0        15 270
 5  78  46  62   2   3   0 0.00  0.0    0  6.6 14 280   M    M   0        16 290
 6  81  48  65   5   0   0 0.00  0.0    0  5.3 14  50   M    M   0        17  50
 7  80  47  64   5   1   0 0.00  0.0    0  6.3 15 270   M    M   0        17 270
 8  83  49  66   7   0   1 0.00  0.0    0  6.1 14 280   M    M   0        17 270
 9  84  50  67   9   0   2 0.00  0.0    0  5.5 13 270   M    M   0        15 270
10  87  53  70  12   0   5 0.00  0.0    0 11.4 22 250   M    M   0        28 240
11  77  52  65   7   0   0 0.00  0.0    0  9.6 20 250   M    M   0        26 260
12  73  48  61   4   4   0 0.00  0.0    0 11.7 20 280   M    M   0        24 280
13  78  50  64   7   1   0 0.00  0.0    0 18.1 33 260   M    M   0        39 260
14  76  57  67  11   0   2 0.00  0.0    0 19.7 32 250   M    M   0 8      37 270
15  74  48  61   5   4   0 0.00  0.0    0 19.3 40 260   M    M   0        47 250
16  60  39  50  -5  15   0 0.00  0.0    0  7.3 18 360   M    M   1        25 360
17  63  32  48  -7  17   0 0.00  0.0    0  2.8  8 220   M    M   0        14 120
18  66  31  49  -5  16   0 0.00  0.0    0  5.2 14  70   M    M   0        17  70
19  70  40  55   1  10   0    T  0.0    0  3.4 10 250   M    M   1        14 220
20  69  45  57   3   8   0 0.00  0.0    0  8.4 23 260   M    M   0        30 260
21  68  49  59   6   6   0 0.00  0.0    0  9.2 21 230   M    M   1        27 240
22  76  44  60   7   5   0 0.00  0.0    0 19.4 43 250   M    M   1 8      52 260
23  67  39  53   1  12   0 0.00  0.0    0  5.6 20 270   M    M   0        24 270
24  69  38  54   2  11   0 0.00  0.0    0  6.5 14  30   M    M   0        17  20
25  70  36  53   1  12   0 0.00  0.0    0  6.3 13 270   M    M   0        14 280
26  73  37  55   4  10   0 0.00  0.0    0  4.2 14 260   M    M   0        14 270
================================================================================
SM 1891 1158       169  10    T      0.0 241.9          M        8
================================================================================
AV 72.7 44.5                               9.3 FASTST   M    M   0    MAX(MPH)
                                 MISC ---->  # 43 250               # 52  260
================================================================================
NOTES:
# LAST OF SEVERAL OCCURRENCES

COLUMN 17 PEAK WIND IN M.P.H.

PRELIMINARY LOCAL CLIMATOLOGICAL DATA (WS FORM: F-6) , PAGE 2

                                          STATION:  BARSTOW-DAGGETT CA
                                          MONTH:    NOVEMBER
                                          YEAR:     2014
                                          LATITUDE:   34 51 N
                                          LONGITUDE: 116 47 W

[TEMPERATURE DATA]      [PRECIPITATION DATA]       SYMBOLS USED IN COLUMN 16

AVERAGE MONTHLY: 58.6   TOTAL FOR MONTH:      T    1 = FOG OR MIST
DPTR FM NORMAL:   2.1   DPTR FM NORMAL:   -0.28    2 = FOG REDUCING VISIBILITY
HIGHEST:    87 ON 10    GRTST 24HR    T  ON 19-19      TO 1/4 MILE OR LESS
LOWEST:     31 ON 18                               3 = THUNDER
                        SNOW, ICE PELLETS, HAIL    4 = ICE PELLETS
                        TOTAL MONTH:   0.0 INCH    5 = HAIL
                        GRTST 24HR     0.0         6 = FREEZING RAIN OR DRIZZLE
                        GRTST DEPTH:   0           7 = DUSTSTORM OR SANDSTORM:
                                                       VSBY 1/2 MILE OR LESS
                                                   8 = SMOKE OR HAZE
[NO. OF DAYS WITH]      [WEATHER - DAYS WITH]      9 = BLOWING SNOW
                                                   X = TORNADO
MAX 32 OR BELOW:   0    0.01 INCH OR MORE:   0
MAX 90 OR ABOVE:   0    0.10 INCH OR MORE:   0
MIN 32 OR BELOW:   2    0.50 INCH OR MORE:   0
MIN  0 OR BELOW:   0    1.00 INCH OR MORE:   0

[HDD (BASE 65) ]
TOTAL THIS MO.   169    CLEAR  (SCALE 0-3)  26
DPTR FM NORMAL   -59    PTCLDY (SCALE 4-7)   0
TOTAL FM JUL 1   170    CLOUDY (SCALE 8-10)  0
DPTR FM NORMAL  -109

[CDD (BASE 65) ]
TOTAL THIS MO.    10
DPTR FM NORMAL     5    [PRESSURE DATA]
TOTAL FM JAN 1  3462    HIGHEST SLP M ON M
DPTR FM NORMAL   485    LOWEST  SLP 29.65 ON 10

[REMARKS]




U.S. Dept. of Commerce
NOAA National Weather Service
1325 East West Highway
Silver Spring, MD 20910
E-mail: w-nws.webmaster@noaa.gov
Page last modified: May 16, 2007
NATIONAL WEATHER SERVICE: for Safety, for Work, for Fun - FOR LIFE