470
CXUS55 KVEF 190940
CF6DAG
PRELIMINARY LOCAL CLIMATOLOGICAL DATA (WS FORM: F-6)

                                          STATION:   BARSTOW-DAGGETT CA
                                          MONTH:     SEPTEMBER
                                          YEAR:      2014
                                          LATITUDE:   34 51 N
                                          LONGITUDE: 116 47 W

  TEMPERATURE IN F:       :PCPN:    SNOW:  WIND      :SUNSHINE: SKY     :PK WND
================================================================================
1   2   3   4   5  6A  6B    7    8   9   10  11  12  13   14  15   16   17  18
                                     12Z  AVG MX 2MIN
DY MAX MIN AVG DEP HDD CDD  WTR  SNW DPTH SPD SPD DIR MIN PSBL S-S WX    SPD DR
================================================================================

 1 104  72  88   3   0  23 0.00  0.0    0  7.9 18 320   M    M   0        21 330
 2 105  72  89   5   0  24 0.00  0.0    0 10.3 21 240   M    M   0        25 280
 3 105  73  89   5   0  24 0.00  0.0    0 10.0 22 240   M    M   0        27 240
 4 102  69  86   2   0  21 0.00  0.0    0  8.5 16 270   M    M   0        20 270
 5 102  66  84   0   0  19 0.00  0.0    0  7.1 21  90   M    M   0        29  70
 6 104  70  87   4   0  22 0.00  0.0    0  7.0 15  70   M    M   2        23  60
 7  96  74  85   2   0  20    T  0.0    0  6.4 29 110   M    M   1        36 110
 8  90  73  82  -1   0  17    T  0.0    0  6.6 21 290   M    M   5        26 290
 9  96  69  83   1   0  18 0.00  0.0    0 12.1 26 270   M    M   0        32 270
10  97  66  82   0   0  17 0.00  0.0    0  7.7 15 250   M    M   0        17 250
11  99  70  85   3   0  20 0.00  0.0    0  8.1 16  60   M    M   0        24  60
12 101  72  87   5   0  22 0.00  0.0    0  8.7 16  80   M    M   0        23  30
13 103  73  88   7   0  23 0.00  0.0    0  8.2 14 270   M    M   0        16 280
14 104  77  91  10   0  26 0.00  0.0    0  8.7 17 290   M    M   0        21 290
15 105  77  91  11   0  26 0.00  0.0    0  7.6 16 250   M    M   0        19 250
16 103  78  91  11   0  26 0.00  0.0    0 10.2 25  90   M    M   0        31  80
17 101  74  88   8   0  23 0.00  0.0    0  7.1 20 250   M    M   1        23 240
18  97  74  86   7   0  21 0.00  0.0    0 14.6 28 270   M    M   0        39 240
================================================================================
SM 1814 1299         0 392    T      0.0 156.8          M        9
================================================================================
AV100.8 72.2                               8.7 FASTST   M    M   1    MAX(MPH)
                                 MISC ---->  # 29 110               # 39  240
================================================================================
NOTES:
# LAST OF SEVERAL OCCURRENCES

COLUMN 17 PEAK WIND IN M.P.H.

PRELIMINARY LOCAL CLIMATOLOGICAL DATA (WS FORM: F-6) , PAGE 2

                                          STATION:  BARSTOW-DAGGETT CA
                                          MONTH:    SEPTEMBER
                                          YEAR:     2014
                                          LATITUDE:   34 51 N
                                          LONGITUDE: 116 47 W

[TEMPERATURE DATA]      [PRECIPITATION DATA]       SYMBOLS USED IN COLUMN 16

AVERAGE MONTHLY: 86.5   TOTAL FOR MONTH:      T    1 = FOG OR MIST
DPTR FM NORMAL:   4.3   DPTR FM NORMAL:   -0.14    2 = FOG REDUCING VISIBILITY
HIGHEST:   105 ON 15, 3 GRTST 24HR    T  ON  8- 8      TO 1/4 MILE OR LESS
LOWEST:     66 ON 10, 5                            3 = THUNDER
                        SNOW, ICE PELLETS, HAIL    4 = ICE PELLETS
                        TOTAL MONTH:   0.0 INCH    5 = HAIL
                        GRTST 24HR     0.0         6 = FREEZING RAIN OR DRIZZLE
                        GRTST DEPTH:   0           7 = DUSTSTORM OR SANDSTORM:
                                                       VSBY 1/2 MILE OR LESS
                                                   8 = SMOKE OR HAZE
[NO. OF DAYS WITH]      [WEATHER - DAYS WITH]      9 = BLOWING SNOW
                                                   X = TORNADO
MAX 32 OR BELOW:   0    0.01 INCH OR MORE:   0
MAX 90 OR ABOVE:  18    0.10 INCH OR MORE:   0
MIN 32 OR BELOW:   0    0.50 INCH OR MORE:   0
MIN  0 OR BELOW:   0    1.00 INCH OR MORE:   0

[HDD (BASE 65) ]
TOTAL THIS MO.     0    CLEAR  (SCALE 0-3)  17
DPTR FM NORMAL     0    PTCLDY (SCALE 4-7)   1
TOTAL FM JUL 1     0    CLOUDY (SCALE 8-10)  0
DPTR FM NORMAL     0

[CDD (BASE 65) ]
TOTAL THIS MO.   392
DPTR FM NORMAL    81    [PRESSURE DATA]
TOTAL FM JAN 1  3050    HIGHEST SLP M ON M
DPTR FM NORMAL   373    LOWEST  SLP 29.53 ON  3

[REMARKS]




U.S. Dept. of Commerce
NOAA National Weather Service
1325 East West Highway
Silver Spring, MD 20910
E-mail: w-nws.webmaster@noaa.gov
Page last modified: May 16, 2007
NATIONAL WEATHER SERVICE: for Safety, for Work, for Fun - FOR LIFE