919
CXUS55 KVEF 230940
CF6DAG
PRELIMINARY LOCAL CLIMATOLOGICAL DATA (WS FORM: F-6)

                                          STATION:   BARSTOW-DAGGETT CA
                                          MONTH:     JULY
                                          YEAR:      2014
                                          LATITUDE:   34 51 N
                                          LONGITUDE: 116 47 W

  TEMPERATURE IN F:       :PCPN:    SNOW:  WIND      :SUNSHINE: SKY     :PK WND
================================================================================
1   2   3   4   5  6A  6B    7    8   9   10  11  12  13   14  15   16   17  18
                                     12Z  AVG MX 2MIN
DY MAX MIN AVG DEP HDD CDD  WTR  SNW DPTH SPD SPD DIR MIN PSBL S-S WX    SPD DR
================================================================================

 1 112  77  95   8   0  30 0.00  0.0    0 10.3 22 230   M    M   0        26 240
 2 111  78  95   8   0  30 0.00  0.0    0 11.4 24 240   M    M   0        29 240
 3 109  77  93   6   0  28 0.00  0.0    0 11.5 24 230   M    M   0        29 230
 4 105  76  91   3   0  26 0.00  0.0    0  9.6 29 210   M    M   0 3      35 200
 5  97  76  87  -1   0  22    T  0.0    0  5.1 35 170   M    M   1 3      42 160
 6 107  75  91   3   0  26 0.00  0.0    0 11.4 25 240   M    M   0        31 240
 7 110  79  95   7   0  30 0.00  0.0    0 12.6 25 240   M    M   0        29 240
 8 109  79  94   6   0  29 0.00  0.0    0 11.5 26 240   M    M   1        33 240
 9 103  78  91   3   0  26 0.00  0.0    0  9.0 31 110   M    M   0 3      38 110
10 101  78  90   2   0  25 0.00  0.0    0 11.5 25 240   M    M   0        30 240
11 101  72  87  -2   0  22 0.00  0.0    0 11.5 24 260   M    M   0        32 260
12 105  72  89   0   0  24 0.00  0.0    0  9.9 18 270   M    M   0        25  20
13 112  78  95   6   0  30 0.00  0.0    0  9.1 22 280   M    M   0        25 280
14 100  86  93   4   0  28    T  0.0    0 10.5 21  90   M    M   1        25  90
15 106  76  91   2   0  26 0.00  0.0    0  8.8 22 260   M    M   1        27 270
16 104  75  90   1   0  25 0.00  0.0    0 15.0 25 260   M    M   0        30 260
17 104  71  88  -1   0  23 0.00  0.0    0 16.9 23 230   M    M   0        28 230
18 103  69  86  -3   0  21 0.00  0.0    0 12.1 20 270   M    M   0        22 300
19  97  75  86  -3   0  21    T  0.0    0  7.9 22 130   M    M   1        28 130
20 102  71  87  -2   0  22 0.00  0.0    0 11.7 26 220   M    M   0        30 220
21 101  71  86  -3   0  21 0.00  0.0    0 10.2 23 270   M    M   0        28 270
22 105  72  89   0   0  24 0.00  0.0    0 10.6 23 260   M    M   0        28 260
================================================================================
SM 2304 1661         0 559    T      0.0 238.1          M        5
================================================================================
AV104.7 75.5                              10.8 FASTST   M    M   0    MAX(MPH)
                                 MISC ---->  # 35 170               # 42  160
================================================================================
NOTES:
# LAST OF SEVERAL OCCURRENCES

COLUMN 17 PEAK WIND IN M.P.H.

PRELIMINARY LOCAL CLIMATOLOGICAL DATA (WS FORM: F-6) , PAGE 2

                                          STATION:  BARSTOW-DAGGETT CA
                                          MONTH:    JULY
                                          YEAR:     2014
                                          LATITUDE:   34 51 N
                                          LONGITUDE: 116 47 W

[TEMPERATURE DATA]      [PRECIPITATION DATA]       SYMBOLS USED IN COLUMN 16

AVERAGE MONTHLY: 90.1   TOTAL FOR MONTH:      T    1 = FOG OR MIST
DPTR FM NORMAL:   1.7   DPTR FM NORMAL:   -0.29    2 = FOG REDUCING VISIBILITY
HIGHEST:   112 ON 13, 1 GRTST 24HR    T  ON 19-19      TO 1/4 MILE OR LESS
LOWEST:     69 ON 18                               3 = THUNDER
                        SNOW, ICE PELLETS, HAIL    4 = ICE PELLETS
                        TOTAL MONTH:   0.0 INCH    5 = HAIL
                        GRTST 24HR     0.0         6 = FREEZING RAIN OR DRIZZLE
                        GRTST DEPTH:   0           7 = DUSTSTORM OR SANDSTORM:
                                                       VSBY 1/2 MILE OR LESS
                                                   8 = SMOKE OR HAZE
[NO. OF DAYS WITH]      [WEATHER - DAYS WITH]      9 = BLOWING SNOW
                                                   X = TORNADO
MAX 32 OR BELOW:   0    0.01 INCH OR MORE:   0
MAX 90 OR ABOVE:  22    0.10 INCH OR MORE:   0
MIN 32 OR BELOW:   0    0.50 INCH OR MORE:   0
MIN  0 OR BELOW:   0    1.00 INCH OR MORE:   0

[HDD (BASE 65) ]
TOTAL THIS MO.     0    CLEAR  (SCALE 0-3)  22
DPTR FM NORMAL     0    PTCLDY (SCALE 4-7)   0
TOTAL FM JUL 1     0    CLOUDY (SCALE 8-10)  0
DPTR FM NORMAL     0

[CDD (BASE 65) ]
TOTAL THIS MO.   559
DPTR FM NORMAL    44    [PRESSURE DATA]
TOTAL FM JAN 1  1738    HIGHEST SLP M ON M
DPTR FM NORMAL   287    LOWEST  SLP 29.59 ON  1

[REMARKS]




U.S. Dept. of Commerce
NOAA National Weather Service
1325 East West Highway
Silver Spring, MD 20910
E-mail: w-nws.webmaster@noaa.gov
Page last modified: May 16, 2007
NATIONAL WEATHER SERVICE: for Safety, for Work, for Fun - FOR LIFE