711
CXUS55 KVEF 201225
CF6DAG
PRELIMINARY LOCAL CLIMATOLOGICAL DATA (WS FORM: F-6)

                                          STATION:   BARSTOW-DAGGETT CA
                                          MONTH:     AUGUST
                                          YEAR:      2014
                                          LATITUDE:   34 51 N
                                          LONGITUDE: 116 47 W

  TEMPERATURE IN F:       :PCPN:    SNOW:  WIND      :SUNSHINE: SKY     :PK WND
================================================================================
1   2   3   4   5  6A  6B    7    8   9   10  11  12  13   14  15   16   17  18
                                     12Z  AVG MX 2MIN
DY MAX MIN AVG DEP HDD CDD  WTR  SNW DPTH SPD SPD DIR MIN PSBL S-S WX    SPD DR
================================================================================

 1 108  80  94   5   0  29    T  0.0    0 11.5 38 200   M    M   0 3      45 200
 2  95  81  88  -1   0  23    T  0.0    0 10.8 29 110   M    M   1        43  90
 3  87  71  79 -10   0  14 0.01  0.0    0  7.4 18 200   M    M   8 3      22 120
 4  95  71  83  -6   0  18 0.00  0.0    0  6.3 16 320   M    M   2        20 290
 5 100  70  85  -4   0  20 0.00  0.0    0 11.2 22 230   M    M   0        26 230
 6  99  70  85  -4   0  20 0.00  0.0    0 11.7 23 240   M    M   0        27 230
 7 100  69  85  -4   0  20 0.00  0.0    0 10.2 16 260   M    M   0        20 280
 8 104  72  88   0   0  23 0.00  0.0    0  8.3 20  80   M    M   0        27  50
 9 105  74  90   2   0  25 0.00  0.0    0  8.8 20 240   M    M   0        25  10
10 106  75  91   3   0  26 0.00  0.0    0  9.2 18 250   M    M   0        23 350
11  99  78  89   1   0  24 0.00  0.0    0  8.6 18  80   M    M   1        24  90
12  99  78  89   1   0  24    T  0.0    0  6.4 26 190   M    M   2 3      33 180
13 102  74  88   0   0  23 0.00  0.0    0  8.8 22 230   M    M   1        26 230
14 103  70  87  -1   0  22 0.00  0.0    0 11.9 24 250   M    M   0        33 250
15 103  68  86  -2   0  21 0.00  0.0    0 10.1 22 250   M    M   0        28 270
16 105  73  89   1   0  24 0.00  0.0    0 11.5 18 250   M    M   0        31 260
17 108  75  92   4   0  27 0.00  0.0    0 12.1 23 250   M    M   0        29 250
18 104  77  91   4   0  26 0.71  0.0    0  8.7 36 160   M    M   1 3      60 190
19  99  70  85  -2   0  20 0.00  0.0    0 12.8 26 240   M    M   M        31 260
================================================================================
SM 1921 1396         0 429  0.72     0.0 186.3          M       16
================================================================================
AV101.1 73.5                               9.8 FASTST   M    M   1    MAX(MPH)
                                 MISC ---->  # 38 200               # 60  190
================================================================================
NOTES:
# LAST OF SEVERAL OCCURRENCES

COLUMN 17 PEAK WIND IN M.P.H.

PRELIMINARY LOCAL CLIMATOLOGICAL DATA (WS FORM: F-6) , PAGE 2

                                          STATION:  BARSTOW-DAGGETT CA
                                          MONTH:    AUGUST
                                          YEAR:     2014
                                          LATITUDE:   34 51 N
                                          LONGITUDE: 116 47 W

[TEMPERATURE DATA]      [PRECIPITATION DATA]       SYMBOLS USED IN COLUMN 16

AVERAGE MONTHLY: 87.3   TOTAL FOR MONTH:   0.72    1 = FOG OR MIST
DPTR FM NORMAL:  -1.0   DPTR FM NORMAL:    0.54    2 = FOG REDUCING VISIBILITY
HIGHEST:   108 ON 17, 1 GRTST 24HR  0.71 ON 18-18      TO 1/4 MILE OR LESS
LOWEST:     68 ON 15                               3 = THUNDER
                        SNOW, ICE PELLETS, HAIL    4 = ICE PELLETS
                        TOTAL MONTH:   0.0 INCH    5 = HAIL
                        GRTST 24HR     0.0         6 = FREEZING RAIN OR DRIZZLE
                        GRTST DEPTH:   0           7 = DUSTSTORM OR SANDSTORM:
                                                       VSBY 1/2 MILE OR LESS
                                                   8 = SMOKE OR HAZE
[NO. OF DAYS WITH]      [WEATHER - DAYS WITH]      9 = BLOWING SNOW
                                                   X = TORNADO
MAX 32 OR BELOW:   0    0.01 INCH OR MORE:   2
MAX 90 OR ABOVE:  18    0.10 INCH OR MORE:   1
MIN 32 OR BELOW:   0    0.50 INCH OR MORE:   1
MIN  0 OR BELOW:   0    1.00 INCH OR MORE:   0

[HDD (BASE 65) ]
TOTAL THIS MO.     0    CLEAR  (SCALE 0-3)  17
DPTR FM NORMAL     0    PTCLDY (SCALE 4-7)   1
TOTAL FM JUL 1     0    CLOUDY (SCALE 8-10)  0
DPTR FM NORMAL     0

[CDD (BASE 65) ]
TOTAL THIS MO.   429
DPTR FM NORMAL   -13    [PRESSURE DATA]
TOTAL FM JAN 1  2411    HIGHEST SLP M ON M
DPTR FM NORMAL   297    LOWEST  SLP 29.66 ON 18

[REMARKS]




U.S. Dept. of Commerce
NOAA National Weather Service
1325 East West Highway
Silver Spring, MD 20910
E-mail: w-nws.webmaster@noaa.gov
Page last modified: May 16, 2007
NATIONAL WEATHER SERVICE: for Safety, for Work, for Fun - FOR LIFE