186
CXUS55 KVEF 230940
CF6DAG
PRELIMINARY LOCAL CLIMATOLOGICAL DATA (WS FORM: F-6)

                                          STATION:   BARSTOW-DAGGETT CA
                                          MONTH:     APRIL
                                          YEAR:      2014
                                          LATITUDE:   34 51 N
                                          LONGITUDE: 116 47 W

  TEMPERATURE IN F:       :PCPN:    SNOW:  WIND      :SUNSHINE: SKY     :PK WND
================================================================================
1   2   3   4   5  6A  6B    7    8   9   10  11  12  13   14  15   16   17  18
                                     12Z  AVG MX 2MIN
DY MAX MIN AVG DEP HDD CDD  WTR  SNW DPTH SPD SPD DIR MIN PSBL S-S WX    SPD DR
================================================================================

 1  63  39  51 -10  14   0 0.13  0.0    0 18.6 30 270   M    M   5        36 250
 2  65  45  55  -6  10   0    T  0.0    0 20.2 37 250   M    M   1        42 250
 3  70  41  56  -6   9   0 0.00  0.0    0  8.7 21 230   M    M   0        26 230
 4  71  50  61  -1   4   0 0.00  0.0    0 12.0 29 260   M    M   0        33 260
 5  74  47  61  -1   4   0 0.00  0.0    0 12.1 24 240   M    M   0        31 240
 6  81  46  64   2   1   0 0.00  0.0    0 10.3 17  10   M    M   0        23  30
 7  85  51  68   6   0   3 0.00  0.0    0  6.3 15 270   M    M   0        19  90
 8  91  54  73  10   0   8 0.00  0.0    0  8.2 15 270   M    M   0        18 260
 9  94  57  76  13   0  11 0.00  0.0    0 12.6 23 270   M    M   0        28 290
10  94  57  76  13   0  11 0.00  0.0    0 13.7 24 310   M    M   0        29 280
11  93  64  79  16   0  14 0.00  0.0    0 14.9 28 210   M    M   0        34 220
12  87  59  73   9   0   8 0.00  0.0    0 20.5 32 240   M    M   0        43 230
13  87  58  73   9   0   8 0.00  0.0    0 12.0 28 230   M    M   0        37 220
14  80  52  66   2   0   1 0.00  0.0    0  6.0 16  50   M    M   0        21  40
15  89  51  70   6   0   5 0.00  0.0    0 13.7 29 260   M    M   0        36 260
16  91  58  75  10   0  10 0.00  0.0    0 10.7 20 270   M    M   0        25 270
17  93  61  77  12   0  12 0.00  0.0    0  9.4 24 160   M    M   0        31 150
18  83  63  73   8   0   8 0.00  0.0    0  8.6 24 190   M    M   1        28 180
19  87  57  72   6   0   7 0.00  0.0    0 10.2 29 260   M    M   0        33 260
20  93  60  77  11   0  12 0.00  0.0    0 10.5 23 260   M    M   0        27 250
21  93  61  77  11   0  12 0.00  0.0    0 11.5 24 280   M    M   0        30 280
22  80  57  69   3   0   4 0.00  0.0    0 25.5 43 250   M    M   0        51 260
================================================================================
SM 1844 1188        42 134  0.13     0.0 276.2          M        7
================================================================================
AV 83.8 54.0                              12.6 FASTST   M    M   0    MAX(MPH)
                                 MISC ---->  # 43 250               # 51  260
================================================================================
NOTES:
# LAST OF SEVERAL OCCURRENCES

COLUMN 17 PEAK WIND IN M.P.H.

PRELIMINARY LOCAL CLIMATOLOGICAL DATA (WS FORM: F-6) , PAGE 2

                                          STATION:  BARSTOW-DAGGETT CA
                                          MONTH:    APRIL
                                          YEAR:     2014
                                          LATITUDE:   34 51 N
                                          LONGITUDE: 116 47 W

[TEMPERATURE DATA]      [PRECIPITATION DATA]       SYMBOLS USED IN COLUMN 16

AVERAGE MONTHLY: 68.9   TOTAL FOR MONTH:   0.13    1 = FOG OR MIST
DPTR FM NORMAL:   5.3   DPTR FM NORMAL:   -0.01    2 = FOG REDUCING VISIBILITY
HIGHEST:    94 ON 10, 9 GRTST 24HR  0.13 ON  1- 1      TO 1/4 MILE OR LESS
LOWEST:     39 ON  1                               3 = THUNDER
                        SNOW, ICE PELLETS, HAIL    4 = ICE PELLETS
                        TOTAL MONTH:   0.0 INCH    5 = HAIL
                        GRTST 24HR     0.0         6 = FREEZING RAIN OR DRIZZLE
                        GRTST DEPTH:   0           7 = DUSTSTORM OR SANDSTORM:
                                                       VSBY 1/2 MILE OR LESS
                                                   8 = SMOKE OR HAZE
[NO. OF DAYS WITH]      [WEATHER - DAYS WITH]      9 = BLOWING SNOW
                                                   X = TORNADO
MAX 32 OR BELOW:   0    0.01 INCH OR MORE:   1
MAX 90 OR ABOVE:   8    0.10 INCH OR MORE:   1
MIN 32 OR BELOW:   0    0.50 INCH OR MORE:   0
MIN  0 OR BELOW:   0    1.00 INCH OR MORE:   0

[HDD (BASE 65) ]
TOTAL THIS MO.    42    CLEAR  (SCALE 0-3)  21
DPTR FM NORMAL   -38    PTCLDY (SCALE 4-7)   1
TOTAL FM JUL 1  1560    CLOUDY (SCALE 8-10)  0
DPTR FM NORMAL  -510

[CDD (BASE 65) ]
TOTAL THIS MO.   134
DPTR FM NORMAL    82    [PRESSURE DATA]
TOTAL FM JAN 1   177    HIGHEST SLP M ON M
DPTR FM NORMAL   106    LOWEST  SLP 29.61 ON 12

[REMARKS]




U.S. Dept. of Commerce
NOAA National Weather Service
1325 East West Highway
Silver Spring, MD 20910
E-mail: w-nws.webmaster@noaa.gov
Page last modified: May 16, 2007
NATIONAL WEATHER SERVICE: for Safety, for Work, for Fun - FOR LIFE