901
CXUS52 KMLB 011237
CF6DAB
PRELIMINARY LOCAL CLIMATOLOGICAL DATA (WS FORM: F-6)

                                          STATION:   DAYTONA BEACH
                                          MONTH:     JANUARY
                                          YEAR:      2015
                                          LATITUDE:   29 10 N
                                          LONGITUDE:  81  3 W

  TEMPERATURE IN F:       :PCPN:    SNOW:  WIND      :SUNSHINE: SKY     :PK WND
================================================================================
1   2   3   4   5  6A  6B    7    8   9   10  11  12  13   14  15   16   17  18
                                     12Z  AVG MX 2MIN
DY MAX MIN AVG DEP HDD CDD  WTR  SNW DPTH SPD SPD DIR MIN PSBL S-S WX    SPD DR
================================================================================

 1  69  62  66   8   0   1 0.05  0.0    0  8.2 14 350   M    M   9 1      19 360
 2  76  61  69  11   0   4 0.00  0.0    0  4.6 10  40   M    M   9 12     14  50
 3  83  63  73  15   0   8    T  0.0    0  5.9 14 170   M    M   7 12     20 170
 4  83  69  76  18   0  11 0.00  0.0    0  8.4 20 210   M    M   6 1      26 220
 5  71  51  61   3   4   0 0.00  0.0    0  8.5 18  20   M    M   8        22  20
 6  77  50  64   6   1   0 0.00  0.0    0  4.1 16 280   M    M   5        20 280
 7  67  44  56  -2   9   0 0.00  0.0    0  7.4 17 350   M    M   3        24 360
 8  57  37  47 -11  18   0    T  0.0    0 14.3 26  30   M    M   7        35  10
 9  56  45  51  -7  14   0 0.00  0.0    0  5.8 13 290   M    M   8 1      17 330
10  65  41  53  -5  12   0 0.00  0.0    0  9.1 18  20   M    M   5        25  30
11  73  53  63   5   2   0 0.07  0.0    0  4.2 16  80   M    M   6 1      22  70
12  79  60  70  12   0   5 1.58  0.0    0  4.0 26 310   M    M   8 12     39 320
13  72  59  66   8   0   1 0.00  0.0    0  6.6 15  20   M    M   8 12     20 350
14  62  53  58   0   7   0 0.00  0.0    0 10.8 18  20   M    M  10 12     24 360
15  61  52  57  -1   8   0 0.18  0.0    0  7.1 13 320   M    M  10 1      17 310
16  60  48  54  -4  11   0 0.02  0.0    0  7.1 15  20   M    M   4 1      18  10
17  72  46  59   1   6   0 0.00  0.0    0  4.3 10  20   M    M   4 1      16  90
18  72  50  61   3   4   0 0.00  0.0    0  7.1 24 310   M    M   4 1      31 320
19  67  43  55  -3  10   0 0.00  0.0    0  3.3 12  20   M    M   1 1      16  10
20  71  44  58   0   7   0 0.00  0.0    0  1.7 10  60   M    M   5 1      13 150
21  73  51  62   4   3   0 0.00  0.0    0  2.9 10  50   M    M   1 1      13  40
22  75  51  63   5   2   0 0.00  0.0    0  3.6 14  50   M    M   3 1      16  30
23  75  57  66   8   0   1 0.15  0.0    0  8.2 20 160   M    M   8 13     28 150
24  71  47  59   1   6   0 0.39  0.0    0 13.6 26 270   M    M   6 1      35 270
25  64  39  52  -6  13   0 0.00  0.0    0  5.1 12 270   M    M   4        14 250
26  65  49  57  -1   8   0 0.11  0.0    0 13.2 29 250   M    M   4 1      37 270
27  67  40  54  -4  11   0 0.00  0.0    0 10.5 26 260   M    M   1        36 270
28  58  42  50  -8  15   0 0.00  0.0    0  9.4 20  20   M    M   1        25  20
29  69  40  55  -4  10   0 0.00  0.0    0  3.2 10 100   M    M   3        15  80
30  72  46  59   0   6   0 0.00  0.0    0  7.9 17 310   M    M   5        24 270
31  67  41  54  -5  11   0 0.00  0.0    0  6.5 20  40   M    M   6        23  60
================================================================================
SM 2149 1534       198  31  2.55     0.0 216.6          M      169
================================================================================
AV 69.3 49.5                               7.0 FASTST   M    M   5    MAX(MPH)
                                 MISC ---->  # 29 250               # 39  320
================================================================================
NOTES:
# LAST OF SEVERAL OCCURRENCES

COLUMN 17 PEAK WIND IN M.P.H.

PRELIMINARY LOCAL CLIMATOLOGICAL DATA (WS FORM: F-6) , PAGE 2

                                          STATION:  DAYTONA BEACH
                                          MONTH:    JANUARY
                                          YEAR:     2015
                                          LATITUDE:   29 10 N
                                          LONGITUDE:  81  3 W

[TEMPERATURE DATA]      [PRECIPITATION DATA]       SYMBOLS USED IN COLUMN 16

AVERAGE MONTHLY: 59.4   TOTAL FOR MONTH:   2.55    1 = FOG OR MIST
DPTR FM NORMAL:   1.5   DPTR FM NORMAL:   -0.19    2 = FOG REDUCING VISIBILITY
HIGHEST:    83 ON  4, 3 GRTST 24HR  1.58 ON 12-12      TO 1/4 MILE OR LESS
LOWEST:     37 ON  8                               3 = THUNDER
                        SNOW, ICE PELLETS, HAIL    4 = ICE PELLETS
                        TOTAL MONTH:   0.0 INCH    5 = HAIL
                        GRTST 24HR     0.0         6 = FREEZING RAIN OR DRIZZLE
                        GRTST DEPTH:   0           7 = DUSTSTORM OR SANDSTORM:
                                                       VSBY 1/2 MILE OR LESS
                                                   8 = SMOKE OR HAZE
[NO. OF DAYS WITH]      [WEATHER - DAYS WITH]      9 = BLOWING SNOW
                                                   X = TORNADO
MAX 32 OR BELOW:   0    0.01 INCH OR MORE:   8
MAX 90 OR ABOVE:   0    0.10 INCH OR MORE:   5
MIN 32 OR BELOW:   0    0.50 INCH OR MORE:   1
MIN  0 OR BELOW:   0    1.00 INCH OR MORE:   1

[HDD (BASE 65) ]
TOTAL THIS MO.   198    CLEAR  (SCALE 0-3)   5
DPTR FM NORMAL   -53    PTCLDY (SCALE 4-7)  21
TOTAL FM JUL 1   442    CLOUDY (SCALE 8-10)  5
DPTR FM NORMAL   -75

[CDD (BASE 65) ]
TOTAL THIS MO.    31
DPTR FM NORMAL     2    [PRESSURE DATA]
TOTAL FM JAN 1    31    HIGHEST SLP 30.45 ON  8
DPTR FM NORMAL     0    LOWEST  SLP 29.75 ON 24

[REMARKS]
#FINAL-01-15#




U.S. Dept. of Commerce
NOAA National Weather Service
1325 East West Highway
Silver Spring, MD 20910
E-mail: w-nws.webmaster@noaa.gov
Page last modified: May 16, 2007
NATIONAL WEATHER SERVICE: for Safety, for Work, for Fun - FOR LIFE