182
CXUS52 KMLB 231220
CF6DAB
PRELIMINARY LOCAL CLIMATOLOGICAL DATA (WS FORM: F-6)

                                          STATION:   DAYTONA BEACH
                                          MONTH:     APRIL
                                          YEAR:      2014
                                          LATITUDE:   29 10 N
                                          LONGITUDE:  81  3 W

  TEMPERATURE IN F:       :PCPN:    SNOW:  WIND      :SUNSHINE: SKY     :PK WND
================================================================================
1   2   3   4   5  6A  6B    7    8   9   10  11  12  13   14  15   16   17  18
                                     12Z  AVG MX 2MIN
DY MAX MIN AVG DEP HDD CDD  WTR  SNW DPTH SPD SPD DIR MIN PSBL S-S WX    SPD DR
================================================================================

 1  77  49  63  -4   2   0 0.00  0.0    0  2.9 13  70   M    M   2 1      17  70
 2  79  51  65  -2   0   0 0.00  0.0    0  3.6 13  80   M    M   1 1      16  80
 3  84  55  70   3   0   5 0.00  0.0    0  4.6 15  70   M    M   2 1      18  70
 4  86  62  74   7   0   9 0.00  0.0    0  6.2 15 220   M    M   3 1      23 220
 5  82  63  73   6   0   8 0.00  0.0    0  4.8 13 260   M    M   7 12     16 270
 6  87  66  77  10   0  12 0.00  0.0    0  5.8 15  50   M    M   8        20 220
 7  89  68  79  11   0  14 0.15  0.0    0  7.8 20 200   M    M   9 138     M  99
 8  78  59  69   1   0   4 0.91  0.0    0  9.9 21 320   M    M   9 1      25 320
 9  74  54  64  -4   1   0 0.00  0.0    0  6.1 15 330   M    M   2        21 270
10  76  53  65  -3   0   0 0.00  0.0    0  4.4 15  60   M    M   1 1      19  80
11  78  56  67  -1   0   2 0.00  0.0    0  5.3 18  60   M    M   3 1      23  60
12  79  60  70   2   0   5 0.00  0.0    0  5.7 15  70   M    M   4 1      20  70
13  79  64  72   4   0   7 0.00  0.0    0  7.6 18  80   M    M   3        25  80
14  82  68  75   6   0  10 0.01  0.0    0  5.0 14 100   M    M   7 1      21 160
15  85  58  72   3   0   7 0.56  0.0    0  8.7 29 280   M    M   8 138    35 280
16  70  48  59 -10   6   0    T    M    0 13.4 28  20   M    M   7        34  10
17  77  59  68  -1   0   3 0.00  0.0    0 11.2 22  60   M    M   6 1      27  70
18  79  67  73   4   0   8 0.59  0.0    0  7.3 30 240   M    M  10 138    40 240
19  78  63  71   2   0   6 0.01  0.0    0  9.6 20 270   M    M   7 12     24 270
20  69  61  65  -5   0   0    T  0.0    0 12.6 20  20   M    M   8        27  20
21  73  58  66  -4   0   1    T  0.0    0  8.9 18  20   M    M   6        23  20
22  82  55  69  -1   0   4 0.00  0.0    0  5.9 15 240   M    M   5 1      19 280
================================================================================
SM 1743 1297         9 105  2.23     0.0 157.3          M      118
================================================================================
AV 79.2 59.0                               7.1 FASTST   M    M   5    MAX(MPH)
                                 MISC ---->  # 30 240               # 40  240
================================================================================
NOTES:
# LAST OF SEVERAL OCCURRENCES

COLUMN 17 PEAK WIND IN M.P.H.

PRELIMINARY LOCAL CLIMATOLOGICAL DATA (WS FORM: F-6) , PAGE 2

                                          STATION:  DAYTONA BEACH
                                          MONTH:    APRIL
                                          YEAR:     2014
                                          LATITUDE:   29 10 N
                                          LONGITUDE:  81  3 W

[TEMPERATURE DATA]      [PRECIPITATION DATA]       SYMBOLS USED IN COLUMN 16

AVERAGE MONTHLY: 69.1   TOTAL FOR MONTH:   2.23    1 = FOG OR MIST
DPTR FM NORMAL:   0.8   DPTR FM NORMAL:    0.50    2 = FOG REDUCING VISIBILITY
HIGHEST:    89 ON  7    GRTST 24HR  1.06 ON  7- 8      TO 1/4 MILE OR LESS
LOWEST:     48 ON 16                               3 = THUNDER
                        SNOW, ICE PELLETS, HAIL    4 = ICE PELLETS
                        TOTAL MONTH:   0.0 INCH    5 = HAIL
                        GRTST 24HR     0.0         6 = FREEZING RAIN OR DRIZZLE
                        GRTST DEPTH:   0           7 = DUSTSTORM OR SANDSTORM:
                                                       VSBY 1/2 MILE OR LESS
                                                   8 = SMOKE OR HAZE
[NO. OF DAYS WITH]      [WEATHER - DAYS WITH]      9 = BLOWING SNOW
                                                   X = TORNADO
MAX 32 OR BELOW:   0    0.01 INCH OR MORE:   6
MAX 90 OR ABOVE:   0    0.10 INCH OR MORE:   4
MIN 32 OR BELOW:   0    0.50 INCH OR MORE:   3
MIN  0 OR BELOW:   0    1.00 INCH OR MORE:   0

[HDD (BASE 65) ]
TOTAL THIS MO.     9    CLEAR  (SCALE 0-3)   8
DPTR FM NORMAL   -16    PTCLDY (SCALE 4-7)  10
TOTAL FM JUL 1   602    CLOUDY (SCALE 8-10)  4
DPTR FM NORMAL  -202

[CDD (BASE 65) ]
TOTAL THIS MO.   105
DPTR FM NORMAL    10    [PRESSURE DATA]
TOTAL FM JAN 1   248    HIGHEST SLP M ON M
DPTR FM NORMAL    11    LOWEST  SLP 29.69 ON  8

[REMARKS]




U.S. Dept. of Commerce
NOAA National Weather Service
1325 East West Highway
Silver Spring, MD 20910
E-mail: w-nws.webmaster@noaa.gov
Page last modified: May 16, 2007
NATIONAL WEATHER SERVICE: for Safety, for Work, for Fun - FOR LIFE