347
CXUS52 KMLB 011105
CF6DAB
PRELIMINARY LOCAL CLIMATOLOGICAL DATA (WS FORM: F-6)

                                          STATION:   DAYTONA BEACH
                                          MONTH:     AUGUST
                                          YEAR:      2014
                                          LATITUDE:   29 10 N
                                          LONGITUDE:  81  3 W

  TEMPERATURE IN F:       :PCPN:    SNOW:  WIND      :SUNSHINE: SKY     :PK WND
================================================================================
1   2   3   4   5  6A  6B    7    8   9   10  11  12  13   14  15   16   17  18
                                     12Z  AVG MX 2MIN
DY MAX MIN AVG DEP HDD CDD  WTR  SNW DPTH SPD SPD DIR MIN PSBL S-S WX    SPD DR
================================================================================

 1  91  77  84   2   0  19 0.03  0.0    0  4.6 10  80   M    M   5        14  80
 2  90  76  83   1   0  18 0.00  0.0    0  5.1 17  80   M    M   7        21  70
 3  89  76  83   1   0  18 0.15  0.0    0  3.8 15  40   M    M   6 13     19  40
 4  88  74  81  -1   0  16    T  0.0    0  3.6 14  60   M    M   9 3      15 260
 5  91  75  83   1   0  18    T  0.0    0  6.1 14  40   M    M   7        16  30
 6  92  75  84   2   0  19 0.00  0.0    0  4.2 10 150   M    M   6 1      15 150
 7  92  74  83   1   0  18    T  0.0    0  4.4 14 210   M    M   5 3      18 250
 8  91  74  83   1   0  18    T  0.0    0  3.5 18 330   M    M   4 13     22 330
 9  95  73  84   2   0  19 0.00  0.0    0  5.2 15  60   M    M   5 3      18  50
10  91  75  83   1   0  18 0.24  0.0    0  4.8 25 250   M    M   7 3      32  20
11  88  74  81  -1   0  16 0.81  0.0    0  6.3 21 270   M    M   7 13     27 290
12  85  74  80  -2   0  15    T  0.0    0  8.1 23 200   M    M   7 3      29 190
13  95  74  85   3   0  20    T  0.0    0  6.2 16 250   M    M   5        21 230
14  92  74  83   1   0  18 0.33  0.0    0  5.0 28 270   M    M   5 13     39 280
15  88  73  81  -1   0  16    T  0.0    0  5.0 17 360   M    M   7 3      21 360
16  91  72  82   0   0  17 0.00  0.0    0  5.5 13 210   M    M   6 13     18 210
17  92  75  84   2   0  19 0.09  0.0    0  4.9 16 240   M    M   6 123    22 250
18  93  74  84   2   0  19 0.39  0.0    0  4.5 17 320   M    M   4 13     23 310
19  94  75  85   4   0  20 0.14  0.0    0  5.8 22 320   M    M   4 8      32 320
20  96  73  85   4   0  20 0.00  0.0    0  5.3 13 310   M    M   3 1      16 260
21  94  74  84   3   0  19 0.00  0.0    0  4.4 17 240   M    M   4 3      22 250
22  95  74  85   4   0  20 0.00  0.0    0  3.1 13  70   M    M   3        15  80
23  97  74  86   5   0  21 0.01  0.0    0  4.2 13 330   M    M   4 1      15 320
24  94  75  85   4   0  20 0.00  0.0    0  9.1 21  40   M    M   4        26  10
25  90  79  85   4   0  20    T  0.0    0 15.1 24  50   M    M   5        29  50
26  90  76  83   2   0  18 0.03  0.0    0 13.7 22  50   M    M   4 18     29  50
27  89  74  82   1   0  17 0.02  0.0    0  8.5 17  40   M    M   5 1      24  60
28  89  71  80  -1   0  15 0.00  0.0    0  4.6 16  60   M    M   2 1      19  60
29  92  74  83   2   0  18    T  0.0    0  4.8 15  80   M    M   4 3      20 110
30  91  72  82   1   0  17 0.00  0.0    0  4.0 14  90   M    M   3 1      18  80
31  91  74  83   2   0  18 0.00  0.0    0  4.1 14  70   M    M   2        22  60
================================================================================
SM 2836 2304         0 564  2.24     0.0 177.5          M      155
================================================================================
AV 91.5 74.3                               5.7 FASTST   M    M   5    MAX(MPH)
                                 MISC ---->  # 28 270               # 39  280
================================================================================
NOTES:
# LAST OF SEVERAL OCCURRENCES

COLUMN 17 PEAK WIND IN M.P.H.

PRELIMINARY LOCAL CLIMATOLOGICAL DATA (WS FORM: F-6) , PAGE 2

                                          STATION:  DAYTONA BEACH
                                          MONTH:    AUGUST
                                          YEAR:     2014
                                          LATITUDE:   29 10 N
                                          LONGITUDE:  81  3 W

[TEMPERATURE DATA]      [PRECIPITATION DATA]       SYMBOLS USED IN COLUMN 16

AVERAGE MONTHLY: 82.9   TOTAL FOR MONTH:   2.24    1 = FOG OR MIST
DPTR FM NORMAL:   1.4   DPTR FM NORMAL:   -4.16    2 = FOG REDUCING VISIBILITY
HIGHEST:    97 ON 23    GRTST 24HR  0.81 ON 11-11      TO 1/4 MILE OR LESS
LOWEST:     71 ON 28                               3 = THUNDER
                        SNOW, ICE PELLETS, HAIL    4 = ICE PELLETS
                        TOTAL MONTH:   0.0 INCH    5 = HAIL
                        GRTST 24HR     0.0         6 = FREEZING RAIN OR DRIZZLE
                        GRTST DEPTH:   0           7 = DUSTSTORM OR SANDSTORM:
                                                       VSBY 1/2 MILE OR LESS
                                                   8 = SMOKE OR HAZE
[NO. OF DAYS WITH]      [WEATHER - DAYS WITH]      9 = BLOWING SNOW
                                                   X = TORNADO
MAX 32 OR BELOW:   0    0.01 INCH OR MORE:  11
MAX 90 OR ABOVE:  24    0.10 INCH OR MORE:   6
MIN 32 OR BELOW:   0    0.50 INCH OR MORE:   1
MIN  0 OR BELOW:   0    1.00 INCH OR MORE:   0

[HDD (BASE 65) ]
TOTAL THIS MO.     0    CLEAR  (SCALE 0-3)   5
DPTR FM NORMAL     0    PTCLDY (SCALE 4-7)  25
TOTAL FM JUL 1     0    CLOUDY (SCALE 8-10)  1
DPTR FM NORMAL     0

[CDD (BASE 65) ]
TOTAL THIS MO.   564
DPTR FM NORMAL    53    [PRESSURE DATA]
TOTAL FM JAN 1  2192    HIGHEST SLP 30.17 ON 30
DPTR FM NORMAL   118    LOWEST  SLP 29.80 ON 24

[REMARKS]
#FINAL-08-14#




U.S. Dept. of Commerce
NOAA National Weather Service
1325 East West Highway
Silver Spring, MD 20910
E-mail: w-nws.webmaster@noaa.gov
Page last modified: May 16, 2007
NATIONAL WEATHER SERVICE: for Safety, for Work, for Fun - FOR LIFE