880
CXUS52 KMLB 011118
CF6DAB
PRELIMINARY LOCAL CLIMATOLOGICAL DATA (WS FORM: F-6)

                                          STATION:   DAYTONA BEACH
                                          MONTH:     SEPTEMBER
                                          YEAR:      2014
                                          LATITUDE:   29 10 N
                                          LONGITUDE:  81  3 W

  TEMPERATURE IN F:       :PCPN:    SNOW:  WIND      :SUNSHINE: SKY     :PK WND
================================================================================
1   2   3   4   5  6A  6B    7    8   9   10  11  12  13   14  15   16   17  18
                                     12Z  AVG MX 2MIN
DY MAX MIN AVG DEP HDD CDD  WTR  SNW DPTH SPD SPD DIR MIN PSBL S-S WX    SPD DR
================================================================================

 1  92  74  83   2   0  18 0.00  0.0    0  2.8 15  70   M    M   3        20 100
 2  91  75  83   2   0  18 0.00  0.0    0  4.0 15  80   M    M   4        19  70
 3  90  73  82   1   0  17 0.00  0.0    0  3.9 16  80   M    M   4 1      26  70
 4  90  73  82   1   0  17    T  0.0    0  3.6 13  80   M    M   4 1      18 100
 5  87  73  80  -1   0  15 1.51  0.0    0  3.1 17 220   M    M   8 13     23 220
 6  88  71  80  -1   0  15 0.21  0.0    0  4.2 17 200   M    M   7 13     24 110
 7  87  73  80   0   0  15 3.54  0.0    0  3.1 22 300   M    M   9 13     25 300
 8  89  73  81   1   0  16 0.00  0.0    0  3.7 12  80   M    M   7 3      17  80
 9  90  74  82   2   0  17 0.00  0.0    0  3.5 14  80   M    M   6        19  70
10  88  73  81   1   0  16 0.04  0.0    0  4.6 16  70   M    M   5 1      22  60
11  89  75  82   2   0  17 0.01  0.0    0  7.4 18  50   M    M   4 18     23  80
12  88  75  82   2   0  17 0.19  0.0    0  6.5 20  60   M    M   4 1      22  60
13  89  75  82   2   0  17 0.00  0.0    0  5.2 15  80   M    M   3        19  80
14  88  75  82   2   0  17 0.00  0.0    0  5.0 15  70   M    M   3        22  80
15  89  73  81   1   0  16 1.17  0.0    0  2.5 17 260   M    M   6 13     23 260
16  88  73  81   1   0  16 0.34  0.0    0  4.9 23 260   M    M   8 13     30 260
17  85  72  79  -1   0  14 0.00  0.0    0  5.2 12 280   M    M   6        14 250
18  89  70  80   0   0  15 0.00  0.0    0  3.4 14  80   M    M   4        17  70
19  84  71  78  -1   0  13 0.98  0.0    0  3.6 22  70   M    M   9 1      26 110
20  83  71  77  -2   0  12 1.06  0.0    0  6.7 22 350   M    M   9 128    28 360
21  86  69  78  -1   0  13 0.00  0.0    0  5.0 15  40   M    M   5 1      17  30
22  86  70  78  -1   0  13 0.36  0.0    0  2.4 15 280   M    M   8 13     19 280
23  86  71  79   0   0  14 1.76  0.0    0  5.8 21  20   M    M   8 138    26 340
24  80  73  77  -2   0  12 6.41  0.0    0 11.5 17  10   M    M   8 13     24  40
25  83  69  76  -3   0  11 0.00  0.0    0  9.3 20  20   M    M   8 18     23  10
26  85  73  79   1   0  14 0.14  0.0    0  4.2 14  20   M    M   7 13     16  20
27  86  74  80   2   0  15 0.00  0.0    0  6.6 17  50   M    M   6        21  40
28  86  75  81   3   0  16 0.03  0.0    0  3.9 15  70   M    M   6 1      19  80
29  83  74  79   1   0  14 0.37  0.0    0  3.1 14  60   M    M   9 1      17  80
30  85  73  79   1   0  14 0.03  0.0    0  7.4 15 350   M    M   9 1      25 330
================================================================================
SM 2610 2183         0 454 18.15     0.0 146.1          M      187
================================================================================
AV 87.0 72.8                               4.9 FASTST   M    M   6    MAX(MPH)
                                 MISC ---->  # 23 260               # 30  260
================================================================================
NOTES:
# LAST OF SEVERAL OCCURRENCES

COLUMN 17 PEAK WIND IN M.P.H.

PRELIMINARY LOCAL CLIMATOLOGICAL DATA (WS FORM: F-6) , PAGE 2

                                          STATION:  DAYTONA BEACH
                                          MONTH:    SEPTEMBER
                                          YEAR:     2014
                                          LATITUDE:   29 10 N
                                          LONGITUDE:  81  3 W

[TEMPERATURE DATA]      [PRECIPITATION DATA]       SYMBOLS USED IN COLUMN 16

AVERAGE MONTHLY: 79.9   TOTAL FOR MONTH:  18.15    1 = FOG OR MIST
DPTR FM NORMAL:   0.4   DPTR FM NORMAL:   11.19    2 = FOG REDUCING VISIBILITY
HIGHEST:    92 ON  1    GRTST 24HR  8.17 ON 23-24      TO 1/4 MILE OR LESS
LOWEST:     69 ON 25,21                            3 = THUNDER
                        SNOW, ICE PELLETS, HAIL    4 = ICE PELLETS
                        TOTAL MONTH:   0.0 INCH    5 = HAIL
                        GRTST 24HR     0.0         6 = FREEZING RAIN OR DRIZZLE
                        GRTST DEPTH:   0           7 = DUSTSTORM OR SANDSTORM:
                                                       VSBY 1/2 MILE OR LESS
                                                   8 = SMOKE OR HAZE
[NO. OF DAYS WITH]      [WEATHER - DAYS WITH]      9 = BLOWING SNOW
                                                   X = TORNADO
MAX 32 OR BELOW:   0    0.01 INCH OR MORE:  17
MAX 90 OR ABOVE:   5    0.10 INCH OR MORE:  13
MIN 32 OR BELOW:   0    0.50 INCH OR MORE:   7
MIN  0 OR BELOW:   0    1.00 INCH OR MORE:   6

[HDD (BASE 65) ]
TOTAL THIS MO.     0    CLEAR  (SCALE 0-3)   1
DPTR FM NORMAL     0    PTCLDY (SCALE 4-7)  20
TOTAL FM JUL 1     0    CLOUDY (SCALE 8-10)  9
DPTR FM NORMAL     0

[CDD (BASE 65) ]
TOTAL THIS MO.   454
DPTR FM NORMAL    18    [PRESSURE DATA]
TOTAL FM JAN 1  2646    HIGHEST SLP 30.18 ON 15
DPTR FM NORMAL   136    LOWEST  SLP 29.80 ON 30

[REMARKS]
#FINAL-09-14#




U.S. Dept. of Commerce
NOAA National Weather Service
1325 East West Highway
Silver Spring, MD 20910
E-mail: w-nws.webmaster@noaa.gov
Page last modified: May 16, 2007
NATIONAL WEATHER SERVICE: for Safety, for Work, for Fun - FOR LIFE