701
CXUS53 KUNR 250945
CF6D07
PRELIMINARY LOCAL CLIMATOLOGICAL DATA (WS FORM: F-6)

                                          STATION:   FAITH SD
                                          MONTH:     JANUARY
                                          YEAR:      2015
                                          LATITUDE:   45  1 N
                                          LONGITUDE: 102  1 W

  TEMPERATURE IN F:       :PCPN:    SNOW:  WIND      :SUNSHINE: SKY     :PK WND
================================================================================
1   2   3   4   5  6A  6B    7    8   9   10  11  12  13   14  15   16   17  18
                                     12Z  AVG MX 2MIN
DY MAX MIN AVG DEP HDD CDD  WTR  SNW DPTH SPD SPD DIR MIN PSBL S-S WX    SPD DR
================================================================================

 1  35  17  26   6  39   0 0.00    M    M 10.0 22 260   M    M   M        28 260
 2  36  15  26   6  39   0 0.00    M    M 12.0 20 180   M    M   M        25 210
 3  35   0  18  -2  47   0 0.00    M    M 19.7 36 350   M    M   M        44 340
 4   5 -12  -3 -23  68   0 0.00    M    M 11.7 22 330   M    M   M        25 330
 5   8 -12  -2 -22  67   0 0.09    M    M 14.3 26 150   M    M   M        32 150
 6  11   1   6 -14  59   0 0.02    M    M 14.2 28 340   M    M   M        34 330
 7  16 -11   3 -17  62   0 0.00    M    M 15.0 30 160   M    M   M        35 160
 8  31   1  16  -4  49   0 0.02    M    M 28.6 48 330   M    M   M        60 320
 9  13  -4   5 -15  60   0 0.00    M    M 14.9 26 310   M    M   M        33 310
10  23  -3  10 -10  55   0 0.00    M    M 10.0 24 170   M    M   M        26 170
11  16  -3   7 -13  58   0 0.00    M    M  9.4 16 340   M    M   M        18  10
12   8  -8   0 -20  65   0 0.00    M    M 12.5 23 160   M    M   M        28 150
13  32  -1  16  -4  49   0 0.00    M    M 12.6 28 310   M    M   M        33 310
14  37  19  28   8  37   0 0.00    M    M 13.8 22 280   M    M   M        26 290
15  44  25  35  15  30   0 0.00    M    M 12.2 20 290   M    M   M        24 280
16  47  29  38  18  27   0 0.00    M    M 10.7 24 290   M    M   M        30 280
17  44  31  38  18  27   0 0.00    M    M 22.3 38 310   M    M   M        47 300
18  49  29  39  19  26   0 0.00    M    M 10.7 21 300   M    M   M        27 300
19  49  33  41  21  24   0 0.00    M    M 19.0 37 300   M    M   M        45 300
20  41  32  37  17  28   0 0.00    M    M 19.9 32 310   M    M   M        39 300
21  34  18  26   6  39   0 0.01    M    M 13.3 25 330   M    M   M        29 330
22  46  15  31  11  34   0 0.00    M    M 12.8 20 280   M    M   M        23 280
23  53  33  43  23  22   0 0.00    M    M 16.7 25 330   M    M   M        31 320
24  55  36  46  26  19   0 0.00    M    M 26.3 46 310   M    M   M        58 300
================================================================================
SM  768  280      1030   0  0.14    M    362.6          M        M
================================================================================
AV 32.0 11.7                              15.1 FASTST   M    M   4    MAX(MPH)
                                 MISC ---->  # 48 330               # 60  320
================================================================================
NOTES:
# LAST OF SEVERAL OCCURRENCES

COLUMN 17 PEAK WIND IN M.P.H.

PRELIMINARY LOCAL CLIMATOLOGICAL DATA (WS FORM: F-6) , PAGE 2

                                          STATION:  FAITH SD
                                          MONTH:    JANUARY
                                          YEAR:     2015
                                          LATITUDE:   45  1 N
                                          LONGITUDE: 102  1 W

[TEMPERATURE DATA]      [PRECIPITATION DATA]       SYMBOLS USED IN COLUMN 16

AVERAGE MONTHLY: 21.8   TOTAL FOR MONTH:   0.14    1 = FOG OR MIST
DPTR FM NORMAL:   1.8   DPTR FM NORMAL:   -0.01    2 = FOG REDUCING VISIBILITY
HIGHEST:    55 ON 24    GRTST 24HR  0.09 ON  5- 5      TO 1/4 MILE OR LESS
LOWEST:    -12 ON  5, 4                            3 = THUNDER
                        SNOW, ICE PELLETS, HAIL    4 = ICE PELLETS
                        TOTAL MONTH:    M          5 = HAIL
                        GRTST 24HR    M  ON   M    6 = FREEZING RAIN OR DRIZZLE
                        GRTST DEPTH:  M  ON   M    7 = DUSTSTORM OR SANDSTORM:
                                                       VSBY 1/2 MILE OR LESS
                                                   8 = SMOKE OR HAZE
[NO. OF DAYS WITH]      [WEATHER - DAYS WITH]      9 = BLOWING SNOW
                                                   X = TORNADO
MAX 32 OR BELOW:  10    0.01 INCH OR MORE:   4
MAX 90 OR ABOVE:   0    0.10 INCH OR MORE:   0
MIN 32 OR BELOW:  21    0.50 INCH OR MORE:   0
MIN  0 OR BELOW:   9    1.00 INCH OR MORE:   0

[HDD (BASE 65) ]
TOTAL THIS MO.  1030    CLEAR  (SCALE 0-3)   0
DPTR FM NORMAL   -50    PTCLDY (SCALE 4-7)   0
TOTAL FM JUL 1  4123    CLOUDY (SCALE 8-10)  0
DPTR FM NORMAL  -100

[CDD (BASE 65) ]
TOTAL THIS MO.     0
DPTR FM NORMAL     0    [PRESSURE DATA]
TOTAL FM JAN 1     0    HIGHEST SLP M ON M
DPTR FM NORMAL     0    LOWEST  SLP 29.66 ON 16

[REMARKS]




U.S. Dept. of Commerce
NOAA National Weather Service
1325 East West Highway
Silver Spring, MD 20910
E-mail: w-nws.webmaster@noaa.gov
Page last modified: May 16, 2007
NATIONAL WEATHER SERVICE: for Safety, for Work, for Fun - FOR LIFE