242
CXUS53 KUNR 010945
CF6D07
PRELIMINARY LOCAL CLIMATOLOGICAL DATA (WS FORM: F-6)

                                          STATION:   FAITH SD
                                          MONTH:     NOVEMBER
                                          YEAR:      2014
                                          LATITUDE:   45  1 N
                                          LONGITUDE: 102  1 W

  TEMPERATURE IN F:       :PCPN:    SNOW:  WIND      :SUNSHINE: SKY     :PK WND
================================================================================
1   2   3   4   5  6A  6B    7    8   9   10  11  12  13   14  15   16   17  18
                                     12Z  AVG MX 2MIN
DY MAX MIN AVG DEP HDD CDD  WTR  SNW DPTH SPD SPD DIR MIN PSBL S-S WX    SPD DR
================================================================================

 1  53  32  43   3  22   0 0.00    M    M 17.0 29 160   M    M   M        35 150
 2  65  38  52  12  13   0 0.00    M    M 12.2 22 190   M    M   M        25 190
 3  51  34  43   4  22   0 0.00    M    M 14.4 26 310   M    M   M        33 310
 4  60  34  47   8  18   0 0.00    M    M 11.5 20 290   M    M   M        25 280
 5  54  30  42   4  23   0 0.02    M    M 17.3 39 310   M    M   M        47 300
 6  59  30  45   7  20   0 0.00    M    M 12.5 20 150   M    M   M        25 150
 7  64  34  49  12  16   0 0.00    M    M 20.8 45 330   M    M   M        58 320
 8  56  24  40   4  25   0 0.00    M    M  9.9 20 210   M    M   M        27 320
 9  41  24  33  -3  32   0 0.03    M    M 12.7 26  60   M    M   M        32  60
10  24  10  17 -18  48   0 0.13    M    M 19.3 29 360   M    M   M        38  20
11  11   1   6 -29  59   0 0.00    M    M 19.3 28 320   M    M   M        33 310
12  15  -2   7 -27  58   0 0.00    M    M 18.7 30 310   M    M   M        36 310
13  13  -7   3 -31  62   0 0.00    M    M  8.4 15 130   M    M   M        17 120
14  16  -9   4 -29  61   0 0.00    M    M  7.8 15 350   M    M   M        19 130
15  10  -1   5 -27  60   0 0.01    M    M 17.4 26 330   M    M   M        30 320
16  22   3  13 -19  52   0 0.01    M    M 25.3 45 320   M    M   M        55 320
17  17   8  13 -18  52   0 0.00    M    M 18.4 31 330   M    M   M        38 320
18  37   0  19 -12  46   0 0.01    M    M 16.9 39 330   M    M   M        47 330
19  23   5  14 -16  51   0 0.00    M    M 14.8 29 330   M    M   M        33 330
20  26  11  19 -11  46   0 0.00    M    M 11.8 22 170   M    M   M        25 170
21  51  11  31   2  34   0 0.00    M    M  9.5 17 180   M    M   M        24 320
22  49  25  37   9  28   0 0.07    M    M 10.7 26 300   M    M   M        33 300
23  40  20  30   2  35   0 0.01    M    M 24.2 44 310   M    M   M        52 300
24  32  15  24  -3  41   0 0.00    M    M 15.0 24 330   M    M   M        30 310
25  38  21  30   3  35   0 0.03    M    M 15.4 36 340   M    M   M        45 320
26  28  14  21  -5  44   0 0.02    M    M  9.6 32 350   M    M   M        39 350
27  27  13  20  -6  45   0 0.00    M    M 13.8 22 160   M    M   M        27 160
28  52  24  38  12  27   0 0.00    M    M 10.7 18 170   M    M   M        24 190
29  41   2  22  -3  43   0 0.00    M    M 17.0 28 340   M    M   M        33 320
30  11  -7   2 -23  63   0 0.01    M    M 15.3 26 330   M    M   M        33 330
================================================================================
SM 1086  437      1181   0  0.35    M    447.6          M        M
================================================================================
AV 36.2 14.6                              14.9 FASTST   M    M   4    MAX(MPH)
                                 MISC ---->  # 45 330               # 58  320
================================================================================
NOTES:
# LAST OF SEVERAL OCCURRENCES

COLUMN 17 PEAK WIND IN M.P.H.

PRELIMINARY LOCAL CLIMATOLOGICAL DATA (WS FORM: F-6) , PAGE 2

                                          STATION:  FAITH SD
                                          MONTH:    NOVEMBER
                                          YEAR:     2014
                                          LATITUDE:   45  1 N
                                          LONGITUDE: 102  1 W

[TEMPERATURE DATA]      [PRECIPITATION DATA]       SYMBOLS USED IN COLUMN 16

AVERAGE MONTHLY: 25.4   TOTAL FOR MONTH:   0.35    1 = FOG OR MIST
DPTR FM NORMAL:  -6.8   DPTR FM NORMAL:   -0.18    2 = FOG REDUCING VISIBILITY
HIGHEST:    65 ON  2    GRTST 24HR  0.15 ON  9-10      TO 1/4 MILE OR LESS
LOWEST:     -9 ON 14                               3 = THUNDER
                        SNOW, ICE PELLETS, HAIL    4 = ICE PELLETS
                        TOTAL MONTH:    M          5 = HAIL
                        GRTST 24HR    M  ON   M    6 = FREEZING RAIN OR DRIZZLE
                        GRTST DEPTH:  M  ON   M    7 = DUSTSTORM OR SANDSTORM:
                                                       VSBY 1/2 MILE OR LESS
                                                   8 = SMOKE OR HAZE
[NO. OF DAYS WITH]      [WEATHER - DAYS WITH]      9 = BLOWING SNOW
                                                   X = TORNADO
MAX 32 OR BELOW:  14    0.01 INCH OR MORE:  11
MAX 90 OR ABOVE:   0    0.10 INCH OR MORE:   1
MIN 32 OR BELOW:  26    0.50 INCH OR MORE:   0
MIN  0 OR BELOW:   6    1.00 INCH OR MORE:   0

[HDD (BASE 65) ]
TOTAL THIS MO.  1181    CLEAR  (SCALE 0-3)   0
DPTR FM NORMAL   197    PTCLDY (SCALE 4-7)   0
TOTAL FM JUL 1  1876    CLOUDY (SCALE 8-10)  0
DPTR FM NORMAL    93

[CDD (BASE 65) ]
TOTAL THIS MO.     0
DPTR FM NORMAL     0    [PRESSURE DATA]
TOTAL FM JAN 1   445    HIGHEST SLP 30.81 ON 12
DPTR FM NORMAL  -190    LOWEST  SLP 29.40 ON 29

[REMARKS]
#FINAL-11-14#




U.S. Dept. of Commerce
NOAA National Weather Service
1325 East West Highway
Silver Spring, MD 20910
E-mail: w-nws.webmaster@noaa.gov
Page last modified: May 16, 2007
NATIONAL WEATHER SERVICE: for Safety, for Work, for Fun - FOR LIFE