598
CXUS55 KCYS 191001
CF6CYS
PRELIMINARY LOCAL CLIMATOLOGICAL DATA (WS FORM: F-6)

                                          STATION:   CHEYENNE WYOMING AIRPORT
                                          MONTH:     APRIL
                                          YEAR:      2014
                                          LATITUDE:   41  9 N
                                          LONGITUDE: 104 49 W

  TEMPERATURE IN F:       :PCPN:    SNOW:  WIND      :SUNSHINE: SKY     :PK WND
================================================================================
1   2   3   4   5  6A  6B    7    8   9   10  11  12  13   14  15   16   17  18
                                     12Z  AVG MX 2MIN
DY MAX MIN AVG DEP HDD CDD  WTR  SNW DPTH SPD SPD DIR MIN PSBL S-S WX    SPD DR
================================================================================

 1  51  25  38  -1  27   0 0.03  0.3    0 11.0 28 230   M    M   4 38     37 250
 2  52  26  39   0  26   0 0.01    T    0 11.2 24 290   M    M   7 13     31 290
 3  42  23  33  -7  32   0 0.00  0.0    0 15.8 28 350   M    M   5 1      40 330
 4  50  21  36  -4  29   0 0.00  0.0    0  9.6 21 220   M    M   3        27 170
 5  50  31  41   1  24   0    T    T    0  8.0 21 330   M    M   6        25 340
 6  50  30  40   0  25   0    T    T    0 13.5 28 340   M    M   3        40 280
 7  47  31  39  -1  26   0 0.02  0.2    T 15.1 31 330   M    M   6 18     42 340
 8  65  36  51  10  14   0 0.00  0.0    0 16.7 30 330   M    M   1        41 340
 9  73  44  59  18   6   0 0.00  0.0    0 18.5 31 270   M    M   2        43 270
10  64  33  49   8  16   0 0.00  0.0    0 11.3 35 280   M    M   3        45 280
11  70  33  52  11  13   0 0.00  0.0    0 13.9 31 260   M    M   0        41 270
12  67  35  51   9  14   0 0.05  0.0    0  9.3 24  50   M    M   4 13     32 190
13  35  17  26 -16  39   0 0.50  5.4    2 17.4 29 360   M    M  10 12     36 360
14  35  12  24 -18  41   0    T    T    4 15.0 30 310   M    M   1 1      39 290
15  55  28  42   0  23   0 0.01    T    1 19.9 33 300   M    M   1 1      43 300
16  45  32  39  -4  26   0 0.02  0.2    T 14.4 32 280   M    M   4 1      43 270
17  57  29  43   0  22   0 0.00  0.0    0 10.1 18 200   M    M   4 12     24 340
18  73  35  54  11  11   0 0.00  0.0    0 10.6 23 190   M    M   0        29 220
================================================================================
SM  981  521       414   0  0.64     6.1 241.3          M       64
================================================================================
AV 54.5 28.9                              13.4 FASTST   M    M   4    MAX(MPH)
                                 MISC ---->  # 35 280               # 45  280
================================================================================
NOTES:
# LAST OF SEVERAL OCCURRENCES

COLUMN 17 PEAK WIND IN M.P.H.

PRELIMINARY LOCAL CLIMATOLOGICAL DATA (WS FORM: F-6) , PAGE 2

                                          STATION:  CHEYENNE WYOMING AIRPORT
                                          MONTH:    APRIL
                                          YEAR:     2014
                                          LATITUDE:   41  9 N
                                          LONGITUDE: 104 49 W

[TEMPERATURE DATA]      [PRECIPITATION DATA]       SYMBOLS USED IN COLUMN 16

AVERAGE MONTHLY: 41.7   TOTAL FOR MONTH:   0.64    1 = FOG OR MIST
DPTR FM NORMAL:   0.7   DPTR FM NORMAL:   -0.32    2 = FOG REDUCING VISIBILITY
HIGHEST:    73 ON 18, 9 GRTST 24HR  0.50 ON 13-13      TO 1/4 MILE OR LESS
LOWEST:     12 ON 14                               3 = THUNDER
                        SNOW, ICE PELLETS, HAIL    4 = ICE PELLETS
                        TOTAL MONTH:   6.1 INCHES  5 = HAIL
                        GRTST 24HR   5.4 ON   M    6 = FREEZING RAIN OR DRIZZLE
                        GRTST DEPTH:   4 ON 14     7 = DUSTSTORM OR SANDSTORM:
                                                       VSBY 1/2 MILE OR LESS
                                                   8 = SMOKE OR HAZE
[NO. OF DAYS WITH]      [WEATHER - DAYS WITH]      9 = BLOWING SNOW
                                                   X = TORNADO
MAX 32 OR BELOW:   0    0.01 INCH OR MORE:   7
MAX 90 OR ABOVE:   0    0.10 INCH OR MORE:   1
MIN 32 OR BELOW:  12    0.50 INCH OR MORE:   1
MIN  0 OR BELOW:   0    1.00 INCH OR MORE:   0

[HDD (BASE 65) ]
TOTAL THIS MO.   414    CLEAR  (SCALE 0-3)   8
DPTR FM NORMAL   -17    PTCLDY (SCALE 4-7)   9
TOTAL FM JUL 1  6491    CLOUDY (SCALE 8-10)  1
DPTR FM NORMAL   140

[CDD (BASE 65) ]
TOTAL THIS MO.     0
DPTR FM NORMAL     0    [PRESSURE DATA]
TOTAL FM JAN 1     0    HIGHEST SLP M ON M
DPTR FM NORMAL     0    LOWEST  SLP 29.53 ON 12

[REMARKS]




U.S. Dept. of Commerce
NOAA National Weather Service
1325 East West Highway
Silver Spring, MD 20910
E-mail: w-nws.webmaster@noaa.gov
Page last modified: May 16, 2007
NATIONAL WEATHER SERVICE: for Safety, for Work, for Fun - FOR LIFE