791
CXUS55 KCYS 311000
CF6CYS
PRELIMINARY LOCAL CLIMATOLOGICAL DATA (WS FORM: F-6)

                                          STATION:   CHEYENNE WYOMING AIRPORT
                                          MONTH:     JANUARY
                                          YEAR:      2015
                                          LATITUDE:   41  9 N
                                          LONGITUDE: 104 49 W

  TEMPERATURE IN F:       :PCPN:    SNOW:  WIND      :SUNSHINE: SKY     :PK WND
================================================================================
1   2   3   4   5  6A  6B    7    8   9   10  11  12  13   14  15   16   17  18
                                     12Z  AVG MX 2MIN
DY MAX MIN AVG DEP HDD CDD  WTR  SNW DPTH SPD SPD DIR MIN PSBL S-S WX    SPD DR
================================================================================

 1  29  -2  14 -14  51   0 0.00  0.0    0  8.1 17 340   M    M   2        21 350
 2  35  22  29   1  36   0    T    T    3  9.3 21 250   M    M   4 1      26 260
 3  31  -2  15 -14  50   0 0.03  0.6    3 14.4 30 360   M    M   5 1289   41  10
 4  33  -3  15 -14  50   0 0.00  0.0    2  8.9 25 260   M    M   3 1      30 250
 5  47   7  27  -2  38   0 0.00  0.0    2 20.8 48 280   M    M   1 12     64 270
 6  50  16  33   4  32   0 0.00  0.0    1 12.5 25  10   M    M   3 12     34  20
 7  44  10  27  -2  38   0    T    M    0 12.7 24 270   M    M   8 1      33 270
 8  49  11  30   1  35   0 0.01    T    T 16.5 29  10   M    M   5 6      38  10
 9  29  11  20  -9  45   0    T    T    T 10.1 22 220   M    M   7 128    26 220
10  47  25  36   7  29   0 0.00  0.0    0 15.3 41 280   M    M   0        53 280
11  41  22  32   3  33   0 0.02  0.2    T  9.1 18 350   M    M   7 1      23 350
12  22  18  20  -9  45   0    T    T    T 12.1 17 200   M    M  10 12     21 190
13  33  12  23  -6  42   0 0.00  0.0    0 11.2 25 360   M    M   4 12     35 360
14  42  16  29   0  36   0 0.00  0.0    T  9.0 21 340   M    M   1 1      27 320
15  53  25  39  10  26   0 0.00  0.0    0 10.1 23 270   M    M   0        29 250
16  52  36  44  15  21   0 0.00  0.0    0 18.9 41 270   M    M   0        50 270
17  46  31  39  10  26   0 0.00  0.0    0 21.3 33 270   M    M   0        46 320
18  53  40  47  18  18   0 0.00  0.0    0 22.2 41 290   M    M   0        58 280
19  48  30  39  10  26   0 0.00  0.0    0 14.2 32 280   M    M   2        42 310
20  36  20  28  -1  37   0 0.00  0.0    0 12.2 25 340   M    M   3        33 330
21  30  11  21  -8  44   0    T    M    0 12.1 24 350   M    M   4        31  10
22  41   5  23  -6  42   0 0.00  0.0    0  8.7 20 290   M    M   0        22 280
23  40  26  33   4  32   0 0.00  0.0    0 15.6 29 330   M    M   4        35 330
24  47  31  39  10  26   0    T    T    0 19.2 40 280   M    M   4        50 280
25  52  34  43  15  22   0 0.00  0.0    0 14.6 30 310   M    M   3        40 310
26  67  37  52  24  13   0 0.00  0.0    0 12.7 23 320   M    M   0        33 310
27  70  36  53  25  12   0 0.00  0.0    0 13.4 25 280   M    M   0        31 270
28  50  35  43  15  22   0    T    T    0 19.0 41 280   M    M   5        49 310
29  44  28  36   8  29   0    T    T    0  9.6 18 180   M    M   4        23 170
30  47  26  37   9  28   0 0.00  0.0    0  8.2 16  10   M    M   2        21  10
================================================================================
SM 1308  614       984   0  0.06     0.8 402.0          M       91
================================================================================
AV 43.6 20.5                              13.4 FASTST   M    M   3    MAX(MPH)
                                 MISC ---->  # 48 280               # 64  270
================================================================================
NOTES:
# LAST OF SEVERAL OCCURRENCES

COLUMN 17 PEAK WIND IN M.P.H.

PRELIMINARY LOCAL CLIMATOLOGICAL DATA (WS FORM: F-6) , PAGE 2

                                          STATION:  CHEYENNE WYOMING AIRPORT
                                          MONTH:    JANUARY
                                          YEAR:     2015
                                          LATITUDE:   41  9 N
                                          LONGITUDE: 104 49 W

[TEMPERATURE DATA]      [PRECIPITATION DATA]       SYMBOLS USED IN COLUMN 16

AVERAGE MONTHLY: 32.0   TOTAL FOR MONTH:   0.06    1 = FOG OR MIST
DPTR FM NORMAL:   3.3   DPTR FM NORMAL:   -0.26    2 = FOG REDUCING VISIBILITY
HIGHEST:    70 ON 27    GRTST 24HR  0.03 ON  3- 3      TO 1/4 MILE OR LESS
LOWEST:     -3 ON  4                               3 = THUNDER
                        SNOW, ICE PELLETS, HAIL    4 = ICE PELLETS
                        TOTAL MONTH:   0.8 INCH    5 = HAIL
                        GRTST 24HR   0.6 ON   M    6 = FREEZING RAIN OR DRIZZLE
                        GRTST DEPTH:   3 ON  3, 2  7 = DUSTSTORM OR SANDSTORM:
                                                       VSBY 1/2 MILE OR LESS
                                                   8 = SMOKE OR HAZE
[NO. OF DAYS WITH]      [WEATHER - DAYS WITH]      9 = BLOWING SNOW
                                                   X = TORNADO
MAX 32 OR BELOW:   5    0.01 INCH OR MORE:   3
MAX 90 OR ABOVE:   0    0.10 INCH OR MORE:   0
MIN 32 OR BELOW:  24    0.50 INCH OR MORE:   0
MIN  0 OR BELOW:   3    1.00 INCH OR MORE:   0

[HDD (BASE 65) ]
TOTAL THIS MO.   984    CLEAR  (SCALE 0-3)  16
DPTR FM NORMAL  -102    PTCLDY (SCALE 4-7)  13
TOTAL FM JUL 1  3687    CLOUDY (SCALE 8-10)  1
DPTR FM NORMAL  -302

[CDD (BASE 65) ]
TOTAL THIS MO.     0
DPTR FM NORMAL     0    [PRESSURE DATA]
TOTAL FM JAN 1     0    HIGHEST SLP M ON M
DPTR FM NORMAL     0    LOWEST  SLP 29.72 ON 16

[REMARKS]




U.S. Dept. of Commerce
NOAA National Weather Service
1325 East West Highway
Silver Spring, MD 20910
E-mail: w-nws.webmaster@noaa.gov
Page last modified: May 16, 2007
NATIONAL WEATHER SERVICE: for Safety, for Work, for Fun - FOR LIFE