811
CXUS55 KCYS 011939
CF6CYS
PRELIMINARY LOCAL CLIMATOLOGICAL DATA (WS FORM: F-6)     ...CORRECTED...

                                          STATION:   CHEYENNE WYOMING AIRPORT
                                          MONTH:     NOVEMBER
                                          YEAR:      2014
                                          LATITUDE:   41  9 N
                                          LONGITUDE: 104 49 W

  TEMPERATURE IN F:       :PCPN:    SNOW:  WIND      :SUNSHINE: SKY     :PK WND
================================================================================
1   2   3   4   5  6A  6B    7    8   9   10  11  12  13   14  15   16   17  18
                                     12Z  AVG MX 2MIN
DY MAX MIN AVG DEP HDD CDD  WTR  SNW DPTH SPD SPD DIR MIN PSBL S-S WX    SPD DR
================================================================================

 1  66  32  49   8  16   0 0.00  0.0    0  7.2 18 150   M    M   0        23 140
 2  65  40  53  12  12   0 0.03  0.0    0 10.0 22 260   M    M   3 3      28 260
 3  47  27  37  -4  28   0 0.71  3.1    1 10.4 21 350   M    M   7 136    27 360
 4  49  25  37  -3  28   0 0.00  0.0    1 15.0 39 280   M    M   0        49 280
 5  56  34  45   5  20   0 0.00  0.0    T 13.4 31 280   M    M   0        40 290
 6  62  30  46   7  19   0 0.00  0.0    0  9.2 18 200   M    M   0        23 260
 7  61  36  49  10  16   0    T  0.0    0 18.9 36 280   M    M   3        49 290
 8  63  28  46   7  19   0 0.00  0.0    0 10.9 29 280   M    M   0        33 280
 9  64  44  54  16  11   0 0.00  0.0    0 15.0 35 270   M    M   0        40 270
10  52   6  29  -9  36   0 0.10  0.8    0 18.5 37 350   M    M   5 12     48 360
11   8  -4   2 -35  63   0 0.05  1.5    1 11.2 18 360   M    M  10 18     22 360
12   1 -14  -6 -43  71   0 0.01  0.3    2  9.0 18 360   M    M   5        26  10
13   9 -14  -2 -38  67   0    T    T    1 11.9 20 200   M    M   M 18     25 210
14  44   4  24 -12  41   0 0.00  0.0    1  7.5 24 270   M    M   0        32 250
15  23  -2  11 -25  54   0 0.01  0.1    T 14.2 26 350   M    M   6 189    36  10
16  26   0  13 -22  52   0 0.00  0.0    T 20.1 38 320   M    M   1        51 320
17  31  16  24 -11  41   0 0.00  0.0    T 18.4 37 320   M    M   0        52 320
18  43  23  33  -1  32   0 0.00  0.0    T 21.0 40 280   M    M   1        52 280
19  48  23  36   2  29   0 0.00  0.0    T  9.1 24 280   M    M   3        31 270
20  52  21  37   4  28   0 0.00  0.0    0  5.8 17 280   M    M   1 8      22 280
21  51  29  40   7  25   0 0.00  0.0    0 12.4 29 270   M    M   3        37 260
22  55  25  40   8  25   0 0.00  0.0    0 13.1 33 290   M    M   1        43 280
23  39  24  32   0  33   0 0.00  0.0    0 17.1 37 330   M    M   2        48 330
24  34  14  24  -8  41   0 0.09  1.3    0 17.3 32 330   M    M   5 128    47 320
25  42  19  31   0  34   0 0.16  2.5    1 26.6 51 280   M    M   4 18     61 280
26  41  22  32   1  33   0 0.03  0.3    2  7.5 22 350   M    M   8 1      31 360
27  57  41  49  19  16   0 0.00  0.0    1 23.3 37 280   M    M   0        53 280
28  60  43  52  22  13   0 0.00  0.0    0 15.3 29 260   M    M   0        42 260
29  62  45  54  24  11   0 0.00  0.0    0 23.2 44 270   M    M   0        61 250
30  49  13  31   1  34   0    T    T    0 11.0 26 250   M    M   4        34 250
================================================================================
SM 1360  630       948   0  1.19     9.9 423.5          M       72
================================================================================
AV 45.3 21.0                              14.1 FASTST   M    M   2    MAX(MPH)
                                 MISC ---->    51 280               # 61  250
================================================================================
NOTES:
# LAST OF SEVERAL OCCURRENCES

COLUMN 17 PEAK WIND IN M.P.H.

PRELIMINARY LOCAL CLIMATOLOGICAL DATA (WS FORM: F-6) , PAGE 2

                                          STATION:  CHEYENNE WYOMING AIRPORT
                                          MONTH:    NOVEMBER
                                          YEAR:     2014
                                          LATITUDE:   41  9 N
                                          LONGITUDE: 104 49 W

[TEMPERATURE DATA]      [PRECIPITATION DATA]       SYMBOLS USED IN COLUMN 16

AVERAGE MONTHLY: 33.2   TOTAL FOR MONTH:   1.19    1 = FOG OR MIST
DPTR FM NORMAL:  -2.1   DPTR FM NORMAL:    0.60    2 = FOG REDUCING VISIBILITY
HIGHEST:    66 ON  1    GRTST 24HR  0.74 ON  2- 3      TO 1/4 MILE OR LESS
LOWEST:    -14 ON 13,12                            3 = THUNDER
                        SNOW, ICE PELLETS, HAIL    4 = ICE PELLETS
                        TOTAL MONTH:   9.9 INCHES  5 = HAIL
                        GRTST 24HR   3.1 ON  3- 3  6 = FREEZING RAIN OR DRIZZLE
                        GRTST DEPTH:   2 ON 26,12  7 = DUSTSTORM OR SANDSTORM:
                                                       VSBY 1/2 MILE OR LESS
                                                   8 = SMOKE OR HAZE
[NO. OF DAYS WITH]      [WEATHER - DAYS WITH]      9 = BLOWING SNOW
                                                   X = TORNADO
MAX 32 OR BELOW:   6    0.01 INCH OR MORE:   9
MAX 90 OR ABOVE:   0    0.10 INCH OR MORE:   3
MIN 32 OR BELOW:  23    0.50 INCH OR MORE:   1
MIN  0 OR BELOW:   5    1.00 INCH OR MORE:   0

[HDD (BASE 65) ]
TOTAL THIS MO.   948    CLEAR  (SCALE 0-3)  18
DPTR FM NORMAL    59    PTCLDY (SCALE 4-7)  10
TOTAL FM JUL 1  1598    CLOUDY (SCALE 8-10)  1
DPTR FM NORMAL  -150

[CDD (BASE 65) ]
TOTAL THIS MO.     0
DPTR FM NORMAL     0    [PRESSURE DATA]
TOTAL FM JAN 1   301    HIGHEST SLP M ON M
DPTR FM NORMAL   -47    LOWEST  SLP 29.27 ON 10

[REMARKS]
NEW RECORD DAILY PRECIPITATION AMOUNT OF 0.71 INCH SET ON THE 3RD. THE OLD
 RECORD WAS 0.45 INCH SET IN 1889.
TIED RECORD WARMEST LOW TEMPERATURE OF 44 DEGREES ON THE 9TH, LAST SET IN 1962.
TIED RECORD COLDEST HIGH TEMPERAUTE OF 1 DEGREE ON THE 12TH, LAST SET IN 1916.
NEW RECORD WARMEST LOW TEMPERATURE OF 43 DEGREES ON THE 28TH. THE OLD RECORD
 WAS 40 DEGREES SET IN 1899.
NEW RECORD WARMEST LOW TEMPERATURE OF 45 DEGREES ON THE 29TH. THE OLD RECORD
 WAS 41 DEGREES SET IN 1940.

#FINAL-11-14#




U.S. Dept. of Commerce
NOAA National Weather Service
1325 East West Highway
Silver Spring, MD 20910
E-mail: w-nws.webmaster@noaa.gov
Page last modified: May 16, 2007
NATIONAL WEATHER SERVICE: for Safety, for Work, for Fun - FOR LIFE