215
CXUS51 KILN 300723 RRA
CF6CVG

PRELIMINARY LOCAL CLIMATOLOGICAL DATA (WS FORM: F-6)

                                          STATION:   CINCINNATI OH
                                          MONTH:     JANUARY
                                          YEAR:      2015
                                          LATITUDE:   39  2 N
                                          LONGITUDE:  84 40 W

  TEMPERATURE IN F:       :PCPN:    SNOW:  WIND      :SUNSHINE: SKY     :PK WND
================================================================================
1   2   3   4   5  6A  6B    7    8   9   10  11  12  13   14  15   16   17  18
                                     12Z  AVG MX 2MIN
DY MAX MIN AVG DEP HDD CDD  WTR  SNW DPTH SPD SPD DIR MIN PSBL S-S WX    SPD DR
================================================================================

 1  38  20  29  -2  36   0 0.00  0.0    0 10.5 20 230   M    M   6        26 250
 2  38  30  34   3  31   0    T  0.0    0  5.2 10 130   M    M  10 8      12 120
 3  62  36  49  18  16   0 0.90  0.0    0 10.8 28 190   M    M  10 18     38 200
 4  61  23  42  11  23   0 0.27    T    0 16.2 31 270   M    M  10 1      41 270
 5  23  13  18 -13  47   0 0.01  0.2    0 10.2 25 280   M    M   7        30 280
 6  28  18  23  -8  42   0    T    T    T  9.0 21 280   M    M  10        28 270
 7  18   1  10 -21  55   0 0.02  0.4    T 16.6 25 330   M    M   7 8      32 310
 8  25  -2  12 -19  53   0    T    T    T 11.4 25 230   M    M   7 8      35 230
 9  25   8  17 -14  48   0    T  0.1    T 15.4 26 270   M    M   6 8      40 250
10  25   1  13 -18  52   0 0.00  0.0    0  5.5 17 290   M    M   1        20 300
11  40  18  29  -2  36   0 0.18  0.0    0  6.4 15 170   M    M   9        17 180
12  37  27  32   1  33   0 0.26  0.0    0  8.8 21  30   M    M  10 128    26  10
13  28  22  25  -6  40   0    T    T    0 11.3 20  40   M    M   9 8      26  30
14  29  19  24  -7  41   0    T  0.1    0  3.5 13 220   M    M   9 8      14 220
15  40  20  30  -1  35   0 0.00  0.0    0  5.6 13 260   M    M   4 8      17 220
16  41  25  33   2  32   0 0.00  0.0    0  5.2 13 220   M    M   3 18     18 220
17  53  26  40   9  25   0 0.00  0.0    0 12.3 24 210   M    M   4 18     36 190
18  50  36  43  12  22   0 0.08  0.0    0 10.1 22 270   M    M   9 1      30 260
19  52  24  38   7  27   0 0.00  0.0    0  2.1 10 170   M    M   3        13 170
20  55  35  45  14  20   0 0.00  0.0    0  3.0 14 310   M    M   8        17 310
21  50  34  42  11  23   0 0.00  0.0    0  9.5 26 220   M    M   7 18     33 240
22  36  33  35   4  30   0    T  0.0    0  5.8 25 220   M    M  10        28 220
23  38  32  35   4  30   0 0.00  0.0    0  5.0 10 100   M    M  10 8      13 330
24  43  24  34   3  31   0 0.00  0.0    0  8.8 20 290   M    M   7 18     30 210
25  41  31  36   5  29   0 0.49    T    0  8.1 23  10   M    M  10 18     25  10
26  31  20  26  -5  39   0 0.02  0.4    T 10.9 23 350   M    M   9 19     28 350
27  31  19  25  -6  40   0    T    T    T  7.3 14  20   M    M   5 8      18 340
28  36  14  25  -6  40   0 0.00  0.0    T  6.0 16 140   M    M   4 18     23 140
29  50  31  41  10  24   0 0.11    T    0 16.6 29 280   M    M  10 18     39 260
================================================================================
SM 1124  638      1000   0  2.34     1.2 257.1          M      214
================================================================================
AV 38.8 22.0                               8.9 FASTST   M    M   7    MAX(MPH)
                                 MISC ---->  # 31 270               # 41  270
================================================================================
NOTES:
# LAST OF SEVERAL OCCURRENCES

COLUMN 17 PEAK WIND IN M.P.H.

PRELIMINARY LOCAL CLIMATOLOGICAL DATA (WS FORM: F-6) , PAGE 2

                                          STATION:  CINCINNATI OH
                                          MONTH:    JANUARY
                                          YEAR:     2015
                                          LATITUDE:   39  2 N
                                          LONGITUDE:  84 40 W

[TEMPERATURE DATA]      [PRECIPITATION DATA]       SYMBOLS USED IN COLUMN 16

AVERAGE MONTHLY: 30.4   TOTAL FOR MONTH:   2.34    1 = FOG OR MIST
DPTR FM NORMAL:  -0.6   DPTR FM NORMAL:   -0.46    2 = FOG REDUCING VISIBILITY
HIGHEST:    62 ON  3    GRTST 24HR  1.05 ON  3- 4      TO 1/4 MILE OR LESS
LOWEST:     -2 ON  8                               3 = THUNDER
                        SNOW, ICE PELLETS, HAIL    4 = ICE PELLETS
                        TOTAL MONTH:   1.2 INCHES  5 = HAIL
                        GRTST 24HR   0.4 ON   M    6 = FREEZING RAIN OR DRIZZLE
                        GRTST DEPTH:   0           7 = DUSTSTORM OR SANDSTORM:
                                                       VSBY 1/2 MILE OR LESS
                                                   8 = SMOKE OR HAZE
[NO. OF DAYS WITH]      [WEATHER - DAYS WITH]      9 = BLOWING SNOW
                                                   X = TORNADO
MAX 32 OR BELOW:  10    0.01 INCH OR MORE:  10
MAX 90 OR ABOVE:   0    0.10 INCH OR MORE:   6
MIN 32 OR BELOW:  24    0.50 INCH OR MORE:   1
MIN  0 OR BELOW:   1    1.00 INCH OR MORE:   0

[HDD (BASE 65) ]
TOTAL THIS MO.  1000    CLEAR  (SCALE 0-3)   1
DPTR FM NORMAL    14    PTCLDY (SCALE 4-7)  14
TOTAL FM JUL 1  2980    CLOUDY (SCALE 8-10) 14
DPTR FM NORMAL    75

[CDD (BASE 65) ]
TOTAL THIS MO.     0
DPTR FM NORMAL     0    [PRESSURE DATA]
TOTAL FM JAN 1     0    HIGHEST SLP 30.78 ON  8
DPTR FM NORMAL     0    LOWEST  SLP 29.65 ON 25

[REMARKS]







U.S. Dept. of Commerce
NOAA National Weather Service
1325 East West Highway
Silver Spring, MD 20910
E-mail: w-nws.webmaster@noaa.gov
Page last modified: May 16, 2007
NATIONAL WEATHER SERVICE: for Safety, for Work, for Fun - FOR LIFE