977
CXUS53 KUNR 270945
CF6CUT
PRELIMINARY LOCAL CLIMATOLOGICAL DATA (WS FORM: F-6)

                                          STATION:   CUSTER COUNTY AIRPORT SD
                                          MONTH:     JANUARY
                                          YEAR:      2015
                                          LATITUDE:   43 43 N
                                          LONGITUDE: 103 37 W

  TEMPERATURE IN F:       :PCPN:    SNOW:  WIND      :SUNSHINE: SKY     :PK WND
================================================================================
1   2   3   4   5  6A  6B    7    8   9   10  11  12  13   14  15   16   17  18
                                     12Z  AVG MX 2MIN
DY MAX MIN AVG DEP HDD CDD  WTR  SNW DPTH SPD SPD DIR MIN PSBL S-S WX    SPD DR
================================================================================

 1  38  11  25   1  40   0 0.00    M    M  4.0 14 270   M    M   3        17 280
 2  38  20  29   5  36   0 0.00    M    M  6.8 18 280   M    M   4        23 270
 3  35  -2  17  -7  48   0 0.11    M    M  4.8 15 340   M    M   8 18     21 320
 4   6  -4   1 -23  64   0 0.02    M    M  3.8  9 260   M    M   9 18     13 250
 5  36   2  19  -5  46   0 0.06    M    M 10.1 26 280   M    M   7 1      42 320
 6  37   6  22  -2  43   0    T    M    M  5.0 13  50   M    M  10 18     16  50
 7  48  -1  24   0  41   0    T    M    M  7.7 22 280   M    M   4        32 270
 8  47  -5  21  -3  44   0    T    M    M 11.7 26 350   M    M   4        46 350
 9  25 -12   7 -17  58   0 0.00    M    M  4.8 14 270   M    M   0        19 250
10  43  21  32   8  33   0 0.00    M    M  6.0 15 270   M    M   1        22 310
11  35  13  24   0  41   0 0.00    M    M  3.2  9 350   M    M   7        14  10
12  20  11  16  -8  49   0    T    M    M  4.6 10 240   M    M  10 1      14 220
13  39  13  26   2  39   0 0.00    M    M  3.6 14  20   M    M   5 1      34 320
14  44  10  27   3  38   0 0.00    M    M  4.7 14 270   M    M   0        17 260
15  48  24  36  12  29   0 0.00    M    M  8.5 18 270   M    M   0        23 270
16  46  25  36  12  29   0    T    M    M  9.2 22 300   M    M   2        33 280
17  37  28  33   9  32   0    T    M    M 13.9 32 290   M    M   1        49 290
18  48  29  39  15  26   0 0.00    M    M  7.4 23 280   M    M   1        31 290
19  39  28  34  10  31   0 0.01    M    M 11.2 26 290   M    M   3        42 270
20  32  22  27   3  38   0 0.00    M    M 10.6 22 300   M    M   2        30 310
21  29  10  20  -4  45   0    T    M    M  7.5 23 290   M    M   5        32 280
22  41  10  26   2  39   0 0.00    M    M  6.7 15 280   M    M   0        19 280
23  46  27  37  13  28   0 0.00    M    M  7.4 18 360   M    M   5        27  10
24  44  32  38  14  27   0 0.04    M    M 14.9 29 310   M    M   2 1      44 340
25  48  31  40  16  25   0 0.00    M    M 10.6 21 340   M    M   2        37 360
26  61  37  49  25  16   0 0.00    M    M  7.1 20 310   M    M   0        27 310
================================================================================
SM 1010  386       985   0  0.24    M    195.8          M       95
================================================================================
AV 38.8 14.8                               7.5 FASTST   M    M   4    MAX(MPH)
                                 MISC ---->  # 32 290               # 49  290
================================================================================
NOTES:
# LAST OF SEVERAL OCCURRENCES

COLUMN 17 PEAK WIND IN M.P.H.

PRELIMINARY LOCAL CLIMATOLOGICAL DATA (WS FORM: F-6) , PAGE 2

                                          STATION:  CUSTER COUNTY AIRPORT SD
                                          MONTH:    JANUARY
                                          YEAR:     2015
                                          LATITUDE:   43 43 N
                                          LONGITUDE: 103 37 W

[TEMPERATURE DATA]      [PRECIPITATION DATA]       SYMBOLS USED IN COLUMN 16

AVERAGE MONTHLY: 26.8   TOTAL FOR MONTH:   0.24    1 = FOG OR MIST
DPTR FM NORMAL:   2.8   DPTR FM NORMAL:   -0.02    2 = FOG REDUCING VISIBILITY
HIGHEST:    61 ON 26    GRTST 24HR  0.11 ON  3- 3      TO 1/4 MILE OR LESS
LOWEST:    -12 ON  9                               3 = THUNDER
                        SNOW, ICE PELLETS, HAIL    4 = ICE PELLETS
                        TOTAL MONTH:    M          5 = HAIL
                        GRTST 24HR    M  ON   M    6 = FREEZING RAIN OR DRIZZLE
                        GRTST DEPTH:  M  ON   M    7 = DUSTSTORM OR SANDSTORM:
                                                       VSBY 1/2 MILE OR LESS
                                                   8 = SMOKE OR HAZE
[NO. OF DAYS WITH]      [WEATHER - DAYS WITH]      9 = BLOWING SNOW
                                                   X = TORNADO
MAX 32 OR BELOW:   5    0.01 INCH OR MORE:   5
MAX 90 OR ABOVE:   0    0.10 INCH OR MORE:   1
MIN 32 OR BELOW:  25    0.50 INCH OR MORE:   0
MIN  0 OR BELOW:   5    1.00 INCH OR MORE:   0

[HDD (BASE 65) ]
TOTAL THIS MO.   985    CLEAR  (SCALE 0-3)  13
DPTR FM NORMAL   -81    PTCLDY (SCALE 4-7)  10
TOTAL FM JUL 1  4216    CLOUDY (SCALE 8-10)  3
DPTR FM NORMAL  -320

[CDD (BASE 65) ]
TOTAL THIS MO.     0
DPTR FM NORMAL     0    [PRESSURE DATA]
TOTAL FM JAN 1     0    HIGHEST SLP M ON M
DPTR FM NORMAL     0    LOWEST  SLP 29.66 ON 16

[REMARKS]




U.S. Dept. of Commerce
NOAA National Weather Service
1325 East West Highway
Silver Spring, MD 20910
E-mail: w-nws.webmaster@noaa.gov
Page last modified: May 16, 2007
NATIONAL WEATHER SERVICE: for Safety, for Work, for Fun - FOR LIFE