910
CXUS53 KUNR 300945
CF6CUT
PRELIMINARY LOCAL CLIMATOLOGICAL DATA (WS FORM: F-6)

                                          STATION:   CUSTER COUNTY AIRPORT SD
                                          MONTH:     JULY
                                          YEAR:      2014
                                          LATITUDE:   43 43 N
                                          LONGITUDE: 103 37 W

  TEMPERATURE IN F:       :PCPN:    SNOW:  WIND      :SUNSHINE: SKY     :PK WND
================================================================================
1   2   3   4   5  6A  6B    7    8   9   10  11  12  13   14  15   16   17  18
                                     12Z  AVG MX 2MIN
DY MAX MIN AVG DEP HDD CDD  WTR  SNW DPTH SPD SPD DIR MIN PSBL S-S WX    SPD DR
================================================================================

 1  64  44  54 -10  11   0 0.00    M    M  9.2 22 300   M    M   5        31 300
 2  71  41  56  -8   9   0 0.00    M    M  5.5 14 110   M    M   1        25 220
 3  77  45  61  -3   4   0 0.00    M    M  5.1 16 120   M    M   0        20 120
 4  87  59  73   9   0   8    T    M    M  6.4 18 280   M    M   1 3      22 280
 5  89  56  73   8   0   8 0.00    M    M  5.3 13 180   M    M   0        19 170
 6  82  61  72   7   0   7 0.00    M    M  5.5 14  90   M    M   2 3      17 110
 7  77  50  64  -1   1   0 0.37    M    M  6.5 24 310   M    M   3 13     47 330
 8  71  47  59  -6   6   0 0.00    M    M  5.8 17 100   M    M   2        21 100
 9  73  49  61  -4   4   0 0.00    M    M  7.7 16  70   M    M   2        21  70
10  80  57  69   3   0   4 0.28    M    M  5.9 22  40   M    M   3 13     28  60
11  80  57  69   3   0   4 0.13    M    M  5.8 18  80   M    M   5 13     24 140
12  80  53  67   1   0   2 0.02    M    M  4.7 17  60   M    M   3 3      23 280
13  77  50  64  -2   1   0 0.00    M    M  6.4 15 280   M    M   2        20 260
14  71  44  58  -8   7   0 0.00    M    M  7.0 15  60   M    M   1        20  30
15  66  38  52 -14  13   0 0.00    M    M  7.1 15 110   M    M   1        22 100
16  69  49  59  -7   6   0 0.00    M    M  4.7 16 100   M    M   5        20 100
17  76  49  63  -3   2   0 0.00    M    M  4.4 12 270   M    M   0 1      15 270
18  86  52  69   3   0   4 0.08    M    M  6.0 21  50   M    M   2 3      28  40
19  83  55  69   3   0   4 0.13    M    M  5.5 17  50   M    M   1 38     25 250
20  87  55  71   5   0   6 0.00    M    M  6.2 15  80   M    M   1        20  70
21  91  63  77  11   0  12 0.00    M    M 10.2 25 280   M    M   0 3      38 250
22  83  57  70   4   0   5 0.39    M    M  8.5 28  80   M    M   2 13     41  60
23  81  53  67   1   0   2 0.04    M    M  7.1 22 350   M    M   1 13     34 350
24  95  62  79  13   0  14 0.00    M    M  8.4 23 270   M    M   0        32 270
25  78  56  67   1   0   2 0.00    M    M  6.1 14 350   M    M   0        21 350
26  81  54  68   2   0   3 0.00    M    M  7.2 16 280   M    M   0        24 280
27  77  49  63  -3   2   0 0.00    M    M  6.9 15  70   M    M   0        20 100
28  75  48  62  -4   3   0 0.00    M    M  6.7 16 100   M    M   0        21 110
29  65  50  58  -8   7   0    T    M    M  3.1 10 280   M    M   5 3      12 270
================================================================================
SM 2272 1503        76  85  1.44    M    184.9          M       48
================================================================================
AV 78.3 51.8                               6.4 FASTST   M    M   2    MAX(MPH)
                                 MISC ---->  # 28  80               # 47  330
================================================================================
NOTES:
# LAST OF SEVERAL OCCURRENCES

COLUMN 17 PEAK WIND IN M.P.H.

PRELIMINARY LOCAL CLIMATOLOGICAL DATA (WS FORM: F-6) , PAGE 2

                                          STATION:  CUSTER COUNTY AIRPORT SD
                                          MONTH:    JULY
                                          YEAR:     2014
                                          LATITUDE:   43 43 N
                                          LONGITUDE: 103 37 W

[TEMPERATURE DATA]      [PRECIPITATION DATA]       SYMBOLS USED IN COLUMN 16

AVERAGE MONTHLY: 65.1   TOTAL FOR MONTH:   1.44    1 = FOG OR MIST
DPTR FM NORMAL:  -0.5   DPTR FM NORMAL:   -0.85    2 = FOG REDUCING VISIBILITY
HIGHEST:    95 ON 24    GRTST 24HR  0.43 ON 22-23      TO 1/4 MILE OR LESS
LOWEST:     38 ON 15                               3 = THUNDER
                        SNOW, ICE PELLETS, HAIL    4 = ICE PELLETS
                        TOTAL MONTH:    M          5 = HAIL
                        GRTST 24HR    M  ON   M    6 = FREEZING RAIN OR DRIZZLE
                        GRTST DEPTH:  M  ON   M    7 = DUSTSTORM OR SANDSTORM:
                                                       VSBY 1/2 MILE OR LESS
                                                   8 = SMOKE OR HAZE
[NO. OF DAYS WITH]      [WEATHER - DAYS WITH]      9 = BLOWING SNOW
                                                   X = TORNADO
MAX 32 OR BELOW:   0    0.01 INCH OR MORE:   8
MAX 90 OR ABOVE:   2    0.10 INCH OR MORE:   5
MIN 32 OR BELOW:   0    0.50 INCH OR MORE:   0
MIN  0 OR BELOW:   0    1.00 INCH OR MORE:   0

[HDD (BASE 65) ]
TOTAL THIS MO.    76    CLEAR  (SCALE 0-3)  25
DPTR FM NORMAL    14    PTCLDY (SCALE 4-7)   4
TOTAL FM JUL 1    76    CLOUDY (SCALE 8-10)  0
DPTR FM NORMAL    14

[CDD (BASE 65) ]
TOTAL THIS MO.    85
DPTR FM NORMAL     8    [PRESSURE DATA]
TOTAL FM JAN 1    90    HIGHEST SLP M ON M
DPTR FM NORMAL   -13    LOWEST  SLP 29.54 ON 24

[REMARKS]




U.S. Dept. of Commerce
NOAA National Weather Service
1325 East West Highway
Silver Spring, MD 20910
E-mail: w-nws.webmaster@noaa.gov
Page last modified: May 16, 2007
NATIONAL WEATHER SERVICE: for Safety, for Work, for Fun - FOR LIFE