322
CXUS53 KUNR 250945
CF6CUT
PRELIMINARY LOCAL CLIMATOLOGICAL DATA (WS FORM: F-6)

                                          STATION:   CUSTER COUNTY AIRPORT SD
                                          MONTH:     NOVEMBER
                                          YEAR:      2014
                                          LATITUDE:   43 43 N
                                          LONGITUDE: 103 37 W

  TEMPERATURE IN F:       :PCPN:    SNOW:  WIND      :SUNSHINE: SKY     :PK WND
================================================================================
1   2   3   4   5  6A  6B    7    8   9   10  11  12  13   14  15   16   17  18
                                     12Z  AVG MX 2MIN
DY MAX MIN AVG DEP HDD CDD  WTR  SNW DPTH SPD SPD DIR MIN PSBL S-S WX    SPD DR
================================================================================

 1  68  34  51  13  14   0 0.00    M    M  4.8 14 240   M    M   0        21 220
 2  56  40  48  11  17   0 0.00    M    M  9.9 25 270   M    M   2        38 280
 3  45  28  37   0  28   0 0.00    M    M  7.0 13 360   M    M   4        17 350
 4  50  29  40   3  25   0 0.00    M    M 10.3 20 260   M    M   0        28 270
 5  47  29  38   2  27   0 0.00    M    M  9.8 24 310   M    M   3        36 300
 6  59  28  44   8  21   0 0.00    M    M  6.8 14 270   M    M   0        19 260
 7  56  37  47  12  18   0 0.01    M    M  9.3 28 330   M    M   4        45 330
 8  56  28  42   7  23   0 0.00    M    M  7.6 22 300   M    M   0        34 300
 9  52  37  45  11  20   0    T    M    M  4.0 14  50   M    M   3        19  40
10  41   7  24 -10  41   0 0.38    M    M  6.4 18  40   M    M  10 128    27  40
11   8  -9   0 -34  65   0 0.08    M    M  4.5 10 360   M    M   7 18     16 330
12   8 -12  -2 -35  67   0 0.01    M    M  3.9 12 330   M    M   3 18     15 330
13   9 -14  -2 -35  67   0 0.00    M    M  4.6 12 210   M    M   0        15 200
14  21  -7   7 -25  58   0 0.23    M    M  4.1  9  40   M    M   7 128    11  30
15  11  -9   1 -31  64   0 0.14    M    M  3.3 10 350   M    M   8 18     15 350
16  21  -3   9 -22  56   0    T    M    M 10.9 26 310   M    M   2        40 310
17  20   3  12 -19  53   0 0.00    M    M  8.3 17 320   M    M   0        29 330
18  37   9  23  -7  42   0 0.00    M    M 13.6 26 300   M    M   0        42 300
19  32  18  25  -5  40   0 0.00    M    M  5.9 17 280   M    M   0 8      24 280
20  43  17  30   0  35   0 0.00    M    M  6.3 15 270   M    M   0        21 270
21  48  21  35   6  30   0 0.00    M    M  4.4 13  40   M    M   1        15  70
22  44  25  35   6  30   0 0.00    M    M 11.8 24 270   M    M   1        34 340
23  34  26  30   2  35   0    T    M    M 14.2 29 300   M    M   4        47 290
24  32  23  28   0  37   0 0.03    M    M  9.1 18 300   M    M   4 1      30 350
================================================================================
SM  898  385       913   0  0.88    M    180.8          M       63
================================================================================
AV 37.4 16.0                               7.5 FASTST   M    M   3    MAX(MPH)
                                 MISC ---->  # 29 300               # 47  290
================================================================================
NOTES:
# LAST OF SEVERAL OCCURRENCES

COLUMN 17 PEAK WIND IN M.P.H.

PRELIMINARY LOCAL CLIMATOLOGICAL DATA (WS FORM: F-6) , PAGE 2

                                          STATION:  CUSTER COUNTY AIRPORT SD
                                          MONTH:    NOVEMBER
                                          YEAR:     2014
                                          LATITUDE:   43 43 N
                                          LONGITUDE: 103 37 W

[TEMPERATURE DATA]      [PRECIPITATION DATA]       SYMBOLS USED IN COLUMN 16

AVERAGE MONTHLY: 26.7   TOTAL FOR MONTH:   0.88    1 = FOG OR MIST
DPTR FM NORMAL:  -6.1   DPTR FM NORMAL:    0.37    2 = FOG REDUCING VISIBILITY
HIGHEST:    68 ON  1    GRTST 24HR  0.38 ON 10-10      TO 1/4 MILE OR LESS
LOWEST:    -14 ON 13                               3 = THUNDER
                        SNOW, ICE PELLETS, HAIL    4 = ICE PELLETS
                        TOTAL MONTH:    M          5 = HAIL
                        GRTST 24HR    M  ON   M    6 = FREEZING RAIN OR DRIZZLE
                        GRTST DEPTH:  M  ON   M    7 = DUSTSTORM OR SANDSTORM:
                                                       VSBY 1/2 MILE OR LESS
                                                   8 = SMOKE OR HAZE
[NO. OF DAYS WITH]      [WEATHER - DAYS WITH]      9 = BLOWING SNOW
                                                   X = TORNADO
MAX 32 OR BELOW:   9    0.01 INCH OR MORE:   7
MAX 90 OR ABOVE:   0    0.10 INCH OR MORE:   3
MIN 32 OR BELOW:  20    0.50 INCH OR MORE:   0
MIN  0 OR BELOW:   6    1.00 INCH OR MORE:   0

[HDD (BASE 65) ]
TOTAL THIS MO.   913    CLEAR  (SCALE 0-3)  15
DPTR FM NORMAL   143    PTCLDY (SCALE 4-7)   8
TOTAL FM JUL 1  1869    CLOUDY (SCALE 8-10)  1
DPTR FM NORMAL   -80

[CDD (BASE 65) ]
TOTAL THIS MO.     0
DPTR FM NORMAL     0    [PRESSURE DATA]
TOTAL FM JAN 1   152    HIGHEST SLP M ON M
DPTR FM NORMAL   -25    LOWEST  SLP 29.39 ON 22

[REMARKS]




U.S. Dept. of Commerce
NOAA National Weather Service
1325 East West Highway
Silver Spring, MD 20910
E-mail: w-nws.webmaster@noaa.gov
Page last modified: May 16, 2007
NATIONAL WEATHER SERVICE: for Safety, for Work, for Fun - FOR LIFE