652
CXUS55 KCAE 201400
CF6CUB
PRELIMINARY LOCAL CLIMATOLOGICAL DATA (WS FORM: F-6)

                                          STATION:   HAMILTON - OWENS AIRPORT SC
                                          MONTH:     APRIL
                                          YEAR:      2014
                                          LATITUDE:   33 58 N
                                          LONGITUDE:  80 59 W

  TEMPERATURE IN F:       :PCPN:    SNOW:  WIND      :SUNSHINE: SKY     :PK WND
================================================================================
1   2   3   4   5  6A  6B    7    8   9   10  11  12  13   14  15   16   17  18
                                     12Z  AVG MX 2MIN
DY MAX MIN AVG DEP HDD CDD  WTR  SNW DPTH SPD SPD DIR MIN PSBL S-S WX    SPD DR
================================================================================

 1  86  46  66   5   0   1 0.00    M    M  3.1 15 270   M    M   0 8      21 300
 2  89  48  69   8   0   4 0.00    M    M  4.2 16 220   M    M   0        23 220
 3  88  56  72  10   0   7 0.00    M    M  4.3 20 180   M    M   1        28 200
 4  85  57  71   9   0   6 0.00    M    M  8.8 23 250   M    M   1        30 240
 5  81  59  70   8   0   5 0.00    M    M  5.6 15 260   M    M   0        19 270
 6  61  56  59  -3   6   0 0.00    M    M  3.9  9  80   M    M   4        17  90
 7  65  52  59  -3   6   0 0.52    M    M  3.6 12 190   M    M   9 138    18 330
 8  69  58  64   1   1   0 0.00    M    M  7.1 15 220   M    M   4        24 220
 9  73  49  61  -2   4   0    T    M    M  3.8 18 300   M    M   3        25 300
10  78  44  61  -2   4   0 0.00    M    M  3.5 13 230   M    M   0        18 240
11  81  49  65   2   0   0 0.00    M    M  5.6 17 230   M    M   1        24 220
12  83  52  68   4   0   3 0.00    M    M  1.2 12 190   M    M   0 1      15 190
13  83  57  70   6   0   5 0.00    M    M  4.5 13 170   M    M   2        20 190
14  83  63  73   9   0   8 0.14    M    M  5.6 14 180   M    M   4 1      19 180
15  74  46  60  -4   5   0 0.18    M    M  9.5 22 200   M    M   8 18     31 220
16  61  39  50 -14  15   0 0.00    M    M  5.5 13  40   M    M   0        22  40
17  69  39  54 -11  11   0 0.00    M    M  4.3 12  40   M    M   0        26  80
18  61  51  56  -9   9   0 1.25    M    M  5.5 12  60   M    M   6 1      23  50
19  58  50  54 -11  11   0 0.58    M    M  6.6 12  30   M    M  10 18     22  40
================================================================================
SM 1428  971        72  39  2.67    M     96.2          M       53
================================================================================
AV 75.2 51.1                               5.1 FASTST   M    M   3    MAX(MPH)
                                 MISC ---->  # 23 250               # 31  220
================================================================================
NOTES:
# LAST OF SEVERAL OCCURRENCES

COLUMN 17 PEAK WIND IN M.P.H.

PRELIMINARY LOCAL CLIMATOLOGICAL DATA (WS FORM: F-6) , PAGE 2

                                          STATION:  HAMILTON - OWENS AIRPORT SC
                                          MONTH:    APRIL
                                          YEAR:     2014
                                          LATITUDE:   33 58 N
                                          LONGITUDE:  80 59 W

[TEMPERATURE DATA]      [PRECIPITATION DATA]       SYMBOLS USED IN COLUMN 16

AVERAGE MONTHLY: 63.1   TOTAL FOR MONTH:   2.67    1 = FOG OR MIST
DPTR FM NORMAL:   0.0   DPTR FM NORMAL:    0.88    2 = FOG REDUCING VISIBILITY
HIGHEST:    89 ON  2    GRTST 24HR  1.78 ON 18-19      TO 1/4 MILE OR LESS
LOWEST:     39 ON 17,16                            3 = THUNDER
                        SNOW, ICE PELLETS, HAIL    4 = ICE PELLETS
                        TOTAL MONTH:    M          5 = HAIL
                        GRTST 24HR    M  ON   M    6 = FREEZING RAIN OR DRIZZLE
                        GRTST DEPTH:  M  ON   M    7 = DUSTSTORM OR SANDSTORM:
                                                       VSBY 1/2 MILE OR LESS
                                                   8 = SMOKE OR HAZE
[NO. OF DAYS WITH]      [WEATHER - DAYS WITH]      9 = BLOWING SNOW
                                                   X = TORNADO
MAX 32 OR BELOW:   0    0.01 INCH OR MORE:   5
MAX 90 OR ABOVE:   0    0.10 INCH OR MORE:   5
MIN 32 OR BELOW:   0    0.50 INCH OR MORE:   3
MIN  0 OR BELOW:   0    1.00 INCH OR MORE:   1

[HDD (BASE 65) ]
TOTAL THIS MO.    72    CLEAR  (SCALE 0-3)  12
DPTR FM NORMAL    -5    PTCLDY (SCALE 4-7)   5
TOTAL FM JUL 1  2456    CLOUDY (SCALE 8-10)  2
DPTR FM NORMAL   176

[CDD (BASE 65) ]
TOTAL THIS MO.    39
DPTR FM NORMAL    -5    [PRESSURE DATA]
TOTAL FM JAN 1    47    HIGHEST SLP M ON M
DPTR FM NORMAL   -15    LOWEST  SLP 29.61 ON 15

[REMARKS]




U.S. Dept. of Commerce
NOAA National Weather Service
1325 East West Highway
Silver Spring, MD 20910
E-mail: w-nws.webmaster@noaa.gov
Page last modified: May 16, 2007
NATIONAL WEATHER SERVICE: for Safety, for Work, for Fun - FOR LIFE