676
CXUS55 KCAE 011400
CF6CUB
PRELIMINARY LOCAL CLIMATOLOGICAL DATA (WS FORM: F-6)

                                          STATION:   HAMILTON - OWENS AIRPORT SC
                                          MONTH:     NOVEMBER
                                          YEAR:      2014
                                          LATITUDE:   33 58 N
                                          LONGITUDE:  80 59 W

  TEMPERATURE IN F:       :PCPN:    SNOW:  WIND      :SUNSHINE: SKY     :PK WND
================================================================================
1   2   3   4   5  6A  6B    7    8   9   10  11  12  13   14  15   16   17  18
                                     12Z  AVG MX 2MIN
DY MAX MIN AVG DEP HDD CDD  WTR  SNW DPTH SPD SPD DIR MIN PSBL S-S WX    SPD DR
================================================================================

 1  56  38  47 -13  18   0 0.76    M    M  9.6 20 280   M    M   7 1      30 320
 2  58  36  47 -13  18   0 0.00    M    M  4.6 13 300   M    M   0 1      21 350
 3  64  33  49 -10  16   0 0.00    M    M  0.5  7 240   M    M   0 18      9 240
 4  70  38  54  -5  11   0 0.00    M    M  1.5 10 190   M    M   0 1      14 190
 5  73  49  61   2   4   0 0.00    M    M  1.2 10 270   M    M   0 1      13 260
 6  79  58  69  10   0   4 0.00    M    M  6.7 18 250   M    M   3 1      28 260
 7  65  43  54  -4  11   0 0.00    M    M  2.6 16 290   M    M   0 18     26 280
 8  62  39  51  -7  14   0 0.00    M    M  1.1  6 230   M    M   0 18     10  40
 9  67  45  56  -2   9   0 0.00    M    M  0.7  7 350   M    M   3 1       9 330
10  69  40  55  -3  10   0 0.00    M    M  1.5  8  70   M    M   0 1      12  70
11  79  48  64   7   1   0 0.00    M    M  2.0  9 340   M    M   1 1      14 350
12  78  46  62   5   3   0 0.00    M    M  1.0  8 300   M    M   1 1      11 280
13  64  51  58   1   7   0 0.00    M    M  5.2 13 270   M    M   3 1      16 260
14  52  35  44 -12  21   0 0.00    M    M  3.7 12  30   M    M   7 8      20  40
15  50  31  41 -15  24   0 0.00    M    M  2.6  9  40   M    M   0 8      15  40
16  49  32  41 -15  24   0 0.00    M    M  1.4  7  80   M    M   9         9  80
17  69  41  55  -1  10   0 0.41    M    M  7.2 22 280   M    M   7 1238   28 270
18  42  27  35 -20  30   0 0.00    M    M  6.4 16 270   M    M   0 8      21 320
19  50  22  36 -19  29   0 0.00    M    M  2.0 10 240   M    M   0        16 210
20  63  28  46  -9  19   0 0.00    M    M  4.6 18 260   M    M   0 8      26 240
21  64  34  49  -6  16   0 0.00    M    M  1.6 13 320   M    M   0 18     22 340
22  63  30  47  -7  18   0 0.00    M    M  1.7  9  70   M    M   1 8      13  60
23  68  48  58   4   7   0 2.39    M    M  4.9 25 210   M    M   9 13     42 200
24  75  63  69  15   0   4 0.02    M    M  6.2 17 220   M    M   7 3      25 220
25  63  57  60   6   5   0 0.17    M    M  1.9  8 280   M    M   8 18     13 190
26  58  41  50  -3  15   0 0.75    M    M  4.5 14 300   M    M   6 1      20 350
27  56  37  47  -6  18   0 0.00    M    M  6.7 21 290   M    M   2        32 290
28  49  29  39 -14  26   0 0.00    M    M  2.3  8 290   M    M   0 18     13 330
29  60  30  45  -7  20   0 0.00    M    M  2.0 10 190   M    M   0 1      13 200
30  71  37  54   2  11   0 0.00    M    M  3.0 14 260   M    M   0 1      19 230
================================================================================
SM 1886 1186       415   8  4.50    M    100.9          M       74
================================================================================
AV 62.9 39.5                               3.4 FASTST   M    M   2    MAX(MPH)
                                 MISC ---->  # 25 210               # 42  200
================================================================================
NOTES:
# LAST OF SEVERAL OCCURRENCES

COLUMN 17 PEAK WIND IN M.P.H.

PRELIMINARY LOCAL CLIMATOLOGICAL DATA (WS FORM: F-6) , PAGE 2

                                          STATION:  HAMILTON - OWENS AIRPORT SC
                                          MONTH:    NOVEMBER
                                          YEAR:     2014
                                          LATITUDE:   33 58 N
                                          LONGITUDE:  80 59 W

[TEMPERATURE DATA]      [PRECIPITATION DATA]       SYMBOLS USED IN COLUMN 16

AVERAGE MONTHLY: 51.2   TOTAL FOR MONTH:   4.50    1 = FOG OR MIST
DPTR FM NORMAL:  -4.9   DPTR FM NORMAL:    1.51    2 = FOG REDUCING VISIBILITY
HIGHEST:    79 ON 11, 6 GRTST 24HR  2.39 ON 23-23      TO 1/4 MILE OR LESS
LOWEST:     22 ON 19                               3 = THUNDER
                        SNOW, ICE PELLETS, HAIL    4 = ICE PELLETS
                        TOTAL MONTH:    M          5 = HAIL
                        GRTST 24HR    M  ON   M    6 = FREEZING RAIN OR DRIZZLE
                        GRTST DEPTH:  M  ON   M    7 = DUSTSTORM OR SANDSTORM:
                                                       VSBY 1/2 MILE OR LESS
                                                   8 = SMOKE OR HAZE
[NO. OF DAYS WITH]      [WEATHER - DAYS WITH]      9 = BLOWING SNOW
                                                   X = TORNADO
MAX 32 OR BELOW:   0    0.01 INCH OR MORE:   6
MAX 90 OR ABOVE:   0    0.10 INCH OR MORE:   5
MIN 32 OR BELOW:   8    0.50 INCH OR MORE:   3
MIN  0 OR BELOW:   0    1.00 INCH OR MORE:   1

[HDD (BASE 65) ]
TOTAL THIS MO.   415    CLEAR  (SCALE 0-3)  21
DPTR FM NORMAL   133    PTCLDY (SCALE 4-7)   7
TOTAL FM JUL 1   475    CLOUDY (SCALE 8-10)  2
DPTR FM NORMAL   104

[CDD (BASE 65) ]
TOTAL THIS MO.     8
DPTR FM NORMAL    -6    [PRESSURE DATA]
TOTAL FM JAN 1  2415    HIGHEST SLP 30.57 ON 22
DPTR FM NORMAL   159    LOWEST  SLP 29.67 ON 17

[REMARKS]
#FINAL-11-14#




U.S. Dept. of Commerce
NOAA National Weather Service
1325 East West Highway
Silver Spring, MD 20910
E-mail: w-nws.webmaster@noaa.gov
Page last modified: May 16, 2007
NATIONAL WEATHER SERVICE: for Safety, for Work, for Fun - FOR LIFE