371
CXUS55 KCAE 291400
CF6CUB
PRELIMINARY LOCAL CLIMATOLOGICAL DATA (WS FORM: F-6)

                                          STATION:   HAMILTON - OWENS AIRPORT SC
                                          MONTH:     JULY
                                          YEAR:      2014
                                          LATITUDE:   33 58 N
                                          LONGITUDE:  80 59 W

  TEMPERATURE IN F:       :PCPN:    SNOW:  WIND      :SUNSHINE: SKY     :PK WND
================================================================================
1   2   3   4   5  6A  6B    7    8   9   10  11  12  13   14  15   16   17  18
                                     12Z  AVG MX 2MIN
DY MAX MIN AVG DEP HDD CDD  WTR  SNW DPTH SPD SPD DIR MIN PSBL S-S WX    SPD DR
================================================================================

 1  94  72  83   1   0  18 0.00    M    M  2.7  7 170   M    M   2 1      14 190
 2  95  75  85   3   0  20 0.00    M    M  4.5 12 170   M    M   1        19 180
 3  94  76  85   3   0  20 0.10    M    M  2.6 16 310   M    M   3 138    22 290
 4  90  72  81  -1   0  16 0.00    M    M  2.8  9 330   M    M   2 8      16  60
 5  86  71  79  -3   0  14 0.00    M    M  4.7 12  70   M    M   2        19  80
 6  87  69  78  -4   0  13 0.00    M    M  2.8  9 130   M    M   3        14 160
 7  91  71  81  -1   0  16 0.25    M    M  2.0 23 180   M    M   1 13     28 170
 8  96  73  85   3   0  20 0.00    M    M  4.7 13 270   M    M   2 1      22 250
 9  97  72  85   2   0  20 0.06    M    M  4.4 20 290   M    M   2 18     31 300
10  91  71  81  -2   0  16 0.85    M    M  3.1 16 250   M    M   4 138    25 260
11  86  70  78  -5   0  13    T    M    M  1.4  7 130   M    M   5 1      12 140
12  94  72  83   0   0  18 0.00    M    M  1.8  9 150   M    M   3 1      14 140
13  93  72  83   0   0  18 0.00    M    M  3.0 10 180   M    M   1        14 170
14  97  75  86   3   0  21 0.00    M    M  4.6 18 210   M    M   2        26 250
15  91  75  83   0   0  18 0.34    M    M  5.5 18 210   M    M   3 38     27 200
16  88  71  80  -3   0  15    T    M    M  1.7  9 330   M    M   5        13 350
17  88  68  78  -5   0  13 0.00    M    M  3.0  8  70   M    M   1        13 110
18  90  70  80  -3   0  15 0.00    M    M  2.5  9 170   M    M   1 18     14 170
19  82  71  77  -6   0  12 0.01    M    M  1.7  6 100   M    M   6        10 100
20  90  74  82  -1   0  17 0.03    M    M  2.4 12 170   M    M   8 3      18 160
21  85  73  79  -4   0  14 1.14    M    M  2.0 13 330   M    M   7 138    20 320
22  88  73  81  -2   0  16 0.11    M    M  2.1  9 150   M    M   6 1      14 140
23  92  74  83   0   0  18 0.00    M    M  3.5 12 260   M    M   3 12     15 270
24  95  76  86   3   0  21 0.00    M    M  6.3 17 270   M    M   2        24 240
25  90  74  82  -1   0  17 0.02    M    M  2.3 12 260   M    M   5        14 260
26  93  72  83   0   0  18 0.00    M    M  2.1  9 180   M    M   2 1      13 110
27  98  73  86   3   0  21 0.00    M    M  5.1 14 260   M    M   0        18 270
28  99  78  89   6   0  24 0.00    M    M  7.6 22 280   M    M   1        33 270
================================================================================
SM 2560 2033         0 482  2.91    M     92.9          M       83
================================================================================
AV 91.4 72.6                               3.3 FASTST   M    M   3    MAX(MPH)
                                 MISC ---->  # 23 180               # 33  270
================================================================================
NOTES:
# LAST OF SEVERAL OCCURRENCES

COLUMN 17 PEAK WIND IN M.P.H.

PRELIMINARY LOCAL CLIMATOLOGICAL DATA (WS FORM: F-6) , PAGE 2

                                          STATION:  HAMILTON - OWENS AIRPORT SC
                                          MONTH:    JULY
                                          YEAR:     2014
                                          LATITUDE:   33 58 N
                                          LONGITUDE:  80 59 W

[TEMPERATURE DATA]      [PRECIPITATION DATA]       SYMBOLS USED IN COLUMN 16

AVERAGE MONTHLY: 82.0   TOTAL FOR MONTH:   2.91    1 = FOG OR MIST
DPTR FM NORMAL:  -0.7   DPTR FM NORMAL:   -1.82    2 = FOG REDUCING VISIBILITY
HIGHEST:    99 ON 28    GRTST 24HR  1.25 ON 21-22      TO 1/4 MILE OR LESS
LOWEST:     68 ON 17                               3 = THUNDER
                        SNOW, ICE PELLETS, HAIL    4 = ICE PELLETS
                        TOTAL MONTH:    M          5 = HAIL
                        GRTST 24HR    M  ON   M    6 = FREEZING RAIN OR DRIZZLE
                        GRTST DEPTH:  M  ON   M    7 = DUSTSTORM OR SANDSTORM:
                                                       VSBY 1/2 MILE OR LESS
                                                   8 = SMOKE OR HAZE
[NO. OF DAYS WITH]      [WEATHER - DAYS WITH]      9 = BLOWING SNOW
                                                   X = TORNADO
MAX 32 OR BELOW:   0    0.01 INCH OR MORE:  10
MAX 90 OR ABOVE:  20    0.10 INCH OR MORE:   6
MIN 32 OR BELOW:   0    0.50 INCH OR MORE:   2
MIN  0 OR BELOW:   0    1.00 INCH OR MORE:   1

[HDD (BASE 65) ]
TOTAL THIS MO.     0    CLEAR  (SCALE 0-3)  18
DPTR FM NORMAL     0    PTCLDY (SCALE 4-7)   9
TOTAL FM JUL 1     0    CLOUDY (SCALE 8-10)  1
DPTR FM NORMAL     0

[CDD (BASE 65) ]
TOTAL THIS MO.   482
DPTR FM NORMAL   -15    [PRESSURE DATA]
TOTAL FM JAN 1  1369    HIGHEST SLP M ON M
DPTR FM NORMAL   103    LOWEST  SLP 29.75 ON 28

[REMARKS]




U.S. Dept. of Commerce
NOAA National Weather Service
1325 East West Highway
Silver Spring, MD 20910
E-mail: w-nws.webmaster@noaa.gov
Page last modified: May 16, 2007
NATIONAL WEATHER SERVICE: for Safety, for Work, for Fun - FOR LIFE