140
CXUS56 KTFX 241205
CF6CTB
PRELIMINARY LOCAL CLIMATOLOGICAL DATA (WS FORM: F-6)

                                          STATION:   CUT BANK MT
                                          MONTH:     APRIL
                                          YEAR:      2014
                                          LATITUDE:   48 37 N
                                          LONGITUDE: 112 23 W

  TEMPERATURE IN F:       :PCPN:    SNOW:  WIND      :SUNSHINE: SKY     :PK WND
================================================================================
1   2   3   4   5  6A  6B    7    8   9   10  11  12  13   14  15   16   17  18
                                     12Z  AVG MX 2MIN
DY MAX MIN AVG DEP HDD CDD  WTR  SNW DPTH SPD SPD DIR MIN PSBL S-S WX    SPD DR
================================================================================

 1  34  26  30  -7  35   0 0.00    M    0  6.1 10 110   M    M  10 1      13  90
 2  45  26  36  -1  29   0 0.03    M    0  6.8 24 290   M    M   7 1      30 290
 3  46  25  36  -1  29   0 0.00    M    0  8.0 15 150   M    M   5 1      21 140
 4  51  33  42   4  23   0 0.00    M    0 17.4 37 250   M    M   0        43 250
 5  51  32  42   4  23   0 0.00    M    0 20.4 30 250   M    M   1        37 260
 6  55  30  43   5  22   0 0.01    M    0 17.1 35 310   M    M   4        43 320
 7  63  27  45   7  20   0 0.00    M    0 14.3 33 270   M    M   0        39 270
 8  68  48  58  19   7   0 0.00    M    0 21.8 35 260   M    M   0        41 260
 9  57  32  45   6  20   0    T    M    0 18.0 49 260   M    M   4 1      62 260
10  61  34  48   9  17   0 0.00    M    0 19.1 33 280   M    M   0 8      47 280
11  59  35  47   7  18   0 0.00    M    0 22.4 36 260   M    M   4        46 260
12  36  14  25 -15  40   0    T    M    T 15.8 28  20   M    M   9 1      34  10
13  44  11  28 -12  37   0 0.00    M    0 10.0 25 350   M    M   0        31 330
14  60  15  38  -2  27   0 0.00    M    0 10.0 29 250   M    M   1        34 250
15  52  33  43   2  22   0 0.12    M    0 16.9 31 250   M    M   6 1      39 280
16  36  29  33  -8  32   0 0.34    M    5  5.6 18  20   M    M   9 12     20  20
17  54  20  37  -4  28   0 0.00    M    2  6.8 20 240   M    M   6 12     22 240
18  50  36  43   1  22   0 0.00    M    0 25.8 47 250   M    M   2        58 250
19  60  31  46   4  19   0 0.00    M    0 16.1 36 260   M    M   0        46 260
20  57  35  46   4  19   0 0.00    M    0 23.2 40 250   M    M   0        49 250
21  67  32  50   8  15   0 0.00    M    0  9.5 21 160   M    M   0        26 160
22  69  32  51   8  14   0 0.21    M    0 10.3 32 260   M    M   5 1      37 260
23  52  35  44   1  21   0 0.00    M    0 26.6 43 250   M    M   3        51 250
================================================================================
SM 1227  671       539   0  0.71    M    348.0          M       76
================================================================================
AV 53.3 29.2                              15.1 FASTST   M    M   3    MAX(MPH)
                                 MISC ---->  # 49 260               # 62  260
================================================================================
NOTES:
# LAST OF SEVERAL OCCURRENCES

COLUMN 17 PEAK WIND IN M.P.H.

PRELIMINARY LOCAL CLIMATOLOGICAL DATA (WS FORM: F-6) , PAGE 2

                                          STATION:  CUT BANK MT
                                          MONTH:    APRIL
                                          YEAR:     2014
                                          LATITUDE:   48 37 N
                                          LONGITUDE: 112 23 W

[TEMPERATURE DATA]      [PRECIPITATION DATA]       SYMBOLS USED IN COLUMN 16

AVERAGE MONTHLY: 41.3   TOTAL FOR MONTH:   0.71    1 = FOG OR MIST
DPTR FM NORMAL:   1.4   DPTR FM NORMAL:    0.17    2 = FOG REDUCING VISIBILITY
HIGHEST:    69 ON 22    GRTST 24HR  0.46 ON 15-16      TO 1/4 MILE OR LESS
LOWEST:     11 ON 13                               3 = THUNDER
                        SNOW, ICE PELLETS, HAIL    4 = ICE PELLETS
                        TOTAL MONTH:    M          5 = HAIL
                        GRTST 24HR    M  ON   M    6 = FREEZING RAIN OR DRIZZLE
                        GRTST DEPTH:   5 ON 16     7 = DUSTSTORM OR SANDSTORM:
                                                       VSBY 1/2 MILE OR LESS
                                                   8 = SMOKE OR HAZE
[NO. OF DAYS WITH]      [WEATHER - DAYS WITH]      9 = BLOWING SNOW
                                                   X = TORNADO
MAX 32 OR BELOW:   0    0.01 INCH OR MORE:   5
MAX 90 OR ABOVE:   0    0.10 INCH OR MORE:   3
MIN 32 OR BELOW:  15    0.50 INCH OR MORE:   0
MIN  0 OR BELOW:   0    1.00 INCH OR MORE:   0

[HDD (BASE 65) ]
TOTAL THIS MO.   539    CLEAR  (SCALE 0-3)  12
DPTR FM NORMAL   -36    PTCLDY (SCALE 4-7)   8
TOTAL FM JUL 1  7967    CLOUDY (SCALE 8-10)  3
DPTR FM NORMAL   294

[CDD (BASE 65) ]
TOTAL THIS MO.     0
DPTR FM NORMAL     0    [PRESSURE DATA]
TOTAL FM JAN 1     0    HIGHEST SLP M ON M
DPTR FM NORMAL     0    LOWEST  SLP 29.37 ON 22

[REMARKS]




U.S. Dept. of Commerce
NOAA National Weather Service
1325 East West Highway
Silver Spring, MD 20910
E-mail: w-nws.webmaster@noaa.gov
Page last modified: May 16, 2007
NATIONAL WEATHER SERVICE: for Safety, for Work, for Fun - FOR LIFE