091
CXUS56 KTFX 311205
CF6CTB
PRELIMINARY LOCAL CLIMATOLOGICAL DATA (WS FORM: F-6)

                                          STATION:   CUT BANK MT
                                          MONTH:     JULY
                                          YEAR:      2014
                                          LATITUDE:   48 37 N
                                          LONGITUDE: 112 23 W

  TEMPERATURE IN F:       :PCPN:    SNOW:  WIND      :SUNSHINE: SKY     :PK WND
================================================================================
1   2   3   4   5  6A  6B    7    8   9   10  11  12  13   14  15   16   17  18
                                     12Z  AVG MX 2MIN
DY MAX MIN AVG DEP HDD CDD  WTR  SNW DPTH SPD SPD DIR MIN PSBL S-S WX    SPD DR
================================================================================

 1  75  49  62   1   3   0 0.00    M    0  7.4 14 330   M    M   4        16 320
 2  83  49  66   4   0   1 0.00    M    0  7.7 20 130   M    M   0 8      25 150
 3  87  52  70   8   0   5 0.00    M    0  6.9 17 270   M    M   0        25 290
 4  84  61  73  11   0   8 0.00    M    0 12.5 23 270   M    M   0        29 270
 5  82  59  71   9   0   6 0.00    M    0 14.0 25 260   M    M   0        34 250
 6  83  58  71   8   0   6 0.00    M    0 13.3 24 320   M    M   1        30 320
 7  75  53  64   1   1   0 0.04    M    0  9.3 30 360   M    M   3 1      37 330
 8  83  48  66   3   0   1 0.00    M    0  7.3 16 160   M    M   0        24 170
 9  87  53  70   7   0   5 0.00    M    0  9.8 20 280   M    M   0        25 270
10  86  54  70   6   0   5 0.00    M    0  9.7 28  10   M    M   0        34  10
11  76  54  65   1   0   0    T    M    0  6.9 22 360   M    M   3 8      26 360
12  87  47  67   3   0   2 0.00    M    0  4.4 14  50   M    M   0        19  50
13  87  50  69   5   0   4 0.00    M    0  6.5 17  50   M    M   0        21  50
14  82  54  68   4   0   3 0.00    M    0  7.9 20  90   M    M   1        26  80
15  77  57  67   2   0   2 0.07    M    0  5.2 12 170   M    M   3 1      16 180
16  89  49  69   4   0   4 0.00    M    0  3.2  9  40   M    M   0        12  20
17  92  53  73   8   0   8 0.00    M    0 12.7 35 360   M    M   0        41 350
18  83  49  66   1   0   1 0.00    M    0  8.1 23 250   M    M   2 18     27 250
19  81  60  71   6   0   6 0.00    M    0 19.3 36 260   M    M   4 8      43 260
20  79  60  70   4   0   5 0.00    M    0 17.0 35 240   M    M   4        39 240
21  80  54  67   1   0   2 0.11    M    0  9.6 24 250   M    M   3 1      32 250
22  81  45  63  -3   2   0 0.19    M    0  4.8 22 200   M    M   2 3      28 180
23  87  52  70   4   0   5 0.01    M    0  7.2 16 330   M    M   1 3      22 160
24  68  53  61  -5   4   0 0.00    M    0 25.1 48 250   M    M   2        59 260
25  76  50  63  -3   2   0 0.00    M    0 20.4 39 260   M    M   0        49 260
26  78  41  60  -6   5   0 0.00    M    0  5.0 16  40   M    M   1        20  30
27  86  43  65  -1   0   0 0.00    M    0  5.3 15 190   M    M   0        20 120
28  91  49  70   4   0   5 0.00    M    0  6.3 16 120   M    M   0        22 120
29  91  49  70   4   0   5 0.00    M    0  4.5 15 130   M    M   1        19 130
30  93  50  72   6   0   7 0.00    M    0  7.1 20 310   M    M   0 3      26 310
================================================================================
SM 2489 1555        17  96  0.42    M    284.4          M       35
================================================================================
AV 83.0 51.8                               9.5 FASTST   M    M   1    MAX(MPH)
                                 MISC ---->  # 48 250               # 59  260
================================================================================
NOTES:
# LAST OF SEVERAL OCCURRENCES

COLUMN 17 PEAK WIND IN M.P.H.

PRELIMINARY LOCAL CLIMATOLOGICAL DATA (WS FORM: F-6) , PAGE 2

                                          STATION:  CUT BANK MT
                                          MONTH:    JULY
                                          YEAR:     2014
                                          LATITUDE:   48 37 N
                                          LONGITUDE: 112 23 W

[TEMPERATURE DATA]      [PRECIPITATION DATA]       SYMBOLS USED IN COLUMN 16

AVERAGE MONTHLY: 67.4   TOTAL FOR MONTH:   0.42    1 = FOG OR MIST
DPTR FM NORMAL:   3.0   DPTR FM NORMAL:   -0.82    2 = FOG REDUCING VISIBILITY
HIGHEST:    93 ON 30    GRTST 24HR  0.20 ON 22-23      TO 1/4 MILE OR LESS
LOWEST:     41 ON 26                               3 = THUNDER
                        SNOW, ICE PELLETS, HAIL    4 = ICE PELLETS
                        TOTAL MONTH:    M          5 = HAIL
                        GRTST 24HR    M  ON   M    6 = FREEZING RAIN OR DRIZZLE
                        GRTST DEPTH:   0           7 = DUSTSTORM OR SANDSTORM:
                                                       VSBY 1/2 MILE OR LESS
                                                   8 = SMOKE OR HAZE
[NO. OF DAYS WITH]      [WEATHER - DAYS WITH]      9 = BLOWING SNOW
                                                   X = TORNADO
MAX 32 OR BELOW:   0    0.01 INCH OR MORE:   5
MAX 90 OR ABOVE:   4    0.10 INCH OR MORE:   2
MIN 32 OR BELOW:   0    0.50 INCH OR MORE:   0
MIN  0 OR BELOW:   0    1.00 INCH OR MORE:   0

[HDD (BASE 65) ]
TOTAL THIS MO.    17    CLEAR  (SCALE 0-3)  25
DPTR FM NORMAL   -69    PTCLDY (SCALE 4-7)   5
TOTAL FM JUL 1    17    CLOUDY (SCALE 8-10)  0
DPTR FM NORMAL   -69

[CDD (BASE 65) ]
TOTAL THIS MO.    96
DPTR FM NORMAL    27    [PRESSURE DATA]
TOTAL FM JAN 1    97    HIGHEST SLP M ON M
DPTR FM NORMAL    11    LOWEST  SLP 29.66 ON 20

[REMARKS]




U.S. Dept. of Commerce
NOAA National Weather Service
1325 East West Highway
Silver Spring, MD 20910
E-mail: w-nws.webmaster@noaa.gov
Page last modified: May 16, 2007
NATIONAL WEATHER SERVICE: for Safety, for Work, for Fun - FOR LIFE