933
CXUS56 KTFX 221205
CF6CTB
PRELIMINARY LOCAL CLIMATOLOGICAL DATA (WS FORM: F-6)

                                          STATION:   CUT BANK MT
                                          MONTH:     NOVEMBER
                                          YEAR:      2014
                                          LATITUDE:   48 37 N
                                          LONGITUDE: 112 23 W

  TEMPERATURE IN F:       :PCPN:    SNOW:  WIND      :SUNSHINE: SKY     :PK WND
================================================================================
1   2   3   4   5  6A  6B    7    8   9   10  11  12  13   14  15   16   17  18
                                     12Z  AVG MX 2MIN
DY MAX MIN AVG DEP HDD CDD  WTR  SNW DPTH SPD SPD DIR MIN PSBL S-S WX    SPD DR
================================================================================

 1  44  32  38   2  27   0 0.24    M    0 15.7 26 360   M    M   6 128    32 350
 2  36  29  33  -3  32   0    T    M    4 18.7 28 260   M    M   8 1      34 260
 3  49  34  42   6  23   0 0.00    M    2 18.8 31 260   M    M   1        36 260
 4  51  35  43   8  22   0 0.04    M    0 24.8 40 250   M    M   2 1      48 250
 5  54  31  43   8  22   0 0.00    M    0  8.7 21 240   M    M   1 1      24 260
 6  67  47  57  23   8   0 0.01    M    0 18.6 44 260   M    M   1        57 260
 7  50  32  41   7  24   0 0.00    M    0 10.4 24 260   M    M   3 18     28 260
 8  58  31  45  12  20   0 0.00    M    0 21.6 38 250   M    M   1 1      45 250
 9  46  10  28  -5  37   0 0.02    M    0 14.8 33 350   M    M   9 1      39 340
10  19  -1   9 -23  56   0    T    M    2 12.9 30 350   M    M   9 18     35 360
11   6  -1   3 -29  62   0    T    M    2 12.8 22 350   M    M  10 18     25 350
12   8  -8   0 -32  65   0 0.00    M    2  6.3  9 150   M    M   4 1      11 160
13   5 -17  -6 -37  71   0 0.00    M    2  2.3  9 150   M    M   1 128    11 150
14  13 -14   0 -31  65   0    T    M    2 11.3 22 340   M    M   1 18     26 350
15  24  -6   9 -21  56   0 0.00    M    2 11.5 24 270   M    M   3 18     29 270
16  31  10  21  -9  44   0 0.00    M    2 15.9 31 340   M    M   4        39 340
17  37   6  22  -8  43   0 0.00    M    1 10.0 23 270   M    M   0        29 250
18  40  16  28  -1  37   0 0.00    M    1 12.7 29 260   M    M   1        36 260
19  22   6  14 -15  51   0 0.00    M    1  5.3  9 160   M    M   6 12     11 150
20  47  12  30   2  35   0 0.00    M    1 15.8 37 260   M    M   4 128    45 260
21   M   M   M   M   M   M    M    M    M   M   M   M   M    M   M 128     M  M
================================================================================
SM  707  284       800   0  0.31    M    268.9          M       75
================================================================================
AV 35.3 14.2                              13.4 FASTST   M    M   4    MAX(MPH)
                                 MISC ---->  # 44 260               # 57  260
================================================================================
NOTES:
# LAST OF SEVERAL OCCURRENCES

COLUMN 17 PEAK WIND IN M.P.H.

PRELIMINARY LOCAL CLIMATOLOGICAL DATA (WS FORM: F-6) , PAGE 2

                                          STATION:  CUT BANK MT
                                          MONTH:    NOVEMBER
                                          YEAR:     2014
                                          LATITUDE:   48 37 N
                                          LONGITUDE: 112 23 W

[TEMPERATURE DATA]      [PRECIPITATION DATA]       SYMBOLS USED IN COLUMN 16

AVERAGE MONTHLY: 24.8   TOTAL FOR MONTH:   0.31    1 = FOG OR MIST
DPTR FM NORMAL:  -7.3   DPTR FM NORMAL:    0.04    2 = FOG REDUCING VISIBILITY
HIGHEST:    67 ON  6    GRTST 24HR  0.24 ON  1- 1      TO 1/4 MILE OR LESS
LOWEST:    -17 ON 13                               3 = THUNDER
                        SNOW, ICE PELLETS, HAIL    4 = ICE PELLETS
                        TOTAL MONTH:    M          5 = HAIL
                        GRTST 24HR    M  ON   M    6 = FREEZING RAIN OR DRIZZLE
                        GRTST DEPTH:   4 ON  2     7 = DUSTSTORM OR SANDSTORM:
                                                       VSBY 1/2 MILE OR LESS
                                                   8 = SMOKE OR HAZE
[NO. OF DAYS WITH]      [WEATHER - DAYS WITH]      9 = BLOWING SNOW
                                                   X = TORNADO
MAX 32 OR BELOW:   8    0.01 INCH OR MORE:   4
MAX 90 OR ABOVE:   0    0.10 INCH OR MORE:   1
MIN 32 OR BELOW:  17    0.50 INCH OR MORE:   0
MIN  0 OR BELOW:   6    1.00 INCH OR MORE:   0

[HDD (BASE 65) ]
TOTAL THIS MO.   800    CLEAR  (SCALE 0-3)  10
DPTR FM NORMAL   109    PTCLDY (SCALE 4-7)   7
TOTAL FM JUL 1  1683    CLOUDY (SCALE 8-10)  3
DPTR FM NORMAL  -232

[CDD (BASE 65) ]
TOTAL THIS MO.     0
DPTR FM NORMAL     0    [PRESSURE DATA]
TOTAL FM JAN 1   208    HIGHEST SLP M ON M
DPTR FM NORMAL    46    LOWEST  SLP 29.37 ON  9

[REMARKS]




U.S. Dept. of Commerce
NOAA National Weather Service
1325 East West Highway
Silver Spring, MD 20910
E-mail: w-nws.webmaster@noaa.gov
Page last modified: May 16, 2007
NATIONAL WEATHER SERVICE: for Safety, for Work, for Fun - FOR LIFE